{"id":878,"date":"2018-08-02T11:16:32","date_gmt":"2018-08-02T17:16:32","guid":{"rendered":"http:\/\/www.deportes.oaxaca.gob.mx\/?page_id=878"},"modified":"2018-08-02T11:16:32","modified_gmt":"2018-08-02T17:16:32","slug":"jefe-del-departamento-de-recursos-materiales-y-servicios-generales","status":"publish","type":"page","link":"https:\/\/www.oaxaca.gob.mx\/cecude\/direccion-general\/jefe-de-la-unidad-administrativa\/jefe-del-departamento-de-recursos-materiales-y-servicios-generales\/","title":{"rendered":"Departamento de Recursos Materiales y Servicios Generales"},"content":{"rendered":"<p>\t\t\t\t<strong>Objetivo general:<\/strong><\/p>\n<p>Desarrollar\u00a0 los procedimientos y sistemas que permitan optimizar los recursos materiales y servicios generales con los que cuenta la Comisi\u00f3n para la operaci\u00f3n y funcionamiento de las Unidades y Departamentos que la integran.<\/p>\n<p><strong>Funciones espec\u00edficas:<\/strong><\/p>\n<ul class=\"table-ul\" style=\"font-family: 'Open Sans', sans-serif;font-size: 18px\">\n<li>Difundir la normatividad que en materia de recursos materiales emitan las instancias correspondientes;<\/li>\n<li>Proponer los m\u00e9todos para el suministro de bienes a las diferentes \u00e1reas de la Comisi\u00f3n;<\/li>\n<li>Elaborar la presentaci\u00f3n de propuestas de adquisiciones y licitaciones para la compra de insumos controlados, reglamentados y normados por las instituciones y dependencias de la administraci\u00f3n p\u00fablica federal y estatal;<\/li>\n<li>Vigilar el debido mantenimiento de la plantilla vehicular\u00a0 asignada a la Comisi\u00f3n;<\/li>\n<li>Conservar la documentaci\u00f3n relacionada con las adquisiciones efectuadas e integrar debidamente los expedientes relacionados con licitaciones realizadas;<\/li>\n<li>Actualizar el SICIPO;<\/li>\n<li>Desarrollar planes de trabajo y programas que garanticen la debida atenci\u00f3n de los requerimientos que le formulen las diversas \u00e1reas de la Comisi\u00f3n en el rubro de servicios generales, y<\/li>\n<li>Las dem\u00e1s que le se\u00f1alen las disposiciones normativas aplicables y le confiera el superior jer\u00e1rquico inmediato, en el \u00e1mbito de su competencia.<\/li>\n<\/ul>\n","protected":false},"excerpt":{"rendered":"<p>Objetivo general: Desarrollar\u00a0 los procedimientos y sistemas que permitan optimizar los recursos materiales y servicios generales con los que cuenta la Comisi\u00f3n para la operaci\u00f3n y funcionamiento de las Unidades y Departamentos que la integran. Funciones espec\u00edficas: Difundir la normatividad que en materia de recursos materiales emitan las instancias correspondientes; Proponer los m\u00e9todos para el [&hellip;]<\/p>\n","protected":false},"author":1,"featured_media":0,"parent":872,"menu_order":0,"comment_status":"closed","ping_status":"closed","template":"","meta":{"episode_type":"","audio_file":"","podmotor_file_id":"","podmotor_episode_id":"","cover_image":"","cover_image_id":"","duration":"","filesize":"","filesize_raw":"","date_recorded":"","explicit":"","block":"","itunes_episode_number":"","itunes_title":"","itunes_season_number":"","itunes_episode_type":"","footnotes":""},"categories":[],"tags":[],"class_list":["post-878","page","type-page","status-publish","hentry"],"acf":[],"publishpress_future_action":{"enabled":false,"date":"2026-05-11 15:50:34","action":"change-status","newStatus":"draft","terms":[],"taxonomy":"category","extraData":[]},"publishpress_future_workflow_manual_trigger":{"enabledWorkflows":[]},"_links":{"self":[{"href":"https:\/\/www.oaxaca.gob.mx\/cecude\/wp-json\/wp\/v2\/pages\/878","targetHints":{"allow":["GET"]}}],"collection":[{"href":"https:\/\/www.oaxaca.gob.mx\/cecude\/wp-json\/wp\/v2\/pages"}],"about":[{"href":"https:\/\/www.oaxaca.gob.mx\/cecude\/wp-json\/wp\/v2\/types\/page"}],"author":[{"embeddable":true,"href":"https:\/\/www.oaxaca.gob.mx\/cecude\/wp-json\/wp\/v2\/users\/1"}],"replies":[{"embeddable":true,"href":"https:\/\/www.oaxaca.gob.mx\/cecude\/wp-json\/wp\/v2\/comments?post=878"}],"version-history":[{"count":0,"href":"https:\/\/www.oaxaca.gob.mx\/cecude\/wp-json\/wp\/v2\/pages\/878\/revisions"}],"up":[{"embeddable":true,"href":"https:\/\/www.oaxaca.gob.mx\/cecude\/wp-json\/wp\/v2\/pages\/872"}],"wp:attachment":[{"href":"https:\/\/www.oaxaca.gob.mx\/cecude\/wp-json\/wp\/v2\/media?parent=878"}],"wp:term":[{"taxonomy":"category","embeddable":true,"href":"https:\/\/www.oaxaca.gob.mx\/cecude\/wp-json\/wp\/v2\/categories?post=878"},{"taxonomy":"post_tag","embeddable":true,"href":"https:\/\/www.oaxaca.gob.mx\/cecude\/wp-json\/wp\/v2\/tags?post=878"}],"curies":[{"name":"wp","href":"https:\/\/api.w.org\/{rel}","templated":true}]}}