{"id":867,"date":"2018-08-02T11:08:20","date_gmt":"2018-08-02T17:08:20","guid":{"rendered":"http:\/\/www.deportes.oaxaca.gob.mx\/?page_id=867"},"modified":"2018-08-02T11:08:20","modified_gmt":"2018-08-02T17:08:20","slug":"jefe-del-departamento-de-eventos-deportivos-y-capacitacion","status":"publish","type":"page","link":"https:\/\/www.oaxaca.gob.mx\/cecude\/direccion-general\/jefe-de-la-unidad-de-desarrollo-del-deporte\/jefe-del-departamento-de-eventos-deportivos-y-capacitacion\/","title":{"rendered":"Departamento de Eventos Deportivos y Capacitaci\u00f3n"},"content":{"rendered":"<p>\t\t\t\t<strong>Objetivo general:<\/strong><\/p>\n<p>Proponer los planes, estrategias y programas para el desarrollo estrat\u00e9gico del deporte impulsando\u00a0 la realizaci\u00f3n de eventos deportivos estatales y nacionales.<\/p>\n<p><strong>Funciones espec\u00edficas:<\/strong><\/p>\n<ul class=\"table-ul\" style=\"font-family: 'Open Sans', sans-serif;font-size: 18px\">\n<li>Conservar la documentaci\u00f3n relacionada con los eventos deportivos estatales y nacionales;<\/li>\n<li>Difundir las convocatorias y reglamentos para la realizaci\u00f3n de eventos deportivos que convoque la Comisi\u00f3n en coordinaci\u00f3n con las Asociaciones Deportivas Estatales correspondientes;<\/li>\n<li>Integrar la memoria t\u00e9cnica y estad\u00edstica de los eventos deportivos estatales y nacionales para la elaboraci\u00f3n de los informes correspondientes;<\/li>\n<li>Atender los requerimientos que en materia de capacitaci\u00f3n se formulen a la Comisi\u00f3n;<\/li>\n<li>Difundir los avances que en materia deportiva se emitan por las instancias correspondientes, y<\/li>\n<li>Las dem\u00e1s que le se\u00f1alen las disposiciones normativas aplicables y le confiera el superior jer\u00e1rquico inmediato, en el \u00e1mbito de su competencia.<\/li>\n<\/ul>\n","protected":false},"excerpt":{"rendered":"<p>Objetivo general: Proponer los planes, estrategias y programas para el desarrollo estrat\u00e9gico del deporte impulsando\u00a0 la realizaci\u00f3n de eventos deportivos estatales y nacionales. Funciones espec\u00edficas: Conservar la documentaci\u00f3n relacionada con los eventos deportivos estatales y nacionales; Difundir las convocatorias y reglamentos para la realizaci\u00f3n de eventos deportivos que convoque la Comisi\u00f3n en coordinaci\u00f3n con las [&hellip;]<\/p>\n","protected":false},"author":1,"featured_media":0,"parent":860,"menu_order":0,"comment_status":"closed","ping_status":"closed","template":"","meta":{"episode_type":"","audio_file":"","podmotor_file_id":"","podmotor_episode_id":"","cover_image":"","cover_image_id":"","duration":"","filesize":"","filesize_raw":"","date_recorded":"","explicit":"","block":"","itunes_episode_number":"","itunes_title":"","itunes_season_number":"","itunes_episode_type":"","footnotes":""},"categories":[],"tags":[],"class_list":["post-867","page","type-page","status-publish","hentry"],"acf":[],"publishpress_future_action":{"enabled":false,"date":"2026-05-07 19:38:04","action":"change-status","newStatus":"draft","terms":[],"taxonomy":"category","extraData":[]},"publishpress_future_workflow_manual_trigger":{"enabledWorkflows":[]},"_links":{"self":[{"href":"https:\/\/www.oaxaca.gob.mx\/cecude\/wp-json\/wp\/v2\/pages\/867","targetHints":{"allow":["GET"]}}],"collection":[{"href":"https:\/\/www.oaxaca.gob.mx\/cecude\/wp-json\/wp\/v2\/pages"}],"about":[{"href":"https:\/\/www.oaxaca.gob.mx\/cecude\/wp-json\/wp\/v2\/types\/page"}],"author":[{"embeddable":true,"href":"https:\/\/www.oaxaca.gob.mx\/cecude\/wp-json\/wp\/v2\/users\/1"}],"replies":[{"embeddable":true,"href":"https:\/\/www.oaxaca.gob.mx\/cecude\/wp-json\/wp\/v2\/comments?post=867"}],"version-history":[{"count":0,"href":"https:\/\/www.oaxaca.gob.mx\/cecude\/wp-json\/wp\/v2\/pages\/867\/revisions"}],"up":[{"embeddable":true,"href":"https:\/\/www.oaxaca.gob.mx\/cecude\/wp-json\/wp\/v2\/pages\/860"}],"wp:attachment":[{"href":"https:\/\/www.oaxaca.gob.mx\/cecude\/wp-json\/wp\/v2\/media?parent=867"}],"wp:term":[{"taxonomy":"category","embeddable":true,"href":"https:\/\/www.oaxaca.gob.mx\/cecude\/wp-json\/wp\/v2\/categories?post=867"},{"taxonomy":"post_tag","embeddable":true,"href":"https:\/\/www.oaxaca.gob.mx\/cecude\/wp-json\/wp\/v2\/tags?post=867"}],"curies":[{"name":"wp","href":"https:\/\/api.w.org\/{rel}","templated":true}]}}