{"id":2532,"date":"2019-12-20T19:15:52","date_gmt":"2019-12-21T01:15:52","guid":{"rendered":"https:\/\/www.oaxaca.gob.mx\/cecude\/?page_id=2532"},"modified":"2019-12-23T21:18:38","modified_gmt":"2019-12-24T03:18:38","slug":"licitacion-publica","status":"publish","type":"page","link":"https:\/\/www.oaxaca.gob.mx\/cecude\/licitacion-publica\/","title":{"rendered":"Licitaci\u00f3n P\u00fablica"},"content":{"rendered":"<h3>Licitaci\u00f3n P\u00fablica No. CECUDE\/OBRA\/001\/2019<\/h3>\n<h3>ESTUDIO Y PROYECTO EJECUTIVO DE LA UNIDAD DEPORTIVA EL TEQUIO<\/h3>\n<h4><\/h4>\n<h4>Primera Convocatoria<\/h4>\n<ol>\n<li>\n<h4><a href=\"http:\/\/www.deportes.oaxaca.gob.mx\/docs\/licitaciones\/2019\/cecude20190012019\/bases_cecude_obra_001_2019.pdf\" target=\"_blank\" rel=\"noopener noreferrer\">Bases de la Licitaci\u00f3n P\u00fablica No. CECUDE\/OBRA\/001\/2019<\/a><\/h4>\n<\/li>\n<li>\n<h4><a href=\"http:\/\/www.deportes.oaxaca.gob.mx\/docs\/licitaciones\/2019\/cecude20190012019\/convocatoria_cecude_obra_001_2019.pdf\">Convocatoria de la Licitaci\u00f3n P\u00fablica No. CECUDE\/OBRA\/001\/2019<\/a><\/h4>\n<\/li>\n<\/ol>\n<h4><\/h4>\n<h4>Segunda Convocatoria<\/h4>\n<ol>\n<li>\n<h4><a href=\"http:\/\/www.deportes.oaxaca.gob.mx\/docs\/licitaciones\/2019\/cecude20190012019\/02_bases_cecude_obra_001_2019.pdf\" target=\"_blank\" rel=\"noopener noreferrer\">Bases de la Licitaci\u00f3n P\u00fablica No. CECUDE\/OBRA\/001\/2019<\/a><\/h4>\n<\/li>\n<li>\n<h4><a href=\"http:\/\/www.deportes.oaxaca.gob.mx\/docs\/licitaciones\/2019\/cecude20190012019\/02_convocatoria_cecude_obra_001_2019.pdf\">Convocatoria de la Licitaci\u00f3n P\u00fablica No. CECUDE\/OBRA\/001\/2019<\/a><\/h4>\n<\/li>\n<\/ol>\n","protected":false},"excerpt":{"rendered":"<p>Licitaci\u00f3n P\u00fablica No. CECUDE\/OBRA\/001\/2019 ESTUDIO Y PROYECTO EJECUTIVO DE LA UNIDAD DEPORTIVA EL TEQUIO Primera Convocatoria Bases de la Licitaci\u00f3n P\u00fablica No. CECUDE\/OBRA\/001\/2019 Convocatoria de la Licitaci\u00f3n P\u00fablica No. CECUDE\/OBRA\/001\/2019 Segunda Convocatoria Bases de la Licitaci\u00f3n P\u00fablica No. CECUDE\/OBRA\/001\/2019 Convocatoria de la Licitaci\u00f3n P\u00fablica No. CECUDE\/OBRA\/001\/2019<\/p>\n","protected":false},"author":45,"featured_media":0,"parent":0,"menu_order":0,"comment_status":"closed","ping_status":"closed","template":"","meta":{"episode_type":"","audio_file":"","podmotor_file_id":"","podmotor_episode_id":"","cover_image":"","cover_image_id":"","duration":"","filesize":"","filesize_raw":"","date_recorded":"","explicit":"","block":"","itunes_episode_number":"","itunes_title":"","itunes_season_number":"","itunes_episode_type":"","footnotes":""},"categories":[],"tags":[],"class_list":["post-2532","page","type-page","status-publish","hentry"],"acf":[],"publishpress_future_action":{"enabled":false,"date":"2026-05-14 10:30:37","action":"change-status","newStatus":"draft","terms":[],"taxonomy":"category","extraData":[]},"publishpress_future_workflow_manual_trigger":{"enabledWorkflows":[]},"_links":{"self":[{"href":"https:\/\/www.oaxaca.gob.mx\/cecude\/wp-json\/wp\/v2\/pages\/2532","targetHints":{"allow":["GET"]}}],"collection":[{"href":"https:\/\/www.oaxaca.gob.mx\/cecude\/wp-json\/wp\/v2\/pages"}],"about":[{"href":"https:\/\/www.oaxaca.gob.mx\/cecude\/wp-json\/wp\/v2\/types\/page"}],"author":[{"embeddable":true,"href":"https:\/\/www.oaxaca.gob.mx\/cecude\/wp-json\/wp\/v2\/users\/45"}],"replies":[{"embeddable":true,"href":"https:\/\/www.oaxaca.gob.mx\/cecude\/wp-json\/wp\/v2\/comments?post=2532"}],"version-history":[{"count":5,"href":"https:\/\/www.oaxaca.gob.mx\/cecude\/wp-json\/wp\/v2\/pages\/2532\/revisions"}],"predecessor-version":[{"id":2539,"href":"https:\/\/www.oaxaca.gob.mx\/cecude\/wp-json\/wp\/v2\/pages\/2532\/revisions\/2539"}],"wp:attachment":[{"href":"https:\/\/www.oaxaca.gob.mx\/cecude\/wp-json\/wp\/v2\/media?parent=2532"}],"wp:term":[{"taxonomy":"category","embeddable":true,"href":"https:\/\/www.oaxaca.gob.mx\/cecude\/wp-json\/wp\/v2\/categories?post=2532"},{"taxonomy":"post_tag","embeddable":true,"href":"https:\/\/www.oaxaca.gob.mx\/cecude\/wp-json\/wp\/v2\/tags?post=2532"}],"curies":[{"name":"wp","href":"https:\/\/api.w.org\/{rel}","templated":true}]}}