{"id":22,"date":"2022-01-26T22:09:01","date_gmt":"2022-01-26T22:09:01","guid":{"rendered":"https:\/\/q-www.oaxaca.gob.mx\/cecol\/?page_id=22"},"modified":"2022-01-26T22:09:01","modified_gmt":"2022-01-26T22:09:01","slug":"mision-vision-y-objetivos","status":"publish","type":"page","link":"https:\/\/www.oaxaca.gob.mx\/cecol\/mision-vision-y-objetivos\/","title":{"rendered":"Misi\u00f3n, Visi\u00f3n y Objetivos"},"content":{"rendered":"<p style=\"font-weight:bold\">MISI\u00d3N<\/p>\n<p>Lograr a trav\u00e9s de habilidades y herramientas conciliatorias, la soluci\u00f3n de conflictos laborales entre trabajadores y empleadores, en un ambiente adecuado y trato digno con apego a derecho, y bajo los principios de legalidad, imparcialidad, honradez y eficiencia.<\/p>\n<p style=\"font-weight:bold\">VISI\u00d3N<\/p>\n<p>Ser una instituci\u00f3n de calidad, en donde se propicia la soluci\u00f3n de conflictos mediante el di\u00e1logo y con ello solucionar de manera restaurativa y eficaz, las controversias laborales, a trav\u00e9s de una conciliaci\u00f3n f\u00e1cil y eficiente.<\/p>\n<p style=\"font-weight:bold\">OBJETIVOS<\/p>\n<p>Establecer mediante la conciliaci\u00f3n, las acciones para resolver con eficacia, rapidez e imparcialidad, los conflictos laborales que se susciten entre trabajadores y empleadores, con ello garantizar el equilibrio entre los factores de la producci\u00f3n y en las relaciones de trabajo, de conformidad con la Constituci\u00f3n Pol\u00edtica de los Estados Unidos Mexicanos, la Ley Federal del Trabajo, la Ley del Centro de Conciliaci\u00f3n y dem\u00e1s normatividad aplicable.<\/p>\n","protected":false},"excerpt":{"rendered":"<p>MISI\u00d3N Lograr a trav\u00e9s de habilidades y herramientas conciliatorias, la soluci\u00f3n de conflictos laborales entre trabajadores y empleadores, en un ambiente adecuado y trato digno con apego a derecho, y bajo los principios de legalidad, imparcialidad, honradez y eficiencia. VISI\u00d3N Ser una instituci\u00f3n de calidad, en donde se propicia la soluci\u00f3n de conflictos mediante el [&hellip;]<\/p>\n","protected":false},"author":1,"featured_media":0,"parent":0,"menu_order":0,"comment_status":"closed","ping_status":"closed","template":"","meta":{"episode_type":"","audio_file":"","podmotor_file_id":"","podmotor_episode_id":"","cover_image":"","cover_image_id":"","duration":"","filesize":"","filesize_raw":"","date_recorded":"","explicit":"","block":"","itunes_episode_number":"","itunes_title":"","itunes_season_number":"","itunes_episode_type":"","footnotes":""},"categories":[],"tags":[],"class_list":["post-22","page","type-page","status-publish","hentry"],"acf":[],"publishpress_future_action":{"enabled":false,"date":"2026-05-09 20:37:15","action":"change-status","newStatus":"draft","terms":[],"taxonomy":"category","extraData":[]},"publishpress_future_workflow_manual_trigger":{"enabledWorkflows":[]},"_links":{"self":[{"href":"https:\/\/www.oaxaca.gob.mx\/cecol\/wp-json\/wp\/v2\/pages\/22","targetHints":{"allow":["GET"]}}],"collection":[{"href":"https:\/\/www.oaxaca.gob.mx\/cecol\/wp-json\/wp\/v2\/pages"}],"about":[{"href":"https:\/\/www.oaxaca.gob.mx\/cecol\/wp-json\/wp\/v2\/types\/page"}],"author":[{"embeddable":true,"href":"https:\/\/www.oaxaca.gob.mx\/cecol\/wp-json\/wp\/v2\/users\/1"}],"replies":[{"embeddable":true,"href":"https:\/\/www.oaxaca.gob.mx\/cecol\/wp-json\/wp\/v2\/comments?post=22"}],"version-history":[{"count":0,"href":"https:\/\/www.oaxaca.gob.mx\/cecol\/wp-json\/wp\/v2\/pages\/22\/revisions"}],"wp:attachment":[{"href":"https:\/\/www.oaxaca.gob.mx\/cecol\/wp-json\/wp\/v2\/media?parent=22"}],"wp:term":[{"taxonomy":"category","embeddable":true,"href":"https:\/\/www.oaxaca.gob.mx\/cecol\/wp-json\/wp\/v2\/categories?post=22"},{"taxonomy":"post_tag","embeddable":true,"href":"https:\/\/www.oaxaca.gob.mx\/cecol\/wp-json\/wp\/v2\/tags?post=22"}],"curies":[{"name":"wp","href":"https:\/\/api.w.org\/{rel}","templated":true}]}}