{"id":602,"date":"2018-02-06T14:02:37","date_gmt":"2018-02-06T20:02:37","guid":{"rendered":"http:\/\/www.cea.oaxaca.gob.mx\/?page_id=602"},"modified":"2025-06-16T14:11:05","modified_gmt":"2025-06-16T20:11:05","slug":"mision-y-vision","status":"publish","type":"page","link":"https:\/\/www.oaxaca.gob.mx\/cea\/quienes-somos\/mision-y-vision\/","title":{"rendered":"Misi\u00f3n, Visi\u00f3n y Objetivos"},"content":{"rendered":"<h4>Misi\u00f3n<\/h4>\n<p>Somos un Organismo P\u00fablico Descentralizado de la Administraci\u00f3n P\u00fablica Paraestatal, encargada de planear, coordinar y ejecutar la construcci\u00f3n, ampliaci\u00f3n, equipamiento, rehabilitaci\u00f3n, mantenimiento, administraci\u00f3n y operaci\u00f3n de la infraestructura hidr\u00e1ulica y sanitaria, especialmente la necesaria para alcanzar la cobertura total en servicios de agua potable, alcantarillado, tratamiento y disposici\u00f3n de las aguas residuales.<\/p>\n<p>&nbsp;<\/p>\n<h4>Visi\u00f3n<\/h4>\n<p>Ser reconocido como un organismo que garantiza el derecho que cada ciudadano oaxaque\u00f1o tiene de disponer de agua suficiente, saludable, aceptable, f\u00edsicamente accesible y asequible para su uso personal y dom\u00e9stico; comprometido con la protecci\u00f3n, mejoramiento, conservaci\u00f3n y restauraci\u00f3n de ecosistemas vinculados con el agua y servicios ambientales, a trav\u00e9s del correcto funcionamiento de los sistemas de alcantarillado.<\/p>\n<h4>Objetivo General<\/h4>\n<p>Atender las diversas necesidades de la poblaci\u00f3n del Estado de Oaxaca en los rubros de Agua Potable, Alcantarillado y Saneamiento e implementar las acciones y medidas respectivas para la debida atenci\u00f3n de los servicios p\u00fablicos en las referidas materias.<\/p>\n","protected":false},"excerpt":{"rendered":"<p>Misi\u00f3n Somos un Organismo P\u00fablico Descentralizado de la Administraci\u00f3n P\u00fablica Paraestatal, encargada de planear, coordinar y ejecutar la construcci\u00f3n, ampliaci\u00f3n, equipamiento, rehabilitaci\u00f3n, mantenimiento, administraci\u00f3n y operaci\u00f3n de la infraestructura hidr\u00e1ulica y sanitaria, especialmente la necesaria para alcanzar la cobertura total en servicios de agua potable, alcantarillado, tratamiento y disposici\u00f3n de las aguas residuales. &nbsp; Visi\u00f3n [&hellip;]<\/p>\n","protected":false},"author":1,"featured_media":0,"parent":597,"menu_order":0,"comment_status":"closed","ping_status":"closed","template":"","meta":{"episode_type":"","audio_file":"","podmotor_file_id":"","podmotor_episode_id":"","cover_image":"","cover_image_id":"","duration":"","filesize":"","filesize_raw":"","date_recorded":"","explicit":"","block":"","itunes_episode_number":"","itunes_title":"","itunes_season_number":"","itunes_episode_type":"","footnotes":""},"categories":[],"tags":[],"class_list":["post-602","page","type-page","status-publish","hentry"],"acf":[],"publishpress_future_action":{"enabled":false,"date":"2026-05-07 15:02:46","action":"change-status","newStatus":"draft","terms":[],"taxonomy":"category","extraData":[]},"publishpress_future_workflow_manual_trigger":{"enabledWorkflows":[]},"_links":{"self":[{"href":"https:\/\/www.oaxaca.gob.mx\/cea\/wp-json\/wp\/v2\/pages\/602","targetHints":{"allow":["GET"]}}],"collection":[{"href":"https:\/\/www.oaxaca.gob.mx\/cea\/wp-json\/wp\/v2\/pages"}],"about":[{"href":"https:\/\/www.oaxaca.gob.mx\/cea\/wp-json\/wp\/v2\/types\/page"}],"author":[{"embeddable":true,"href":"https:\/\/www.oaxaca.gob.mx\/cea\/wp-json\/wp\/v2\/users\/1"}],"replies":[{"embeddable":true,"href":"https:\/\/www.oaxaca.gob.mx\/cea\/wp-json\/wp\/v2\/comments?post=602"}],"version-history":[{"count":2,"href":"https:\/\/www.oaxaca.gob.mx\/cea\/wp-json\/wp\/v2\/pages\/602\/revisions"}],"predecessor-version":[{"id":4749,"href":"https:\/\/www.oaxaca.gob.mx\/cea\/wp-json\/wp\/v2\/pages\/602\/revisions\/4749"}],"up":[{"embeddable":true,"href":"https:\/\/www.oaxaca.gob.mx\/cea\/wp-json\/wp\/v2\/pages\/597"}],"wp:attachment":[{"href":"https:\/\/www.oaxaca.gob.mx\/cea\/wp-json\/wp\/v2\/media?parent=602"}],"wp:term":[{"taxonomy":"category","embeddable":true,"href":"https:\/\/www.oaxaca.gob.mx\/cea\/wp-json\/wp\/v2\/categories?post=602"},{"taxonomy":"post_tag","embeddable":true,"href":"https:\/\/www.oaxaca.gob.mx\/cea\/wp-json\/wp\/v2\/tags?post=602"}],"curies":[{"name":"wp","href":"https:\/\/api.w.org\/{rel}","templated":true}]}}