{"id":599,"date":"2018-02-06T13:53:27","date_gmt":"2018-02-06T19:53:27","guid":{"rendered":"http:\/\/www.cea.oaxaca.gob.mx\/?page_id=599"},"modified":"2023-11-11T19:39:28","modified_gmt":"2023-11-12T01:39:28","slug":"titular","status":"publish","type":"page","link":"https:\/\/www.oaxaca.gob.mx\/cea\/quienes-somos\/titular\/","title":{"rendered":"Titular de la Dependencia"},"content":{"rendered":"<div class=\"col-md-12 text-center\"><\/div>\n<h3 style=\"text-align: center\"><strong><img loading=\"lazy\" decoding=\"async\" class=\"alignnone size-full wp-image-4140\" src=\"https:\/\/www.oaxaca.gob.mx\/cea\/wp-content\/uploads\/sites\/42\/2023\/11\/IMG_8072-scaled.jpg\" alt=\"\" width=\"2560\" height=\"1007\" srcset=\"https:\/\/www.oaxaca.gob.mx\/cea\/wp-content\/uploads\/sites\/42\/2023\/11\/IMG_8072-scaled.jpg 2560w, https:\/\/www.oaxaca.gob.mx\/cea\/wp-content\/uploads\/sites\/42\/2023\/11\/IMG_8072-300x118.jpg 300w, https:\/\/www.oaxaca.gob.mx\/cea\/wp-content\/uploads\/sites\/42\/2023\/11\/IMG_8072-1024x403.jpg 1024w, https:\/\/www.oaxaca.gob.mx\/cea\/wp-content\/uploads\/sites\/42\/2023\/11\/IMG_8072-768x302.jpg 768w, https:\/\/www.oaxaca.gob.mx\/cea\/wp-content\/uploads\/sites\/42\/2023\/11\/IMG_8072-1536x604.jpg 1536w, https:\/\/www.oaxaca.gob.mx\/cea\/wp-content\/uploads\/sites\/42\/2023\/11\/IMG_8072-2048x806.jpg 2048w\" sizes=\"auto, (max-width: 2560px) 100vw, 2560px\" \/>L.A.E. Neftal\u00ed Amigdael L\u00f3pez Hern\u00e1ndez<\/strong><\/h3>\n<h4 style=\"text-align: center\">Director de la Comisi\u00f3n Estatal del Agua para el Bienestar.<\/h4>\n","protected":false},"excerpt":{"rendered":"<p>L.A.E. Neftal\u00ed Amigdael L\u00f3pez Hern\u00e1ndez Director de la Comisi\u00f3n Estatal del Agua para el Bienestar.<\/p>\n","protected":false},"author":1,"featured_media":0,"parent":597,"menu_order":0,"comment_status":"closed","ping_status":"closed","template":"","meta":{"episode_type":"","audio_file":"","podmotor_file_id":"","podmotor_episode_id":"","cover_image":"","cover_image_id":"","duration":"","filesize":"","filesize_raw":"","date_recorded":"","explicit":"","block":"","itunes_episode_number":"","itunes_title":"","itunes_season_number":"","itunes_episode_type":"","footnotes":""},"categories":[],"tags":[],"class_list":["post-599","page","type-page","status-publish","hentry"],"acf":[],"publishpress_future_action":{"enabled":false,"date":"2026-05-07 13:07:10","action":"change-status","newStatus":"draft","terms":[],"taxonomy":"category","extraData":[]},"publishpress_future_workflow_manual_trigger":{"enabledWorkflows":[]},"_links":{"self":[{"href":"https:\/\/www.oaxaca.gob.mx\/cea\/wp-json\/wp\/v2\/pages\/599","targetHints":{"allow":["GET"]}}],"collection":[{"href":"https:\/\/www.oaxaca.gob.mx\/cea\/wp-json\/wp\/v2\/pages"}],"about":[{"href":"https:\/\/www.oaxaca.gob.mx\/cea\/wp-json\/wp\/v2\/types\/page"}],"author":[{"embeddable":true,"href":"https:\/\/www.oaxaca.gob.mx\/cea\/wp-json\/wp\/v2\/users\/1"}],"replies":[{"embeddable":true,"href":"https:\/\/www.oaxaca.gob.mx\/cea\/wp-json\/wp\/v2\/comments?post=599"}],"version-history":[{"count":2,"href":"https:\/\/www.oaxaca.gob.mx\/cea\/wp-json\/wp\/v2\/pages\/599\/revisions"}],"predecessor-version":[{"id":4141,"href":"https:\/\/www.oaxaca.gob.mx\/cea\/wp-json\/wp\/v2\/pages\/599\/revisions\/4141"}],"up":[{"embeddable":true,"href":"https:\/\/www.oaxaca.gob.mx\/cea\/wp-json\/wp\/v2\/pages\/597"}],"wp:attachment":[{"href":"https:\/\/www.oaxaca.gob.mx\/cea\/wp-json\/wp\/v2\/media?parent=599"}],"wp:term":[{"taxonomy":"category","embeddable":true,"href":"https:\/\/www.oaxaca.gob.mx\/cea\/wp-json\/wp\/v2\/categories?post=599"},{"taxonomy":"post_tag","embeddable":true,"href":"https:\/\/www.oaxaca.gob.mx\/cea\/wp-json\/wp\/v2\/tags?post=599"}],"curies":[{"name":"wp","href":"https:\/\/api.w.org\/{rel}","templated":true}]}}

<div class="col-md-12 text-center"></div>
<h3 style="text-align: center"><strong><img loading="lazy" decoding="async" class="alignnone size-full wp-image-4140" src="https://www.oaxaca.gob.mx/cea/wp-content/uploads/sites/42/2023/11/IMG_8072-scaled.jpg" alt="" width="2560" height="1007" srcset="https://www.oaxaca.gob.mx/cea/wp-content/uploads/sites/42/2023/11/IMG_8072-scaled.jpg 2560w, https://www.oaxaca.gob.mx/cea/wp-content/uploads/sites/42/2023/11/IMG_8072-300x118.jpg 300w, https://www.oaxaca.gob.mx/cea/wp-content/uploads/sites/42/2023/11/IMG_8072-1024x403.jpg 1024w, https://www.oaxaca.gob.mx/cea/wp-content/uploads/sites/42/2023/11/IMG_8072-768x302.jpg 768w, https://www.oaxaca.gob.mx/cea/wp-content/uploads/sites/42/2023/11/IMG_8072-1536x604.jpg 1536w, https://www.oaxaca.gob.mx/cea/wp-content/uploads/sites/42/2023/11/IMG_8072-2048x806.jpg 2048w" sizes="auto, (max-width: 2560px) 100vw, 2560px" />L.A.E. Neftalí Amigdael López Hernández</strong></h3>
<h4 style="text-align: center">Director de la Comisión Estatal del Agua para el Bienestar.</h4>

<p>L.A.E. Neftalí Amigdael López Hernández Director de la Comisión Estatal del Agua para el Bienestar.</p>
