{"id":1610,"date":"2019-04-03T00:32:23","date_gmt":"2019-04-03T06:32:23","guid":{"rendered":"https:\/\/www.oaxaca.gob.mx\/cea\/?page_id=1610"},"modified":"2024-10-24T11:40:34","modified_gmt":"2024-10-24T17:40:34","slug":"funciones","status":"publish","type":"page","link":"https:\/\/www.oaxaca.gob.mx\/cea\/quienes-somos\/funciones\/","title":{"rendered":"Funciones"},"content":{"rendered":"<p>I.- Coordinar el \u00abSistema Estatal de Agua Potable y Alcantarillado\u00bb, as\u00ed como realizar una programaci\u00f3n y administraci\u00f3n integral del agua en el mismo.<\/p>\n<p>II.- Establecer las pol\u00edticas, estrategias, objetivos, programas y normas t\u00e9cnicas que conlleven al \u00f3ptimo aprovechamiento del recurso agua en el conjunto estatal y su justa distribuci\u00f3n y uso entre las diversas comunidades del Estado.<\/p>\n<p>III.- Coordinarse, en su caso, con las autoridades federales y municipales, a efecto de participar en la planeaci\u00f3n, programaci\u00f3n, dise\u00f1o o, construcci\u00f3n, control y evaluaci\u00f3n de obras, para crear los sistemas de abastecimiento de agua potable y desalojo y utilizaci\u00f3n de aguas residuales en las localidades de la entidad.<\/p>\n<p>IV.- Concursar cuando sea necesario y lo soliciten los Municipios del Estado en la prestaci\u00f3n de los servicios de agua potable y alcantarillado, de acuerdo con el mandato de la fracci\u00f3n III del Art\u00edculo 115 de la Constituci\u00f3n Pol\u00edtica de los Estados Unidos Mexicanos.<\/p>\n<p>V.- Vigilar que la prestaci\u00f3n y el funcionamiento de los servicios se realicen eficaz y adecuadamente.<\/p>\n","protected":false},"excerpt":{"rendered":"<p>I.- Coordinar el \u00abSistema Estatal de Agua Potable y Alcantarillado\u00bb, as\u00ed como realizar una programaci\u00f3n y administraci\u00f3n integral del agua en el mismo. II.- Establecer las pol\u00edticas, estrategias, objetivos, programas y normas t\u00e9cnicas que conlleven al \u00f3ptimo aprovechamiento del recurso agua en el conjunto estatal y su justa distribuci\u00f3n y uso entre las diversas comunidades [&hellip;]<\/p>\n","protected":false},"author":1,"featured_media":4503,"parent":597,"menu_order":0,"comment_status":"closed","ping_status":"closed","template":"","meta":{"episode_type":"","audio_file":"","podmotor_file_id":"","podmotor_episode_id":"","cover_image":"","cover_image_id":"","duration":"","filesize":"","filesize_raw":"","date_recorded":"","explicit":"","block":"","itunes_episode_number":"","itunes_title":"","itunes_season_number":"","itunes_episode_type":"","footnotes":""},"categories":[4],"tags":[],"class_list":["post-1610","page","type-page","status-publish","has-post-thumbnail","hentry","category-descripcion-sitio"],"acf":[],"publishpress_future_action":{"enabled":false,"date":"2026-04-23 23:22:12","action":"change-status","newStatus":"draft","terms":[],"taxonomy":"category","extraData":[]},"publishpress_future_workflow_manual_trigger":{"enabledWorkflows":[]},"_links":{"self":[{"href":"https:\/\/www.oaxaca.gob.mx\/cea\/wp-json\/wp\/v2\/pages\/1610","targetHints":{"allow":["GET"]}}],"collection":[{"href":"https:\/\/www.oaxaca.gob.mx\/cea\/wp-json\/wp\/v2\/pages"}],"about":[{"href":"https:\/\/www.oaxaca.gob.mx\/cea\/wp-json\/wp\/v2\/types\/page"}],"author":[{"embeddable":true,"href":"https:\/\/www.oaxaca.gob.mx\/cea\/wp-json\/wp\/v2\/users\/1"}],"replies":[{"embeddable":true,"href":"https:\/\/www.oaxaca.gob.mx\/cea\/wp-json\/wp\/v2\/comments?post=1610"}],"version-history":[{"count":2,"href":"https:\/\/www.oaxaca.gob.mx\/cea\/wp-json\/wp\/v2\/pages\/1610\/revisions"}],"predecessor-version":[{"id":4151,"href":"https:\/\/www.oaxaca.gob.mx\/cea\/wp-json\/wp\/v2\/pages\/1610\/revisions\/4151"}],"up":[{"embeddable":true,"href":"https:\/\/www.oaxaca.gob.mx\/cea\/wp-json\/wp\/v2\/pages\/597"}],"wp:featuredmedia":[{"embeddable":true,"href":"https:\/\/www.oaxaca.gob.mx\/cea\/wp-json\/wp\/v2\/media\/4503"}],"wp:attachment":[{"href":"https:\/\/www.oaxaca.gob.mx\/cea\/wp-json\/wp\/v2\/media?parent=1610"}],"wp:term":[{"taxonomy":"category","embeddable":true,"href":"https:\/\/www.oaxaca.gob.mx\/cea\/wp-json\/wp\/v2\/categories?post=1610"},{"taxonomy":"post_tag","embeddable":true,"href":"https:\/\/www.oaxaca.gob.mx\/cea\/wp-json\/wp\/v2\/tags?post=1610"}],"curies":[{"name":"wp","href":"https:\/\/api.w.org\/{rel}","templated":true}]}}