{"id":1083,"date":"2018-08-23T12:37:20","date_gmt":"2018-08-23T17:37:20","guid":{"rendered":"http:\/\/www.cea.oaxaca.gob.mx\/?page_id=1083"},"modified":"2020-12-21T13:34:17","modified_gmt":"2020-12-21T19:34:17","slug":"incorporacion-a-programas","status":"publish","type":"page","link":"https:\/\/www.oaxaca.gob.mx\/cea\/incorporacion-a-programas\/","title":{"rendered":"Incorporaci\u00f3n a Programas"},"content":{"rendered":"<h4>Solicitud de incorporaci\u00f3n a programas.<\/h4>\n<p>&nbsp;<br \/>\n<strong>DESCRIPCI\u00d3N DEL TR\u00c1MITE<\/strong><br \/>\nSer considerado en la programaci\u00f3n anual de acciones a realizar en el marco del Programa Agua Limpia.<\/p>\n<p><strong>TIPO DE USUARIO<\/strong><br \/>\nAyuntamientos\/Sistemas de agua potable.<\/p>\n<p><strong>REQUISITOS<\/strong><br \/>\nPresentar escrito libre con firma aut\u00f3grafa de integrante del Ayuntamiento.<br \/>\nEn l\u00ednea\/presencial.<\/p>\n<p><strong>TIEMPO DE RESPUESTA<\/strong><br \/>\n30 d\u00edas h\u00e1biles.<\/p>\n<p><strong>COSTO<\/strong><br \/>\nGratuito.<\/p>\n<p><strong>D\u00cdAS Y HORARIO DE ATENCI\u00d3N<\/strong><br \/>\nLunes a Viernes de 09:00 \u2013 17:00 Horas.<\/p>\n<p><strong>EN DONDE SE LLEVA A CABO EL TR\u00c1MITE<\/strong><br \/>\nPresencial: Departamento de Atenci\u00f3n Social y Programas Especiales, ubicada en \u201cCentro Administrativo del Poder Ejecutivo y Judicial General Porfirio D\u00edaz Soldado de la Patria\u201d Edificio \u201cC\u201d Jos\u00e9 L\u00f3pez Alav\u00e9s, segundo Nivel. Av. Gerardo Pandal Graff #1, Reyes Mantec\u00f3n. San Bartolo Coyotepec, Oaxaca. C.P. 71257.<br \/>\nEn L\u00ednea: Mediante el correo electr\u00f3nico en el que se adjunte la solicitud debidamente firmada y sellada a cualquiera de las direcciones siguientes: <b> ceadirgral@gmail.com  \u00f3 pablo.gutierrez@oaxaca.gob.mx <\/b><\/p>\n<p><strong>\u00c1REA DONDE SE PROPORCIONA EL TR\u00c1MITE<\/strong><br \/>\nDepartamento de Atenci\u00f3n Social y Programas Especiales<\/p>\n<p><strong>NOMBRE DEL RESPONSABLE DEL \u00c1REA\u00a0DONDE SE PROPORCIONA EL TR\u00c1MITE<\/strong><br \/>\nIng. Pablo Ubaldo Caballero Guti\u00e9rrez.<\/p>\n<p><strong>DUDAS Y SUGERENCIAS.<\/strong><br \/>\n01(951) 50 16900 Ext. \u00a022254 y 22513<br \/>\nE- mail: <a href=\"mailto:ceadirgral@gmail.com\">ceadirgral@gmail.com<\/a> | <a href=\"mailto:pablo.gutierrez@oaxaca.gob.mx\">pablo.gutierrez@oaxaca.gob.mx<\/a><\/p>\n<p><strong>FUNDAMENTOS JUR\u00cdDICOS QUE RIGEN ESTE TR\u00c1MITE.<\/strong><br \/>\nReglas de operaci\u00f3n del Programa de Agua Potable, Drenaje y Tratamiento.<\/p>\n","protected":false},"excerpt":{"rendered":"<p>Solicitud de incorporaci\u00f3n a programas. &nbsp; DESCRIPCI\u00d3N DEL TR\u00c1MITE Ser considerado en la programaci\u00f3n anual de acciones a realizar en el marco del Programa Agua Limpia. TIPO DE USUARIO Ayuntamientos\/Sistemas de agua potable. REQUISITOS Presentar escrito libre con firma aut\u00f3grafa de integrante del Ayuntamiento. En l\u00ednea\/presencial. TIEMPO DE RESPUESTA 30 d\u00edas h\u00e1biles. COSTO Gratuito. D\u00cdAS [&hellip;]<\/p>\n","protected":false},"author":1,"featured_media":0,"parent":0,"menu_order":0,"comment_status":"closed","ping_status":"closed","template":"","meta":{"episode_type":"","audio_file":"","podmotor_file_id":"","podmotor_episode_id":"","cover_image":"","cover_image_id":"","duration":"","filesize":"","filesize_raw":"","date_recorded":"","explicit":"","block":"","itunes_episode_number":"","itunes_title":"","itunes_season_number":"","itunes_episode_type":"","footnotes":""},"categories":[],"tags":[],"class_list":["post-1083","page","type-page","status-publish","hentry"],"acf":[],"publishpress_future_action":{"enabled":false,"date":"2026-05-12 01:25:31","action":"change-status","newStatus":"draft","terms":[],"taxonomy":"category","extraData":[]},"publishpress_future_workflow_manual_trigger":{"enabledWorkflows":[]},"_links":{"self":[{"href":"https:\/\/www.oaxaca.gob.mx\/cea\/wp-json\/wp\/v2\/pages\/1083","targetHints":{"allow":["GET"]}}],"collection":[{"href":"https:\/\/www.oaxaca.gob.mx\/cea\/wp-json\/wp\/v2\/pages"}],"about":[{"href":"https:\/\/www.oaxaca.gob.mx\/cea\/wp-json\/wp\/v2\/types\/page"}],"author":[{"embeddable":true,"href":"https:\/\/www.oaxaca.gob.mx\/cea\/wp-json\/wp\/v2\/users\/1"}],"replies":[{"embeddable":true,"href":"https:\/\/www.oaxaca.gob.mx\/cea\/wp-json\/wp\/v2\/comments?post=1083"}],"version-history":[{"count":3,"href":"https:\/\/www.oaxaca.gob.mx\/cea\/wp-json\/wp\/v2\/pages\/1083\/revisions"}],"predecessor-version":[{"id":2621,"href":"https:\/\/www.oaxaca.gob.mx\/cea\/wp-json\/wp\/v2\/pages\/1083\/revisions\/2621"}],"wp:attachment":[{"href":"https:\/\/www.oaxaca.gob.mx\/cea\/wp-json\/wp\/v2\/media?parent=1083"}],"wp:term":[{"taxonomy":"category","embeddable":true,"href":"https:\/\/www.oaxaca.gob.mx\/cea\/wp-json\/wp\/v2\/categories?post=1083"},{"taxonomy":"post_tag","embeddable":true,"href":"https:\/\/www.oaxaca.gob.mx\/cea\/wp-json\/wp\/v2\/tags?post=1083"}],"curies":[{"name":"wp","href":"https:\/\/api.w.org\/{rel}","templated":true}]}}