{"id":1070,"date":"2018-08-22T17:20:27","date_gmt":"2018-08-22T22:20:27","guid":{"rendered":"http:\/\/www.cea.oaxaca.gob.mx\/?page_id=1070"},"modified":"2018-08-22T17:20:27","modified_gmt":"2018-08-22T22:20:27","slug":"mantenimiento-agua-y-drenaje","status":"publish","type":"page","link":"https:\/\/www.oaxaca.gob.mx\/cea\/mantenimiento-agua-y-drenaje\/","title":{"rendered":"Mantenimiento Sistemas Agua y Drenaje"},"content":{"rendered":"<h4>Servicio de Rehabilitaci\u00f3n y Mantenimiento de los Sistemas de Agua Potable y Drenaje.<\/h4>\n<p>&nbsp;<br \/>\n<strong>DESCRIPCI\u00d3N DEL TR\u00c1MITE<\/strong><br \/>\nMantener el servicio de agua potable en \u00f3ptima condiciones para el suministro, as\u00ed como en cuidado de la red de drenaje sanitario.<\/p>\n<p><strong>TIPO DE USUARIO<\/strong><br \/>\nMunicipios, Comit\u00e9s de Agua, Empresas y P\u00fablico en General.<\/p>\n<p><strong>REQUISITOS<\/strong><br \/>\nSolicitud\/Personal.<br \/>\nEscrito Libre del requerimiento.<\/p>\n<p><strong>TIEMPO DE RESPUESTA<\/strong><br \/>\n15 d\u00edas h\u00e1biles.<\/p>\n<p><strong>COSTO<\/strong><br \/>\nGenera Costo, conforme al art. 27 de la Ley Estatal de Derechos de Oaxaca.<\/p>\n<p><strong>D\u00cdAS Y HORARIO DE ATENCI\u00d3N<\/strong><br \/>\nLunes a Viernes de 09:00 \u2013 15:00 Horas.<\/p>\n<p><strong>EN DONDE SE LLEVA A CABO EL TR\u00c1MITE<\/strong><br \/>\nEn la Unidad de Operaci\u00f3n y Mantenimiento de la Comisi\u00f3n Estatal del Agua, ubicada en \u201cCentro Administrativo del Poder Ejecutivo y Judicial General Porfirio D\u00edaz Soldado de la Patria\u201d Edificio \u201cC\u201d Jos\u00e9 L\u00f3pez Alav\u00e9s, cuarto Nivel. Av. Gerardo Pandal Graff #1, Reyes Mantec\u00f3n. San Bartolo Coyotepec, Oaxaca. C.P. 71257.<\/p>\n<p>Residencia General de la Mixteca, Calle Damasco n\u00famero 14, Colonia El Carmen, Heroica Ciudad de Huajuapan de Le\u00f3n, Oaxaca, C. P. 69007.<\/p>\n<p>Residencia Operativa de Tlaxiaco, Calle Paseo de la Reforma esq. Fray Candelas S\/N, Colonia Benito Ju\u00e1rez, Heroica Ciudad de Tlaxiaco, Oaxaca, C. P. 69806.<\/p>\n<p>Residencia Operativa de Tuxtepec, Calle Juan Palacios 72-B, Colonia Mar\u00eda Eugenia, San Juan Bautista Tuxtepec, Oaxaca, C. P. 68370.<\/p>\n<p>Residencia General del Istmo, Calle Tabasco S\/N, Barrio Santa Mar\u00eda, Santo Domingo Tehuantepec, Oaxaca, C. P. 70760.<\/p>\n<p>Residencia Operativa de Mat\u00edas Romero, Calle Guerrero esq. 16 de septiembre S\/N, Colonia Centro, Mat\u00edas Romero de Avenda\u00f1o, Oaxaca, C.P. 70300.<\/p>\n<p>Residencia General de la Costa, Calle Primero Poniente esq. Segunda Sur 300, Colonia Centro, Puerto Escondido, Oaxaca, C. P. 71980.<\/p>\n<p><strong>\u00c1REA DONDE SE PROPORCIONA EL TR\u00c1MITE<\/strong><\/p>\n<ul class=\"table-ul\" style=\"font-family: 'Open Sans', sans-serif;font-size: 18px\">\n<li>Unidad de Operaci\u00f3n y Mantenimiento.<\/li>\n<li>Residencia General de la Mixteca.<\/li>\n<li>Residencia Operativa de Tlaxiaco.<\/li>\n<li>Residencia Operativa de Tuxtepec.<\/li>\n<li>Residencia General del Istmo.<\/li>\n<li>Residencia Operativa de Mat\u00edas Romero.<\/li>\n<li>Residencia General de la Costa.<\/li>\n<\/ul>\n<p>&nbsp;<br \/>\n<strong>NOMBRE DEL RESPONSABLE DEL \u00c1REA\u00a0DONDE SE PROPORCIONA EL TR\u00c1MITE<\/strong><br \/>\nLic. V\u00edctor Omar N\u00fa\u00f1ez Ordaz.<br \/>\nJefe de la Unidad de Operaci\u00f3n y Mantenimiento.<\/p>\n<p><strong>DUDAS Y SUGERENCIAS<\/strong><br \/>\n01(951) 50 16900 Ext. 22760 y 22876<br \/>\nE- mail:\u00a0ceadirgral@gmail.com<\/p>\n<p><strong>FUNDAMENTOS JUR\u00cdDICOS QUE RIGEN ESTE TR\u00c1MITE<\/strong><br \/>\nArt. 1,3 fracci\u00f3n III, 47, 48 y 49, Ley de Agua Potable y Alcantarillado para el Estado de Oaxaca; art. 27 de la Ley Estatal de Derechos de Oaxaca.<\/p>\n","protected":false},"excerpt":{"rendered":"<p>Servicio de Rehabilitaci\u00f3n y Mantenimiento de los Sistemas de Agua Potable y Drenaje. &nbsp; DESCRIPCI\u00d3N DEL TR\u00c1MITE Mantener el servicio de agua potable en \u00f3ptima condiciones para el suministro, as\u00ed como en cuidado de la red de drenaje sanitario. TIPO DE USUARIO Municipios, Comit\u00e9s de Agua, Empresas y P\u00fablico en General. REQUISITOS Solicitud\/Personal. Escrito Libre [&hellip;]<\/p>\n","protected":false},"author":1,"featured_media":0,"parent":0,"menu_order":0,"comment_status":"closed","ping_status":"closed","template":"","meta":{"episode_type":"","audio_file":"","podmotor_file_id":"","podmotor_episode_id":"","cover_image":"","cover_image_id":"","duration":"","filesize":"","filesize_raw":"","date_recorded":"","explicit":"","block":"","itunes_episode_number":"","itunes_title":"","itunes_season_number":"","itunes_episode_type":"","footnotes":""},"categories":[],"tags":[],"class_list":["post-1070","page","type-page","status-publish","hentry"],"acf":[],"publishpress_future_action":{"enabled":false,"date":"2026-05-22 11:27:10","action":"change-status","newStatus":"draft","terms":[],"taxonomy":"category","extraData":[]},"publishpress_future_workflow_manual_trigger":{"enabledWorkflows":[]},"_links":{"self":[{"href":"https:\/\/www.oaxaca.gob.mx\/cea\/wp-json\/wp\/v2\/pages\/1070","targetHints":{"allow":["GET"]}}],"collection":[{"href":"https:\/\/www.oaxaca.gob.mx\/cea\/wp-json\/wp\/v2\/pages"}],"about":[{"href":"https:\/\/www.oaxaca.gob.mx\/cea\/wp-json\/wp\/v2\/types\/page"}],"author":[{"embeddable":true,"href":"https:\/\/www.oaxaca.gob.mx\/cea\/wp-json\/wp\/v2\/users\/1"}],"replies":[{"embeddable":true,"href":"https:\/\/www.oaxaca.gob.mx\/cea\/wp-json\/wp\/v2\/comments?post=1070"}],"version-history":[{"count":0,"href":"https:\/\/www.oaxaca.gob.mx\/cea\/wp-json\/wp\/v2\/pages\/1070\/revisions"}],"wp:attachment":[{"href":"https:\/\/www.oaxaca.gob.mx\/cea\/wp-json\/wp\/v2\/media?parent=1070"}],"wp:term":[{"taxonomy":"category","embeddable":true,"href":"https:\/\/www.oaxaca.gob.mx\/cea\/wp-json\/wp\/v2\/categories?post=1070"},{"taxonomy":"post_tag","embeddable":true,"href":"https:\/\/www.oaxaca.gob.mx\/cea\/wp-json\/wp\/v2\/tags?post=1070"}],"curies":[{"name":"wp","href":"https:\/\/api.w.org\/{rel}","templated":true}]}}