{"id":1017,"date":"2018-08-08T17:14:08","date_gmt":"2018-08-08T22:14:08","guid":{"rendered":"http:\/\/www.cea.oaxaca.gob.mx\/?page_id=1017"},"modified":"2018-08-08T17:14:08","modified_gmt":"2018-08-08T22:14:08","slug":"derecho-de-arco","status":"publish","type":"page","link":"https:\/\/www.oaxaca.gob.mx\/cea\/derecho-de-arco\/","title":{"rendered":"Derecho de ARCO"},"content":{"rendered":"<h4>Atenci\u00f3n a Solicitudes de Acceso, Rectificaci\u00f3n, Cancelaci\u00f3n y Oposici\u00f3n de Datos Personales<\/h4>\n<p>&nbsp;<br \/>\n<strong>DESCRIPCI\u00d3N DEL TR\u00c1MITE<\/strong><br \/>\nRecibir las solicitudes de Acceso, Rectificaci\u00f3n, Cancelaci\u00f3n y Oposici\u00f3n de Datos Personales, con la finalidad de acceder a la informaci\u00f3n personal, rectificar alg\u00fan dato privado, cancelar informaci\u00f3n personal y\/u oponerse a la modificaci\u00f3n o tratamiento de sus datos personales.<\/p>\n<p><strong>TIPO DE USUARIO<\/strong><br \/>\nEl Titular de los Datos Personales, o su representante legal.<\/p>\n<p><strong>REQUISITOS<\/strong><br \/>\nPara poder presentar una solicitud de Derechos ARCO, se presentaran de la siguiente forma: mediante escrito libre, en formato y v\u00eda electr\u00f3nica, para el caso de escrito libre y\/o formato se deber\u00e1 descargar el formato autorizado en la siguiente direcci\u00f3n electr\u00f3nica: <a href=\"http:\/\/iaipoaxaca.org.mx\/site\/descargas\/transparencia\/ix\/formato_derechoarco.pdf\">http:\/\/iaipoaxaca.org.mx\/site\/descargas\/transparencia\/ix\/formato_derechoarco.pdf<\/a> ,<strong>\u00a0<\/strong>la cual se presentara directamente en la Unidad Jur\u00eddica y, para el caso de v\u00eda electr\u00f3nica, enviando una solicitud al correo electr\u00f3nico\u00a0ceadirgral@gmail.com<\/p>\n<p>Deber\u00e1 de cumplir con los siguientes requisitos:<\/p>\n<p>I.- El nombre del responsable a quien se dirige y de ser posible, el \u00e1rea responsable que trata los datos personales.<\/p>\n<p>II.- Nombre del solicitante Titular de la informaci\u00f3n y del representante legal, en su caso.<\/p>\n<p>III.- Domicilio o cualquier otro medio para recibir notificaciones.<\/p>\n<p>IV.- Los documentos con los que acredite su identidad y, en su caso, la personalidad e identidad de su representante.<\/p>\n<p>V.- La descripci\u00f3n del derecho ARCO que se pretende ejercer, o bien, lo que solicite el Titular.<\/p>\n<p>VI.- Planteamiento concreto claro y preciso de los datos sobre los que se busca ejercer alguno de los derechos ARCO, salvo que se trate del derecho de acceso.<\/p>\n<p>VII.- Cualquier otro elemento o documento que facilite la localizaci\u00f3n de los datos personales en su caso.<\/p>\n<p>Trat\u00e1ndose de una solicitud de acceso a datos personales el Titular deber\u00e1 se\u00f1alar la modalidad en que prefiere que estos se reproduzcan. El responsable deber\u00e1 atender la solicitud en la modalidad requerida por el Titular, salvo que exista una imposibilidad f\u00edsica o jur\u00eddica que lo limita a reproducir los datos personales en dicha modalidad, en este caso deber\u00e1 ofrecer otras modalidades de entrega de los datos personales fundando y motivando dicha actuaci\u00f3n.<\/p>\n<p>Con relaci\u00f3n a una solicitud de cancelaci\u00f3n, el Titular deber\u00e1 se\u00f1alar las causas que lo motiven a solicitar la suspensi\u00f3n de sus datos personales en los archivos, registros o bases de datos del responsable.<\/p>\n<p>En el caso de la solicitud de oposici\u00f3n, el titular deber\u00e1 manifestar las causas leg\u00edtimas o la situaci\u00f3n espec\u00edfica que lo lleven a solicitar el cese del tratamiento, as\u00ed como el da\u00f1o o perjuicio que la causar\u00eda la persistencia del tratamiento, o en su caso, las finalidades espec\u00edficas respecto de las cuales requiere ejercer el derecho de oposici\u00f3n.<\/p>\n<p><strong>TIEMPO DE RESPUESTA<\/strong><br \/>\n15 d\u00edas h\u00e1biles<\/p>\n<p><strong>COSTO<\/strong><br \/>\nLas solicitudes de derechos ARCO, ser\u00e1n gratuitas. Cuando soliciten copias certificadas o materiales de reproducci\u00f3n le generaran un costo el cual se encuentra fijado en las leyes respectivas de conformidad con el art\u00edculo 17, capitulo primero de la Ley Estatal de Derechos de Oaxaca.<\/p>\n<p><strong>DOCUMENTO A OBTENER<\/strong><br \/>\nUn oficio de respuesta a su solicitud de Acceso, Rectificaci\u00f3n, Cancelaci\u00f3n y Oposici\u00f3n de datos Personales (ARCOS).<\/p>\n<p><strong>D\u00cdAS Y HORARIO DE ATENCI\u00d3N<\/strong><br \/>\nLunes a Viernes de 10:00 \u2013 14:00 Horas<\/p>\n<p><strong>EN DONDE SE LLEVA A CABO EL TR\u00c1MITE<\/strong><br \/>\nEn la Unidad Jur\u00eddica de la Comisi\u00f3n Estatal del Agua, ubicada en \u201cCentro Administrativo del Poder Ejecutivo y Judicial General Porfirio D\u00edaz Soldado de la Patria\u201d Edificio \u201cC\u201d Jos\u00e9 L\u00f3pez Alav\u00e9s, Tercer Nivel. Av. Gerardo Pandal Graff #1, Reyes Mantec\u00f3n. San Bartolo Coyotepec, Oaxaca. C.P. 71257.<\/p>\n<p><strong>\u00c1REA DONDE SE PROPORCIONA EL TR\u00c1MITE<\/strong><br \/>\nEn la Unidad Jur\u00eddica de la Comisi\u00f3n estatal del Agua.<\/p>\n<p><strong>NOMBRE DEL RESPONSABLE DEL \u00c1REA\u00a0DONDE SE PROPORCIONA EL TR\u00c1MITE<\/strong><br \/>\nLic. Luis Eduardo G\u00f3mez Ruiz.<br \/>\nJefe de la Unidad Jur\u00eddica y Titular de la Unidad de Transparencia<\/p>\n<p><strong>DUDAS Y SUGERENCIAS<\/strong><br \/>\n01(951) 50 16900 Ext. 22640 y 22507<br \/>\nE- mail:\u00a0ceadirgral@gmail.com<\/p>\n<p><strong>FUNDAMENTOS JUR\u00cdDICOS QUE RIGEN ESTE TR\u00c1MITE<\/strong><br \/>\n*Constituci\u00f3n Pol\u00edtica del Estado Libre y Soberano de Oaxaca. * Ley General de Responsabilidades Administrativas.*Ley Org\u00e1nica del Poder Ejecutivo del Estado. *Ley General de Transparencia y Acceso a la Informaci\u00f3n P\u00fablica. *Ley de Transparencia y Acceso a la Informaci\u00f3n P\u00fablica para el Estado de Oaxaca. *Ley General de Protecci\u00f3n de Datos Personales en Posesi\u00f3n de Sujetos Obligados del Estado de Oaxaca. *Ley de Agua Potable y Alcantarillado para el Estado de Oaxaca. *Reglamento Interno de la Comisi\u00f3n Estatal del Agua.<\/p>\n","protected":false},"excerpt":{"rendered":"<p>Atenci\u00f3n a Solicitudes de Acceso, Rectificaci\u00f3n, Cancelaci\u00f3n y Oposici\u00f3n de Datos Personales &nbsp; DESCRIPCI\u00d3N DEL TR\u00c1MITE Recibir las solicitudes de Acceso, Rectificaci\u00f3n, Cancelaci\u00f3n y Oposici\u00f3n de Datos Personales, con la finalidad de acceder a la informaci\u00f3n personal, rectificar alg\u00fan dato privado, cancelar informaci\u00f3n personal y\/u oponerse a la modificaci\u00f3n o tratamiento de sus datos personales. [&hellip;]<\/p>\n","protected":false},"author":1,"featured_media":0,"parent":0,"menu_order":0,"comment_status":"closed","ping_status":"closed","template":"","meta":{"episode_type":"","audio_file":"","podmotor_file_id":"","podmotor_episode_id":"","cover_image":"","cover_image_id":"","duration":"","filesize":"","filesize_raw":"","date_recorded":"","explicit":"","block":"","itunes_episode_number":"","itunes_title":"","itunes_season_number":"","itunes_episode_type":"","footnotes":""},"categories":[],"tags":[],"class_list":["post-1017","page","type-page","status-publish","hentry"],"acf":[],"publishpress_future_action":{"enabled":false,"date":"2026-05-12 01:25:23","action":"change-status","newStatus":"draft","terms":[],"taxonomy":"category","extraData":[]},"publishpress_future_workflow_manual_trigger":{"enabledWorkflows":[]},"_links":{"self":[{"href":"https:\/\/www.oaxaca.gob.mx\/cea\/wp-json\/wp\/v2\/pages\/1017","targetHints":{"allow":["GET"]}}],"collection":[{"href":"https:\/\/www.oaxaca.gob.mx\/cea\/wp-json\/wp\/v2\/pages"}],"about":[{"href":"https:\/\/www.oaxaca.gob.mx\/cea\/wp-json\/wp\/v2\/types\/page"}],"author":[{"embeddable":true,"href":"https:\/\/www.oaxaca.gob.mx\/cea\/wp-json\/wp\/v2\/users\/1"}],"replies":[{"embeddable":true,"href":"https:\/\/www.oaxaca.gob.mx\/cea\/wp-json\/wp\/v2\/comments?post=1017"}],"version-history":[{"count":0,"href":"https:\/\/www.oaxaca.gob.mx\/cea\/wp-json\/wp\/v2\/pages\/1017\/revisions"}],"wp:attachment":[{"href":"https:\/\/www.oaxaca.gob.mx\/cea\/wp-json\/wp\/v2\/media?parent=1017"}],"wp:term":[{"taxonomy":"category","embeddable":true,"href":"https:\/\/www.oaxaca.gob.mx\/cea\/wp-json\/wp\/v2\/categories?post=1017"},{"taxonomy":"post_tag","embeddable":true,"href":"https:\/\/www.oaxaca.gob.mx\/cea\/wp-json\/wp\/v2\/tags?post=1017"}],"curies":[{"name":"wp","href":"https:\/\/api.w.org\/{rel}","templated":true}]}}