{"id":851,"date":"2021-05-18T10:26:38","date_gmt":"2021-05-18T15:26:38","guid":{"rendered":"https:\/\/www.oaxaca.gob.mx\/cgar\/?page_id=851"},"modified":"2021-05-19T11:43:38","modified_gmt":"2021-05-19T16:43:38","slug":"codigo-de-etica","status":"publish","type":"page","link":"https:\/\/www.oaxaca.gob.mx\/cdpaz\/codigo-de-etica\/","title":{"rendered":"C\u00f3digo de \u00c9tica"},"content":{"rendered":"<nav style=\"margin-bottom: 30px\">\n<div id=\"nav-tab\" class=\"nav nav-tabs\" role=\"tablist\">\n    <a id=\"nav_tab_uno\" class=\"nav-item nav-link active\" role=\"tab\" href=\"#nav_uno\" data-toggle=\"tab\">Introducci\u00f3n<\/a><br \/>\n    <a id=\"nav_tab_dos\" class=\"nav-item nav-link\" role=\"tab\" href=\"#nav_dos\" data-toggle=\"tab\">Marco Jur\u00eddico<\/a><br \/>\n    <a id=\"nav_tab_tres\" class=\"nav-item nav-link\" role=\"tab\" href=\"#nav_tres\" data-toggle=\"tab\">Actas<\/a><br \/>\n    <a id=\"nav_tab_cuatro\" class=\"nav-item nav-link\" role=\"tab\" href=\"#nav_cuatro\" data-toggle=\"tab\">Plan Anual de Trabajo<\/a><br \/>\n    <a id=\"nav_tab_cinco\" class=\"nav-item nav-link\" role=\"tab\" href=\"#nav_cinco\" data-toggle=\"tab\">Informes Anuales<\/a><br \/>\n    <a id=\"nav_tab_seis\" class=\"nav-item nav-link\" role=\"tab\" href=\"#nav_seis\" data-toggle=\"tab\">Codigo de Conducta<\/a><br \/>\n    <a id=\"nav_tab_siete\" class=\"nav-item nav-link\" role=\"tab\" href=\"#nav_siete\" data-toggle=\"tab\">Acciones de Sensibilizaci\u00f3n<\/a>\n  <\/div>\n<\/nav>\n<div id=\"nav-tabContent\" class=\"tab-content\">\n<div id=\"nav_uno\" class=\"tab-pane fade show active\" role=\"tabpanel\" aria-labelledby=\"nav_tab_uno\">\n<h4>&nbsp;<\/h4>\n\n<table id=\"tablepress-1\" class=\"tablepress tablepress-id-1\">\n<thead>\n<tr class=\"row-1\">\n\t<th class=\"column-1\">T\u00edtulo<\/th><th class=\"column-2\">Descargar<\/th>\n<\/tr>\n<\/thead>\n<tbody class=\"row-striping row-hover\">\n<tr class=\"row-2\">\n\t<td class=\"column-1\">Estructura<\/td><td class=\"column-2\"><a href=\"https:\/\/www.oaxaca.gob.mx\/cgar\/wp-content\/uploads\/sites\/56\/2021\/05\/comite_etica.pdf\" target=\"blank\" rel=\"noopener\">PDF<\/a><\/td>\n<\/tr>\n<\/tbody>\n<\/table>\n<\/div>\n<div id=\"nav_dos\" class=\"tab-pane fade\" role=\"tabpanel\" aria-labelledby=\"nav_tab_dos\">\n<h4>&nbsp;<\/h4>\n\n<table id=\"tablepress-2\" class=\"tablepress tablepress-id-2\">\n<thead>\n<tr class=\"row-1\">\n\t<th class=\"column-1\">T\u00edtulo<\/th><th class=\"column-2\">Descargar<\/th>\n<\/tr>\n<\/thead>\n<tbody class=\"row-striping row-hover\">\n<tr class=\"row-2\">\n\t<td class=\"column-1\">Marco Jur\u00eddico<\/td><td class=\"column-2\"><a href=\"https:\/\/www.oaxaca.gob.mx\/cgar\/wp-content\/uploads\/sites\/56\/2021\/05\/marco_juridico.pdf\" target=\"blank\" rel=\"noopener\">PDF<\/a><\/td>\n<\/tr>\n<\/tbody>\n<\/table>\n<\/div>\n<div id=\"nav_tres\" class=\"tab-pane fade\" role=\"tabpanel\" aria-labelledby=\"nav_tab_tres\">\n<section id=\"accordion\">\n<section class=\"card\">\n<div id=\"headingUno\" class=\"card-header\">\n<h5 class=\"mb-0\">\n        <button class=\"btn btn-link collapsed\" data-toggle=\"collapse\" data-target=\"#collapseUno\">2019<\/button><br \/>\n      <\/h5>\n<\/p><\/div>\n<div id=\"collapseUno\" class=\"collapse\" aria-labelledby=\"headingUno\" data-parent=\"#accordion\">\n<div class=\"card-body\">\n        [table \u201c31\u201d not found \/]<br \/>\n\n      <\/div>\n<\/p><\/div>\n<\/section>\n<section class=\"card\">\n<div id=\"headingDos\" class=\"card-header\">\n<h5 class=\"mb-0\">\n        <button class=\"btn btn-link collapsed\" data-toggle=\"collapse\" data-target=\"#collapseDos\">2020<\/button><br \/>\n      <\/h5>\n<\/p><\/div>\n<div id=\"collapseDos\" class=\"collapse\" aria-labelledby=\"headingDos\" data-parent=\"#accordion\">\n<div class=\"card-body\">\n        \n<table id=\"tablepress-37\" class=\"tablepress tablepress-id-37\">\n<thead>\n<tr class=\"row-1\">\n\t<th class=\"column-1\"><div style=\"text-align: center\"> <strong>NOMBRE<\/strong><\/div><\/th><th class=\"column-2\"><div style=\"text-align: center\"> <strong>1ER TRIMESTRE <\/strong><\/div><\/th><th class=\"column-3\"><div style=\"text-align: center\"> <strong>2DO TRIMESTRE <\/strong><\/div><\/th><th class=\"column-4\"><div style=\"text-align: center\"> <strong>3ER TRIMESTRE<\/strong><\/div><\/th><th class=\"column-5\"><div style=\"text-align: center\"> <strong>4TO TRIMESTRE <\/strong><\/div><\/th>\n<\/tr>\n<\/thead>\n<tbody class=\"row-striping row-hover\">\n<tr class=\"row-2\">\n\t<td class=\"column-1\">ESTADO ANAL\u00cdTICO DEL INGRESO<\/td><td class=\"column-2\"><p style=\"text-align: center\"><a href=\"https:\/\/www.oaxaca.gob.mx\/cdpaz\/wp-content\/uploads\/sites\/56\/2024\/05\/1.-ESTADO-ANALITICO-DE-INGRESOS.pdf\" target=\"_blank\" rel=\"noopener noreferrer\"><i class=\"far fa-file-pdf fa-2x\"> <\/i><\/a><\/p><\/td><td class=\"column-3\"><p style=\"text-align: center\"><a href=\"https:\/\/www.oaxaca.gob.mx\/cdpaz\/wp-content\/uploads\/sites\/56\/2024\/07\/1.-ESTADO-ANALITICO-DE-INGRESOS-PRESUP.pdf\" target=\"_blank\" rel=\"noopener noreferrer\"><i class=\"far fa-file-pdf fa-2x\"> <\/i><\/a><\/p><\/td><td class=\"column-4\"><p style=\"text-align: center\"><a href=\"https:\/\/www.oaxaca.gob.mx\/cdpaz\/wp-content\/uploads\/sites\/56\/2024\/10\/1.-ESTADO-ANALIT-DE-INGRESOS.pdf\" target=\"_blank\" rel=\"noopener noreferrer\"><i class=\"far fa-file-pdf fa-2x\"> <\/i><\/a><\/p><\/td><td class=\"column-5\"><\/td>\n<\/tr>\n<tr class=\"row-3\">\n\t<td class=\"column-1\">CLASIFICACI\u00d3N ADMINISTRATIVA<\/td><td class=\"column-2\"><p style=\"text-align: center\"><a href=\"https:\/\/www.oaxaca.gob.mx\/cdpaz\/wp-content\/uploads\/sites\/56\/2024\/05\/2.-CLASIFICACION-ADMINISTRATIVA.pdf\" target=\"_blank\" rel=\"noopener noreferrer\"><i class=\"far fa-file-pdf fa-2x\"> <\/i><\/a><\/p><\/td><td class=\"column-3\"><p style=\"text-align: center\"><a href=\"https:\/\/www.oaxaca.gob.mx\/cdpaz\/wp-content\/uploads\/sites\/56\/2024\/07\/2.-CLASIFICACION-ADMINISTRATIVA.pdf\" target=\"_blank\" rel=\"noopener noreferrer\"><i class=\"far fa-file-pdf fa-2x\"> <\/i><\/a><\/p><\/td><td class=\"column-4\"><p style=\"text-align: center\"><a href=\"https:\/\/www.oaxaca.gob.mx\/cdpaz\/wp-content\/uploads\/sites\/56\/2024\/10\/2.-CLASIFICACION-ADMINISTRATIVA.pdf\" target=\"_blank\" rel=\"noopener noreferrer\"><i class=\"far fa-file-pdf fa-2x\"> <\/i><\/a><\/p><\/td><td class=\"column-5\"><\/td>\n<\/tr>\n<tr class=\"row-4\">\n\t<td class=\"column-1\">CLASIFICACI\u00d3N ECON\u00d3MICA<\/td><td class=\"column-2\"><p style=\"text-align: center\"><a href=\"https:\/\/www.oaxaca.gob.mx\/cdpaz\/wp-content\/uploads\/sites\/56\/2024\/05\/3.-CLASIFICACION-ECONOMICA-POR-TIPO-DE-GASTO.pdf\" target=\"_blank\" rel=\"noopener noreferrer\"><i class=\"far fa-file-pdf fa-2x\"> <\/i><\/a><\/p><\/td><td class=\"column-3\"><p style=\"text-align: center\"><a href=\"https:\/\/www.oaxaca.gob.mx\/cdpaz\/wp-content\/uploads\/sites\/56\/2024\/07\/3.-CLASIFICACION-ECONOMICA-POR-TIPO-DE-GASTO.pdf\" target=\"_blank\" rel=\"noopener noreferrer\"><i class=\"far fa-file-pdf fa-2x\"> <\/i><\/a><\/p><\/td><td class=\"column-4\"><p style=\"text-align: center\"><a href=\"https:\/\/www.oaxaca.gob.mx\/cdpaz\/wp-content\/uploads\/sites\/56\/2024\/10\/3.-CLASIFICACION-ECONOMICA.pdf\" target=\"_blank\" rel=\"noopener noreferrer\"><i class=\"far fa-file-pdf fa-2x\"> <\/i><\/a><\/p><\/td><td class=\"column-5\"><\/td>\n<\/tr>\n<tr class=\"row-5\">\n\t<td class=\"column-1\">CLASIFICACI\u00d3N POR OBJETO DEL GASTO<\/td><td class=\"column-2\"><p style=\"text-align: center\"><a href=\"https:\/\/www.oaxaca.gob.mx\/cdpaz\/wp-content\/uploads\/sites\/56\/2024\/05\/4.-CLASIFICADOR-POR-OBJETO-DEL-GASTO-CAPITULO-CONCEPTO.pdf\" target=\"_blank\" rel=\"noopener noreferrer\"><i class=\"far fa-file-pdf fa-2x\"> <\/i><\/a><\/p><\/td><td class=\"column-3\"><p style=\"text-align: center\"><a href=\"https:\/\/www.oaxaca.gob.mx\/cdpaz\/wp-content\/uploads\/sites\/56\/2024\/07\/4.-CLASIFICADOR-POR-OBJETO-DEL-GASTO-CAPITULO-CONCEPTO.pdf\" target=\"_blank\" rel=\"noopener noreferrer\"><i class=\"far fa-file-pdf fa-2x\"> <\/i><\/a><\/p><\/td><td class=\"column-4\"><p style=\"text-align: center\"><a href=\"https:\/\/www.oaxaca.gob.mx\/cdpaz\/wp-content\/uploads\/sites\/56\/2024\/10\/4.-CLASIFICACION-POR-OBJETO-DEL-GASTO.pdf\" target=\"_blank\" rel=\"noopener noreferrer\"><i class=\"far fa-file-pdf fa-2x\"> <\/i><\/a><\/p><\/td><td class=\"column-5\"><\/td>\n<\/tr>\n<tr class=\"row-6\">\n\t<td class=\"column-1\">CLASIFICACI\u00d3N FUNCIONAL<\/td><td class=\"column-2\"><p style=\"text-align: center\"><a href=\"https:\/\/www.oaxaca.gob.mx\/cdpaz\/wp-content\/uploads\/sites\/56\/2024\/05\/5.-CLASIFICACION-FUNCIONAL-FINALIDAD-FUNCION.pdf\" target=\"_blank\" rel=\"noopener noreferrer\"><i class=\"far fa-file-pdf fa-2x\"> <\/i><\/a><\/p><\/td><td class=\"column-3\"><p style=\"text-align: center\"><a href=\"https:\/\/www.oaxaca.gob.mx\/cdpaz\/wp-content\/uploads\/sites\/56\/2024\/07\/CLASIFICACION-FUNCIONAL-FINALIDAD-FUNCION.pdf\" target=\"_blank\" rel=\"noopener noreferrer\"><i class=\"far fa-file-pdf fa-2x\"> <\/i><\/a><\/p><\/td><td class=\"column-4\"><p style=\"text-align: center\"><a href=\"https:\/\/www.oaxaca.gob.mx\/cdpaz\/wp-content\/uploads\/sites\/56\/2024\/10\/5.-CLASIFICACION-FUNCIONAL.pdf\" target=\"_blank\" rel=\"noopener noreferrer\"><i class=\"far fa-file-pdf fa-2x\"> <\/i><\/a><\/p><\/td><td class=\"column-5\"><\/td>\n<\/tr>\n<\/tbody>\n<\/table>\n\n      <\/div>\n<\/p><\/div>\n<\/section>\n<\/section><\/div>\n<div id=\"nav_cuatro\" class=\"tab-pane fade\" role=\"tabpanel\" aria-labelledby=\"nav_tab_cuatro\">\n<h4>&nbsp;<\/h4>\n[table \u201c32\u201d not found \/]<br \/>\n<\/div>\n<div id=\"nav_cinco\" class=\"tab-pane fade\" role=\"tabpanel\" aria-labelledby=\"nav_tab_cinco\">\n<h4>&nbsp;<\/h4>\n[table \u201c33\u201d not found \/]<br \/>\n<\/div>\n<div id=\"nav_seis\" class=\"tab-pane fade\" role=\"tabpanel\" aria-labelledby=\"nav_tab_seis\">\n<h4>&nbsp;<\/h4>\n[table \u201c34\u201d not found \/]<br \/>\n<\/div>\n<div id=\"nav_siete\" class=\"tab-pane fade\" role=\"tabpanel\" aria-labelledby=\"nav_tab_siete\">\n<h4>&nbsp;<\/h4>\n[table \u201c35\u201d not found \/]<br \/>\n\n      <img decoding=\"async\" class=\"size-medium wp-image-109 aligncenter\" src=\"\/administracion\/wp-content\/uploads\/sites\/66\/2020\/09\/buzonport.png\" alt=\"Antecedentes\" width=\"100%\" height=\"100%\" \/><\/a><br \/>\n&nbsp;<br \/>\nSi requiere informaci\u00f3n de obra p\u00fablica, procesos de licitaci\u00f3n y contrataci\u00f3n o dem\u00e1s relacionada con el organismo puede ingresar a la <a target=\"_blank\" href=\"https:\/\/www.plataformadetransparencia.org.mx\/web\/guest\/inicio\" rel=\"noopener noreferrer\">Plataforma Nacional de Transparencia PNT<\/a> o ingresando al <a target=\"_blank\" href=\"http:\/\/oaxaca.infomex.org.mx\/\" rel=\"noopener noreferrer\">Sistema de Solicitudes Infomex<\/a> para que a trav\u00e9s de la Unidad de Transparencia correspondiente le orienten.<\/p>\n<p>  [template name=\u00bbplantillas\/vistas\/contact_form.php\u00bb site=\u00bbcgar\u00bb]\n    <\/p><\/div>\n<\/p><\/div>\n","protected":false},"excerpt":{"rendered":"<p>Introducci\u00f3n Marco Jur\u00eddico Actas Plan Anual de Trabajo Informes Anuales Codigo de Conducta Acciones de Sensibilizaci\u00f3n &nbsp; &nbsp; 2019 2020 &nbsp; &nbsp; &nbsp; &nbsp; &nbsp; Si requiere informaci\u00f3n de obra p\u00fablica, procesos de licitaci\u00f3n y contrataci\u00f3n o dem\u00e1s relacionada con el organismo puede ingresar a la Plataforma Nacional de Transparencia PNT o ingresando al Sistema [&hellip;]<\/p>\n","protected":false},"author":64,"featured_media":0,"parent":0,"menu_order":0,"comment_status":"closed","ping_status":"closed","template":"","meta":{"episode_type":"","audio_file":"","podmotor_file_id":"","podmotor_episode_id":"","cover_image":"","cover_image_id":"","duration":"","filesize":"","filesize_raw":"","date_recorded":"","explicit":"","block":"","itunes_episode_number":"","itunes_title":"","itunes_season_number":"","itunes_episode_type":"","footnotes":""},"categories":[],"tags":[],"class_list":["post-851","page","type-page","status-publish","hentry"],"acf":[],"publishpress_future_action":{"enabled":false,"date":"2026-05-10 02:50:18","action":"change-status","newStatus":"draft","terms":[],"taxonomy":"category","extraData":[]},"publishpress_future_workflow_manual_trigger":{"enabledWorkflows":[]},"_links":{"self":[{"href":"https:\/\/www.oaxaca.gob.mx\/cdpaz\/wp-json\/wp\/v2\/pages\/851","targetHints":{"allow":["GET"]}}],"collection":[{"href":"https:\/\/www.oaxaca.gob.mx\/cdpaz\/wp-json\/wp\/v2\/pages"}],"about":[{"href":"https:\/\/www.oaxaca.gob.mx\/cdpaz\/wp-json\/wp\/v2\/types\/page"}],"author":[{"embeddable":true,"href":"https:\/\/www.oaxaca.gob.mx\/cdpaz\/wp-json\/wp\/v2\/users\/64"}],"replies":[{"embeddable":true,"href":"https:\/\/www.oaxaca.gob.mx\/cdpaz\/wp-json\/wp\/v2\/comments?post=851"}],"version-history":[{"count":4,"href":"https:\/\/www.oaxaca.gob.mx\/cdpaz\/wp-json\/wp\/v2\/pages\/851\/revisions"}],"predecessor-version":[{"id":862,"href":"https:\/\/www.oaxaca.gob.mx\/cdpaz\/wp-json\/wp\/v2\/pages\/851\/revisions\/862"}],"wp:attachment":[{"href":"https:\/\/www.oaxaca.gob.mx\/cdpaz\/wp-json\/wp\/v2\/media?parent=851"}],"wp:term":[{"taxonomy":"category","embeddable":true,"href":"https:\/\/www.oaxaca.gob.mx\/cdpaz\/wp-json\/wp\/v2\/categories?post=851"},{"taxonomy":"post_tag","embeddable":true,"href":"https:\/\/www.oaxaca.gob.mx\/cdpaz\/wp-json\/wp\/v2\/tags?post=851"}],"curies":[{"name":"wp","href":"https:\/\/api.w.org\/{rel}","templated":true}]}}