{"id":13,"date":"2019-04-30T22:58:58","date_gmt":"2019-04-30T20:58:58","guid":{"rendered":"https:\/\/www.oaxaca.gob.mx\/cgar\/?page_id=13"},"modified":"2026-03-11T14:10:18","modified_gmt":"2026-03-11T20:10:18","slug":"mision-vision-y-objetivos","status":"publish","type":"page","link":"https:\/\/www.oaxaca.gob.mx\/cdpaz\/mision-vision-y-objetivos\/","title":{"rendered":"Misi\u00f3n, Visi\u00f3n y Objetivos"},"content":{"rendered":"<p><img loading=\"lazy\" decoding=\"async\" class=\"alignnone size-medium wp-image-2772\" src=\"https:\/\/www.oaxaca.gob.mx\/cdpaz\/wp-content\/uploads\/sites\/56\/2024\/08\/Color-2@15x-8-1-300x297.png\" alt=\"\" width=\"300\" height=\"297\" srcset=\"https:\/\/www.oaxaca.gob.mx\/cdpaz\/wp-content\/uploads\/sites\/56\/2024\/08\/Color-2@15x-8-1-300x297.png 300w, https:\/\/www.oaxaca.gob.mx\/cdpaz\/wp-content\/uploads\/sites\/56\/2024\/08\/Color-2@15x-8-1-1024x1015.png 1024w, https:\/\/www.oaxaca.gob.mx\/cdpaz\/wp-content\/uploads\/sites\/56\/2024\/08\/Color-2@15x-8-1-150x150.png 150w, https:\/\/www.oaxaca.gob.mx\/cdpaz\/wp-content\/uploads\/sites\/56\/2024\/08\/Color-2@15x-8-1-768x761.png 768w, https:\/\/www.oaxaca.gob.mx\/cdpaz\/wp-content\/uploads\/sites\/56\/2024\/08\/Color-2@15x-8-1-1536x1522.png 1536w, https:\/\/www.oaxaca.gob.mx\/cdpaz\/wp-content\/uploads\/sites\/56\/2024\/08\/Color-2@15x-8-1.png 1933w\" sizes=\"auto, (max-width: 300px) 100vw, 300px\" \/><\/p>\n<h3><span style=\"color: #000000\">Misi\u00f3n<\/span><\/h3>\n<p style=\"text-align: justify\">Contribuir a la gobernabilidad y la paz social en el estado de Oaxaca mediante la atenci\u00f3n oportuna y coordinada de conflictos sociales y pol\u00edticos. Fortalecer el di\u00e1logo y la mediaci\u00f3n como herramientas principales, articulando esfuerzos con autoridades de los tres \u00f3rdenes de gobierno y con la sociedad civil para generar soluciones sostenibles que favorezcan la estabilidad y la cohesi\u00f3n social en las ocho regiones del estado.<\/p>\n<h3><span style=\"color: #000000\">Visi\u00f3n<\/span><\/h3>\n<p style=\"text-align: justify\">Consolidar a la Coordinaci\u00f3n de Delegados de Paz Social como la instancia estatal de referencia en prevenci\u00f3n y resoluci\u00f3n pac\u00edfica de conflictos, reconocida por su capacidad de di\u00e1logo, su cobertura regional efectiva y su contribuci\u00f3n a la reconstrucci\u00f3n del tejido social. Ser un modelo de gesti\u00f3n territorial que promueva la confianza ciudadana, el respeto a los derechos humanos y la colaboraci\u00f3n interinstitucional para vivir en un entorno m\u00e1s seguro y arm\u00f3nico.<\/p>\n<h3><span style=\"color: #000000\">Objetivo General<\/span><\/h3>\n<p style=\"text-align: justify\">Auxiliar en las acciones de planeaci\u00f3n regional, coordinaci\u00f3n, organizaci\u00f3n y ejecuci\u00f3n que realice la Administraci\u00f3n P\u00fablica Estatal.<\/p>\n<div class=\"su-table su-table-alternate\"><\/div>\n","protected":false},"excerpt":{"rendered":"<p>Misi\u00f3n Contribuir a la gobernabilidad y la paz social en el estado de Oaxaca mediante la atenci\u00f3n oportuna y coordinada de conflictos sociales y pol\u00edticos. Fortalecer el di\u00e1logo y la mediaci\u00f3n como herramientas principales, articulando esfuerzos con autoridades de los tres \u00f3rdenes de gobierno y con la sociedad civil para generar soluciones sostenibles que favorezcan [&hellip;]<\/p>\n","protected":false},"author":64,"featured_media":0,"parent":0,"menu_order":0,"comment_status":"closed","ping_status":"closed","template":"","meta":{"episode_type":"","audio_file":"","podmotor_file_id":"","podmotor_episode_id":"","cover_image":"","cover_image_id":"","duration":"","filesize":"","filesize_raw":"","date_recorded":"","explicit":"","block":"","itunes_episode_number":"","itunes_title":"","itunes_season_number":"","itunes_episode_type":"","footnotes":""},"categories":[],"tags":[],"class_list":["post-13","page","type-page","status-publish","hentry"],"acf":[],"publishpress_future_action":{"enabled":false,"date":"2026-05-10 02:50:24","action":"change-status","newStatus":"draft","terms":[],"taxonomy":"category","extraData":[]},"publishpress_future_workflow_manual_trigger":{"enabledWorkflows":[]},"_links":{"self":[{"href":"https:\/\/www.oaxaca.gob.mx\/cdpaz\/wp-json\/wp\/v2\/pages\/13","targetHints":{"allow":["GET"]}}],"collection":[{"href":"https:\/\/www.oaxaca.gob.mx\/cdpaz\/wp-json\/wp\/v2\/pages"}],"about":[{"href":"https:\/\/www.oaxaca.gob.mx\/cdpaz\/wp-json\/wp\/v2\/types\/page"}],"author":[{"embeddable":true,"href":"https:\/\/www.oaxaca.gob.mx\/cdpaz\/wp-json\/wp\/v2\/users\/64"}],"replies":[{"embeddable":true,"href":"https:\/\/www.oaxaca.gob.mx\/cdpaz\/wp-json\/wp\/v2\/comments?post=13"}],"version-history":[{"count":3,"href":"https:\/\/www.oaxaca.gob.mx\/cdpaz\/wp-json\/wp\/v2\/pages\/13\/revisions"}],"predecessor-version":[{"id":3205,"href":"https:\/\/www.oaxaca.gob.mx\/cdpaz\/wp-json\/wp\/v2\/pages\/13\/revisions\/3205"}],"wp:attachment":[{"href":"https:\/\/www.oaxaca.gob.mx\/cdpaz\/wp-json\/wp\/v2\/media?parent=13"}],"wp:term":[{"taxonomy":"category","embeddable":true,"href":"https:\/\/www.oaxaca.gob.mx\/cdpaz\/wp-json\/wp\/v2\/categories?post=13"},{"taxonomy":"post_tag","embeddable":true,"href":"https:\/\/www.oaxaca.gob.mx\/cdpaz\/wp-json\/wp\/v2\/tags?post=13"}],"curies":[{"name":"wp","href":"https:\/\/api.w.org\/{rel}","templated":true}]}}

Misión, Visión y Objetivos

<p><img loading="lazy" decoding="async" class="alignnone size-medium wp-image-2772" src="https://www.oaxaca.gob.mx/cdpaz/wp-content/uploads/sites/56/2024/08/Color-2@15x-8-1-300x297.png" alt="" width="300" height="297" srcset="https://www.oaxaca.gob.mx/cdpaz/wp-content/uploads/sites/56/2024/08/Color-2@15x-8-1-300x297.png 300w, https://www.oaxaca.gob.mx/cdpaz/wp-content/uploads/sites/56/2024/08/Color-2@15x-8-1-1024x1015.png 1024w, https://www.oaxaca.gob.mx/cdpaz/wp-content/uploads/sites/56/2024/08/Color-2@15x-8-1-150x150.png 150w, https://www.oaxaca.gob.mx/cdpaz/wp-content/uploads/sites/56/2024/08/Color-2@15x-8-1-768x761.png 768w, https://www.oaxaca.gob.mx/cdpaz/wp-content/uploads/sites/56/2024/08/Color-2@15x-8-1-1536x1522.png 1536w, https://www.oaxaca.gob.mx/cdpaz/wp-content/uploads/sites/56/2024/08/Color-2@15x-8-1.png 1933w" sizes="auto, (max-width: 300px) 100vw, 300px" /></p>
<h3><span style="color: #000000">Misión</span></h3>
<p style="text-align: justify">Contribuir a la gobernabilidad y la paz social en el estado de Oaxaca mediante la atención oportuna y coordinada de conflictos sociales y políticos. Fortalecer el diálogo y la mediación como herramientas principales, articulando esfuerzos con autoridades de los tres órdenes de gobierno y con la sociedad civil para generar soluciones sostenibles que favorezcan la estabilidad y la cohesión social en las ocho regiones del estado.</p>
<h3><span style="color: #000000">Visión</span></h3>
<p style="text-align: justify">Consolidar a la Coordinación de Delegados de Paz Social como la instancia estatal de referencia en prevención y resolución pacífica de conflictos, reconocida por su capacidad de diálogo, su cobertura regional efectiva y su contribución a la reconstrucción del tejido social. Ser un modelo de gestión territorial que promueva la confianza ciudadana, el respeto a los derechos humanos y la colaboración interinstitucional para vivir en un entorno más seguro y armónico.</p>
<h3><span style="color: #000000">Objetivo General</span></h3>
<p style="text-align: justify">Auxiliar en las acciones de planeación regional, coordinación, organización y ejecución que realice la Administración Pública Estatal.</p>
<div class="su-table su-table-alternate"></div>

<p>Misión Contribuir a la gobernabilidad y la paz social en el estado de Oaxaca mediante la atención oportuna y coordinada de conflictos sociales y políticos. Fortalecer el diálogo y la mediación como herramientas principales, articulando esfuerzos con autoridades de los tres órdenes de gobierno y con la sociedad civil para generar soluciones sostenibles que favorezcan [&hellip;]</p>
