{"id":2146,"date":"2017-05-02T12:50:48","date_gmt":"2017-05-02T17:50:48","guid":{"rendered":"https:\/\/www.oaxaca.gob.mx\/cco\/?page_id=2146"},"modified":"2017-05-02T12:50:48","modified_gmt":"2017-05-02T17:50:48","slug":"programas","status":"publish","type":"page","link":"https:\/\/www.oaxaca.gob.mx\/cco\/programas\/","title":{"rendered":"Programas"},"content":{"rendered":"<p style=\"text-align: left\"><a href=\"\/cco\/site\/FomArt\/clve_taller_maestro.pdf\"> RELACI\u00d3N DE MAESTROS CON SU CLAVE Y NOMBRE DEL TALLER QUE IMPARTEN. <\/a><\/p>\n<p><a href=\"\/cco\/site\/FomArt\/clve_taller_maestro_vinc.pdf\"> RELACI\u00d3N DE MAESTROS DE CENTROS DE VINCULACI\u00d3N CON SU CLAVE Y NOMBRE DEL TALLER QUE IMPARTEN. <\/a><\/p>\n","protected":false},"excerpt":{"rendered":"<p>RELACI\u00d3N DE MAESTROS CON SU CLAVE Y NOMBRE DEL TALLER QUE IMPARTEN. RELACI\u00d3N DE MAESTROS DE CENTROS DE VINCULACI\u00d3N CON SU CLAVE Y NOMBRE DEL TALLER QUE IMPARTEN.<\/p>\n","protected":false},"author":1,"featured_media":0,"parent":0,"menu_order":0,"comment_status":"closed","ping_status":"closed","template":"","meta":{"episode_type":"","audio_file":"","podmotor_file_id":"","podmotor_episode_id":"","cover_image":"","cover_image_id":"","duration":"","filesize":"","filesize_raw":"","date_recorded":"","explicit":"","block":"","itunes_episode_number":"","itunes_title":"","itunes_season_number":"","itunes_episode_type":"","footnotes":""},"categories":[],"tags":[],"class_list":["post-2146","page","type-page","status-publish","hentry"],"acf":[],"publishpress_future_action":{"enabled":false,"date":"2026-05-09 02:42:22","action":"change-status","newStatus":"draft","terms":[],"taxonomy":"category","extraData":[]},"publishpress_future_workflow_manual_trigger":{"enabledWorkflows":[]},"_links":{"self":[{"href":"https:\/\/www.oaxaca.gob.mx\/cco\/wp-json\/wp\/v2\/pages\/2146","targetHints":{"allow":["GET"]}}],"collection":[{"href":"https:\/\/www.oaxaca.gob.mx\/cco\/wp-json\/wp\/v2\/pages"}],"about":[{"href":"https:\/\/www.oaxaca.gob.mx\/cco\/wp-json\/wp\/v2\/types\/page"}],"author":[{"embeddable":true,"href":"https:\/\/www.oaxaca.gob.mx\/cco\/wp-json\/wp\/v2\/users\/1"}],"replies":[{"embeddable":true,"href":"https:\/\/www.oaxaca.gob.mx\/cco\/wp-json\/wp\/v2\/comments?post=2146"}],"version-history":[{"count":0,"href":"https:\/\/www.oaxaca.gob.mx\/cco\/wp-json\/wp\/v2\/pages\/2146\/revisions"}],"wp:attachment":[{"href":"https:\/\/www.oaxaca.gob.mx\/cco\/wp-json\/wp\/v2\/media?parent=2146"}],"wp:term":[{"taxonomy":"category","embeddable":true,"href":"https:\/\/www.oaxaca.gob.mx\/cco\/wp-json\/wp\/v2\/categories?post=2146"},{"taxonomy":"post_tag","embeddable":true,"href":"https:\/\/www.oaxaca.gob.mx\/cco\/wp-json\/wp\/v2\/tags?post=2146"}],"curies":[{"name":"wp","href":"https:\/\/api.w.org\/{rel}","templated":true}]}}