{"id":2133,"date":"2017-04-29T14:07:53","date_gmt":"2017-04-29T19:07:53","guid":{"rendered":"https:\/\/www.oaxaca.gob.mx\/cco\/?page_id=2133"},"modified":"2017-04-29T14:07:53","modified_gmt":"2017-04-29T19:07:53","slug":"curriculum","status":"publish","type":"page","link":"https:\/\/www.oaxaca.gob.mx\/cco\/curriculum\/","title":{"rendered":"Curriculum"},"content":{"rendered":"<p style=\"text-align: left\"><a href=\"\/cco\/site\/cv\/GGGM.pdf\"> Guillermo Garc\u00eda Manzano <\/a><br \/>\n<a href=\"\/cco\/site\/cv\/CKAJ.pdf\">Cindy Korina Arnaud Jim\u00e9nez <\/a><br \/>\n<a href=\"\/cco\/site\/cv\/MCBL.pdf\">Mar\u00eda Concepci\u00f3n Villalobos L\u00f3pez <\/a><br \/>\n<a href=\"\/cco\/site\/cv\/CRBA.pdf\">Cuauhtemoc Rodrio Baz\u00e1n Acevedo <\/a>\t\t<\/p>\n","protected":false},"excerpt":{"rendered":"<p>Guillermo Garc\u00eda Manzano Cindy Korina Arnaud Jim\u00e9nez Mar\u00eda Concepci\u00f3n Villalobos L\u00f3pez Cuauhtemoc Rodrio Baz\u00e1n Acevedo<\/p>\n","protected":false},"author":1,"featured_media":0,"parent":0,"menu_order":0,"comment_status":"closed","ping_status":"closed","template":"","meta":{"episode_type":"","audio_file":"","podmotor_file_id":"","podmotor_episode_id":"","cover_image":"","cover_image_id":"","duration":"","filesize":"","filesize_raw":"","date_recorded":"","explicit":"","block":"","itunes_episode_number":"","itunes_title":"","itunes_season_number":"","itunes_episode_type":"","footnotes":""},"categories":[],"tags":[],"class_list":["post-2133","page","type-page","status-publish","hentry"],"acf":[],"publishpress_future_action":{"enabled":false,"date":"2026-05-11 03:13:18","action":"change-status","newStatus":"draft","terms":[],"taxonomy":"category","extraData":[]},"publishpress_future_workflow_manual_trigger":{"enabledWorkflows":[]},"_links":{"self":[{"href":"https:\/\/www.oaxaca.gob.mx\/cco\/wp-json\/wp\/v2\/pages\/2133","targetHints":{"allow":["GET"]}}],"collection":[{"href":"https:\/\/www.oaxaca.gob.mx\/cco\/wp-json\/wp\/v2\/pages"}],"about":[{"href":"https:\/\/www.oaxaca.gob.mx\/cco\/wp-json\/wp\/v2\/types\/page"}],"author":[{"embeddable":true,"href":"https:\/\/www.oaxaca.gob.mx\/cco\/wp-json\/wp\/v2\/users\/1"}],"replies":[{"embeddable":true,"href":"https:\/\/www.oaxaca.gob.mx\/cco\/wp-json\/wp\/v2\/comments?post=2133"}],"version-history":[{"count":0,"href":"https:\/\/www.oaxaca.gob.mx\/cco\/wp-json\/wp\/v2\/pages\/2133\/revisions"}],"wp:attachment":[{"href":"https:\/\/www.oaxaca.gob.mx\/cco\/wp-json\/wp\/v2\/media?parent=2133"}],"wp:term":[{"taxonomy":"category","embeddable":true,"href":"https:\/\/www.oaxaca.gob.mx\/cco\/wp-json\/wp\/v2\/categories?post=2133"},{"taxonomy":"post_tag","embeddable":true,"href":"https:\/\/www.oaxaca.gob.mx\/cco\/wp-json\/wp\/v2\/tags?post=2133"}],"curies":[{"name":"wp","href":"https:\/\/api.w.org\/{rel}","templated":true}]}}