{"id":179,"date":"2016-03-01T18:15:49","date_gmt":"2016-03-02T00:15:49","guid":{"rendered":"https:\/\/www.oaxaca.gob.mx\/cco\/?page_id=179"},"modified":"2016-03-01T18:15:49","modified_gmt":"2016-03-02T00:15:49","slug":"unidades-de-iniciacion-artistica","status":"publish","type":"page","link":"https:\/\/www.oaxaca.gob.mx\/cco\/unidades-de-iniciacion-artistica\/","title":{"rendered":"Unidades de iniciaci\u00f3n Art\u00edstica"},"content":{"rendered":"<div class=\"art-PostContent\">\n<p align=\"justify\">Este proyecto est\u00e1 dirigido a ni\u00f1os y ni\u00f1as de cuatro a seis a\u00f1os de edad, en el cual tendr\u00e1n un acercamiento l\u00fadico a diferentes disciplinas art\u00edsticas como lo son m\u00fasica, teatro, artes pl\u00e1sticas, danza, acercamiento a la lectura y cine. Lo anterior es planteado en un programa con duraci\u00f3n de 16 meses aproximadamente, de acuerdo al avance y desarrollo individual de los alumnos, mismos que en dicho periodo identificar\u00e1n sus intereses y aptitudes que les permita continuar con una formaci\u00f3n m\u00e1s espec\u00edfica.<\/p>\n<p align=\"justify\">Su proposito es promover el uso y descubrimiento de nuevos lenguajes en el ni\u00f1o a trav\u00e9s de las artes, que le permitan establecer un medio de comunicaci\u00f3n con los dem\u00e1s expresando sus intereses, inquietudes y anhelos, contribuyendo as\u00ed en el desarrollo de su capacidad creativa y la formaci\u00f3n integral de su personalidad.<\/p>\n<p align=\"center\"><a href=\"\/cco\/wp-content\/uploads\/sites\/31\/2016\/03\/unidini.png\"><img \/><\/a><\/p>\n<\/div>\n","protected":false},"excerpt":{"rendered":"<p>Este proyecto est\u00e1 dirigido a ni\u00f1os y ni\u00f1as de cuatro a seis a\u00f1os de edad, en el cual tendr\u00e1n un acercamiento l\u00fadico a diferentes disciplinas art\u00edsticas como lo son m\u00fasica, teatro, artes pl\u00e1sticas, danza, acercamiento a la lectura y cine. Lo anterior es planteado en un programa con duraci\u00f3n de 16 meses aproximadamente, de acuerdo [&hellip;]<\/p>\n","protected":false},"author":1,"featured_media":344,"parent":0,"menu_order":0,"comment_status":"closed","ping_status":"closed","template":"","meta":{"episode_type":"","audio_file":"","podmotor_file_id":"","podmotor_episode_id":"","cover_image":"","cover_image_id":"","duration":"","filesize":"","filesize_raw":"","date_recorded":"","explicit":"","block":"","itunes_episode_number":"","itunes_title":"","itunes_season_number":"","itunes_episode_type":"","footnotes":""},"categories":[],"tags":[],"class_list":["post-179","page","type-page","status-publish","has-post-thumbnail","hentry"],"acf":[],"publishpress_future_action":{"enabled":false,"date":"2026-04-29 11:32:48","action":"change-status","newStatus":"draft","terms":[],"taxonomy":"category","extraData":[]},"publishpress_future_workflow_manual_trigger":{"enabledWorkflows":[]},"_links":{"self":[{"href":"https:\/\/www.oaxaca.gob.mx\/cco\/wp-json\/wp\/v2\/pages\/179","targetHints":{"allow":["GET"]}}],"collection":[{"href":"https:\/\/www.oaxaca.gob.mx\/cco\/wp-json\/wp\/v2\/pages"}],"about":[{"href":"https:\/\/www.oaxaca.gob.mx\/cco\/wp-json\/wp\/v2\/types\/page"}],"author":[{"embeddable":true,"href":"https:\/\/www.oaxaca.gob.mx\/cco\/wp-json\/wp\/v2\/users\/1"}],"replies":[{"embeddable":true,"href":"https:\/\/www.oaxaca.gob.mx\/cco\/wp-json\/wp\/v2\/comments?post=179"}],"version-history":[{"count":0,"href":"https:\/\/www.oaxaca.gob.mx\/cco\/wp-json\/wp\/v2\/pages\/179\/revisions"}],"wp:featuredmedia":[{"embeddable":true,"href":"https:\/\/www.oaxaca.gob.mx\/cco\/wp-json\/wp\/v2\/media\/344"}],"wp:attachment":[{"href":"https:\/\/www.oaxaca.gob.mx\/cco\/wp-json\/wp\/v2\/media?parent=179"}],"wp:term":[{"taxonomy":"category","embeddable":true,"href":"https:\/\/www.oaxaca.gob.mx\/cco\/wp-json\/wp\/v2\/categories?post=179"},{"taxonomy":"post_tag","embeddable":true,"href":"https:\/\/www.oaxaca.gob.mx\/cco\/wp-json\/wp\/v2\/tags?post=179"}],"curies":[{"name":"wp","href":"https:\/\/api.w.org\/{rel}","templated":true}]}}