{"id":796,"date":"2016-07-22T11:11:50","date_gmt":"2016-07-22T17:11:50","guid":{"rendered":"https:\/\/www.oaxaca.gob.mx\/cao\/?page_id=796"},"modified":"2022-10-19T16:01:44","modified_gmt":"2022-10-19T21:01:44","slug":"transparencia","status":"publish","type":"page","link":"https:\/\/www.oaxaca.gob.mx\/cao\/enlaces-transparencia\/","title":{"rendered":"Enlaces Transparencia"},"content":{"rendered":"<p><img decoding=\"async\" class=\"size-medium wp-image-109 aligncenter\" src=\"\/cao\/wp-content\/uploads\/sites\/5\/web\/img\/transp01.png\" alt=\"transp\" width=\"100%\" height=\"100%\" \/><\/p>\n<p>&nbsp;<\/p>\n<p style=\"text-align: justify\"><strong>Informaci\u00f3n p\u00fablica:&nbsp;<\/strong>Todo archivo, registro o dato contenido en cualquier medio que los sujetos obligados generen, obtengan, adquieran, transformen por cualquier t\u00edtulo, con excepci\u00f3n de la que tenga el car\u00e1cter de confidencial y reservada.<\/p>\n<p><\/p>\n<p style=\"text-align: justify\">Los sujetos obligados, deber\u00e1n poner a disposici\u00f3n del p\u00fablico y mantener actualizada en los respectivos medios electr\u00f3nicos, sin que medie solicitud alguna, la informaci\u00f3n a que se refiere el art\u00edculo 70 de la Ley General y la que les corresponda seg\u00fan el cat\u00e1logo de obligaciones de transparencia espec\u00edficas.<\/p>\n<p><\/p>\n<p class=\"text-center\">Para consultar informaci\u00f3n del \u00d3rgano Garante Caminos y Aeropistas de Oaxaca en el Sistema de Portales de Obligaciones de Transparencia (SIPOT). Haz clic en:<\/p>\n<p><\/p>\n<p class=\"text-center\"><a target=\"_blank\" href=\"https:\/\/consultapublicamx.inai.org.mx\/vut-web\/?idSujetoObigadoParametro=11792&amp;idEntidadParametro=20&amp;idSectorParametro=21\" class=\"btn btn-border btn-info\" rel=\"noopener noreferrer\">Consulta al SIPOT<\/a><\/p>\n<p class=\"text-center\">Si desea consultar la TABLA DE APLICABILIDAD MODELO del poder ejecutivo aplicable a Caminos y Aeropistas de Oaxaca. Haz clic en:<\/p>\n<p><\/p>\n<p class=\"text-center\"><a target=\"_blank\" href=\"\/cao\/wp-content\/uploads\/sites\/5\/2022\/10\/TABLA-APLICABILIDAD-INTEGRAL-CAMINOS-Y-AEROPISTAS-DE-OAXACA.pdf\" class=\"btn btn-border btn-info\" rel=\"noopener noreferrer\">Tabla de Aplicabilidad Modelo<\/a><\/p>\n<p class=\"text-center\">Si desea consultar la TABLA DE APLICACI\u00d3N Y CONSERVACI\u00d3N DE LA INFORMACI\u00d3N, en los:<\/p>\n<p><\/p>\n<p class=\"text-center\"><a target=\"_blank\" href=\"\/cao\/wp-content\/uploads\/sites\/5\/2022\/10\/21_Tabla_de_actualizacion_y_conservacion.pdf\" class=\"btn btn-border btn-info\" rel=\"noopener noreferrer\">Art\u00edculo 21\u00b0<\/a>&nbsp;&nbsp;&nbsp;&nbsp;<a target=\"_blank\" href=\"\/cao\/wp-content\/uploads\/sites\/5\/2022\/10\/70_Tabla_de_actualizacion_y_conservacion.pdf\" class=\"btn btn-border btn-info\" rel=\"noopener noreferrer\">Art\u00edculo 70\u00b0<\/a>&nbsp;&nbsp;&nbsp;&nbsp;<a target=\"_blank\" href=\"\/cao\/wp-content\/uploads\/sites\/5\/2022\/10\/71_Tabla_de_actualizacion_y_conservacion.pdf\" class=\"btn btn-border btn-info\" rel=\"noopener noreferrer\">Art\u00edculo 71\u00b0<\/a><\/p>\n<p class=\"text-center\">Si desea consultar el marco normativo jur\u00eddico. Haz clic en:<\/p>\n<p><\/p>\n<p class=\"text-center\"><a href=\"\/cao\/?page_id=4137\" class=\"btn btn-border btn-info\">Marco Normativo Jur\u00eddico<\/a><\/p>\n<p class=\"text-center\">Si desea consultar el Comit\u00e9 de Transparencia. Haz clic en:<\/p>\n<p><\/p>\n<p class=\"text-center\"><a href=\"\/cao\/?page_id=1707\" class=\"btn btn-border btn-info\">Comit\u00e9 de Transparencia<\/a><\/p>\n","protected":false},"excerpt":{"rendered":"<p>&nbsp; Informaci\u00f3n p\u00fablica:&nbsp;Todo archivo, registro o dato contenido en cualquier medio que los sujetos obligados generen, obtengan, adquieran, transformen por cualquier t\u00edtulo, con excepci\u00f3n de la que tenga el car\u00e1cter de confidencial y reservada. Los sujetos obligados, deber\u00e1n poner a disposici\u00f3n del p\u00fablico y mantener actualizada en los respectivos medios electr\u00f3nicos, sin que medie solicitud [&hellip;]<\/p>\n","protected":false},"author":1,"featured_media":0,"parent":0,"menu_order":0,"comment_status":"closed","ping_status":"closed","template":"","meta":{"episode_type":"","audio_file":"","podmotor_file_id":"","podmotor_episode_id":"","cover_image":"","cover_image_id":"","duration":"","filesize":"","filesize_raw":"","date_recorded":"","explicit":"","block":"","itunes_episode_number":"","itunes_title":"","itunes_season_number":"","itunes_episode_type":"","footnotes":""},"categories":[],"tags":[],"class_list":["post-796","page","type-page","status-publish","hentry"],"publishpress_future_action":{"enabled":false,"date":"2026-04-10 17:07:54","action":"change-status","newStatus":"draft","terms":[],"taxonomy":"category","extraData":[]},"publishpress_future_workflow_manual_trigger":{"enabledWorkflows":[]},"_links":{"self":[{"href":"https:\/\/www.oaxaca.gob.mx\/cao\/wp-json\/wp\/v2\/pages\/796","targetHints":{"allow":["GET"]}}],"collection":[{"href":"https:\/\/www.oaxaca.gob.mx\/cao\/wp-json\/wp\/v2\/pages"}],"about":[{"href":"https:\/\/www.oaxaca.gob.mx\/cao\/wp-json\/wp\/v2\/types\/page"}],"author":[{"embeddable":true,"href":"https:\/\/www.oaxaca.gob.mx\/cao\/wp-json\/wp\/v2\/users\/1"}],"replies":[{"embeddable":true,"href":"https:\/\/www.oaxaca.gob.mx\/cao\/wp-json\/wp\/v2\/comments?post=796"}],"version-history":[{"count":11,"href":"https:\/\/www.oaxaca.gob.mx\/cao\/wp-json\/wp\/v2\/pages\/796\/revisions"}],"predecessor-version":[{"id":15155,"href":"https:\/\/www.oaxaca.gob.mx\/cao\/wp-json\/wp\/v2\/pages\/796\/revisions\/15155"}],"wp:attachment":[{"href":"https:\/\/www.oaxaca.gob.mx\/cao\/wp-json\/wp\/v2\/media?parent=796"}],"wp:term":[{"taxonomy":"category","embeddable":true,"href":"https:\/\/www.oaxaca.gob.mx\/cao\/wp-json\/wp\/v2\/categories?post=796"},{"taxonomy":"post_tag","embeddable":true,"href":"https:\/\/www.oaxaca.gob.mx\/cao\/wp-json\/wp\/v2\/tags?post=796"}],"curies":[{"name":"wp","href":"https:\/\/api.w.org\/{rel}","templated":true}]}}