{"id":2560,"date":"2018-02-19T13:04:01","date_gmt":"2018-02-19T18:04:01","guid":{"rendered":"https:\/\/www.oaxaca.gob.mx\/cao\/?page_id=2560"},"modified":"2021-08-27T13:56:07","modified_gmt":"2021-08-27T18:56:07","slug":"boletines-ano-2018","status":"publish","type":"page","link":"https:\/\/www.oaxaca.gob.mx\/cao\/boletines-ano-2018\/","title":{"rendered":"Boletines A\u00f1o 2018"},"content":{"rendered":"<div class=\"su-posts su-posts-default-loop\">\r\n\t\r\n\t\t\t\t<div id=\"su-post-4168\" class=\"su-post\">\r\n\t\t\t\t\t\t\t\t\t\t\t<a class=\"su-post-thumbnail\" href=\"https:\/\/www.oaxaca.gob.mx\/cao\/culminan-reconstruccion-de-caminos-en-tuxtepec\/\"><img loading=\"lazy\" decoding=\"async\" width=\"952\" height=\"400\" src=\"https:\/\/www.oaxaca.gob.mx\/cao\/wp-content\/uploads\/sites\/5\/2018\/11\/tuxtepec.png\" class=\"attachment-post-thumbnail size-post-thumbnail wp-post-image\" alt=\"CULMINAN RECONSTRUCCI\u00d3N DE CAMINOS EN TUXTEPEC.\" srcset=\"https:\/\/www.oaxaca.gob.mx\/cao\/wp-content\/uploads\/sites\/5\/2018\/11\/tuxtepec.png 952w, https:\/\/www.oaxaca.gob.mx\/cao\/wp-content\/uploads\/sites\/5\/2018\/11\/tuxtepec-300x126.png 300w, https:\/\/www.oaxaca.gob.mx\/cao\/wp-content\/uploads\/sites\/5\/2018\/11\/tuxtepec-768x323.png 768w\" sizes=\"auto, (max-width: 952px) 100vw, 952px\" title=\"CULMINAN RECONSTRUCCI\u00d3N DE CAMINOS EN TUXTEPEC.\" \/><\/a>\r\n\t\t\t\t\t\t\t\t\t\t<h2 class=\"su-post-title\"><a href=\"https:\/\/www.oaxaca.gob.mx\/cao\/culminan-reconstruccion-de-caminos-en-tuxtepec\/\">CULMINAN RECONSTRUCCI\u00d3N DE CAMINOS EN TUXTEPEC.<\/a><\/h2>\r\n\t\t\t\t\t<div class=\"su-post-meta\">Publicado: 27 noviembre, 2018<\/div>\r\n\t\t\t\t\t<div class=\"su-post-excerpt\">\r\n\t\t\t\t\t\t<p>&nbsp; En la reconstrucci\u00f3n se invirtieron 47.8 mdp. Reyes Mantec\u00f3n, Oax. 22 de Noviembre del 2018.&nbsp;En gira de trabajo por la regi\u00f3n de la cuenca del Papaloapan, el titular del ejecutivo, Mtro. Alejandro Murat Hinojosa, Eviel Perez Maga\u00f1a, Secretario de Desarrollo Social, en compa\u00f1\u00eda del titular de CAO David Mayr\u00e9n Carrasco inauguraron el tramo carretero [&hellip;]<\/p>\n\t\t\t\t\t<\/div>\r\n\t\t\t\t\t<a href=\"https:\/\/www.oaxaca.gob.mx\/cao\/culminan-reconstruccion-de-caminos-en-tuxtepec\/#respond\" class=\"su-post-comments-link\">0 comentarios<\/a>\r\n\t\t\t\t<\/div>\r\n\r\n\t\t\t\t\r\n\t\t\t\t<div id=\"su-post-4143\" class=\"su-post\">\r\n\t\t\t\t\t\t\t\t\t\t\t<a class=\"su-post-thumbnail\" href=\"https:\/\/www.oaxaca.gob.mx\/cao\/se-amplia-a-cuatro-carriles-carretera-a-mitla\/\"><img loading=\"lazy\" decoding=\"async\" width=\"952\" height=\"400\" src=\"https:\/\/www.oaxaca.gob.mx\/cao\/wp-content\/uploads\/sites\/5\/2018\/11\/mitla.png\" class=\"attachment-post-thumbnail size-post-thumbnail wp-post-image\" alt=\"SE AMPL\u00cdA A CUATRO CARRILES CARRETERA A MITLA.\" srcset=\"https:\/\/www.oaxaca.gob.mx\/cao\/wp-content\/uploads\/sites\/5\/2018\/11\/mitla.png 952w, https:\/\/www.oaxaca.gob.mx\/cao\/wp-content\/uploads\/sites\/5\/2018\/11\/mitla-300x126.png 300w, https:\/\/www.oaxaca.gob.mx\/cao\/wp-content\/uploads\/sites\/5\/2018\/11\/mitla-768x323.png 768w\" sizes=\"auto, (max-width: 952px) 100vw, 952px\" title=\"SE AMPL\u00cdA A CUATRO CARRILES CARRETERA A MITLA.\" \/><\/a>\r\n\t\t\t\t\t\t\t\t\t\t<h2 class=\"su-post-title\"><a href=\"https:\/\/www.oaxaca.gob.mx\/cao\/se-amplia-a-cuatro-carriles-carretera-a-mitla\/\">SE AMPL\u00cdA A CUATRO CARRILES CARRETERA A MITLA.<\/a><\/h2>\r\n\t\t\t\t\t<div class=\"su-post-meta\">Publicado: 23 noviembre, 2018<\/div>\r\n\t\t\t\t\t<div class=\"su-post-excerpt\">\r\n\t\t\t\t\t\t<p>&nbsp; La ampliaci\u00f3n abarcar\u00e1 3.5 kil\u00f3metros de carretera. Reyes Mantec\u00f3n, Oax. 22 de Noviembre del 2018.&nbsp;El Gobierno del Estado de Oaxaca dio inicio a los trabajos de ampliaci\u00f3n a cuatro carriles de la carretera internacional que conduce a San Pablo Villa de Mitla, que ejecutara Caminos y Aeropistas de Oaxaca. El Director de esta entidad [&hellip;]<\/p>\n\t\t\t\t\t<\/div>\r\n\t\t\t\t\t<a href=\"https:\/\/www.oaxaca.gob.mx\/cao\/se-amplia-a-cuatro-carriles-carretera-a-mitla\/#comments\" class=\"su-post-comments-link\">1 comentario<\/a>\r\n\t\t\t\t<\/div>\r\n\r\n\t\t\t\t\r\n\t\t\t\t<div id=\"su-post-4127\" class=\"su-post\">\r\n\t\t\t\t\t\t\t\t\t\t\t<a class=\"su-post-thumbnail\" href=\"https:\/\/www.oaxaca.gob.mx\/cao\/se-avanza-en-la-construccion-de-nuevos-caminos\/\"><img loading=\"lazy\" decoding=\"async\" width=\"952\" height=\"400\" src=\"https:\/\/www.oaxaca.gob.mx\/cao\/wp-content\/uploads\/sites\/5\/2018\/11\/zoyolapam.png\" class=\"attachment-post-thumbnail size-post-thumbnail wp-post-image\" alt=\"SE AVANZA EN LA CONSTRUCCI\u00d3N DE NUEVOS CAMINOS.\" srcset=\"https:\/\/www.oaxaca.gob.mx\/cao\/wp-content\/uploads\/sites\/5\/2018\/11\/zoyolapam.png 952w, https:\/\/www.oaxaca.gob.mx\/cao\/wp-content\/uploads\/sites\/5\/2018\/11\/zoyolapam-300x126.png 300w, https:\/\/www.oaxaca.gob.mx\/cao\/wp-content\/uploads\/sites\/5\/2018\/11\/zoyolapam-768x323.png 768w\" sizes=\"auto, (max-width: 952px) 100vw, 952px\" title=\"SE AVANZA EN LA CONSTRUCCI\u00d3N DE NUEVOS CAMINOS.\" \/><\/a>\r\n\t\t\t\t\t\t\t\t\t\t<h2 class=\"su-post-title\"><a href=\"https:\/\/www.oaxaca.gob.mx\/cao\/se-avanza-en-la-construccion-de-nuevos-caminos\/\">SE AVANZA EN LA CONSTRUCCI\u00d3N DE NUEVOS CAMINOS.<\/a><\/h2>\r\n\t\t\t\t\t<div class=\"su-post-meta\">Publicado: 22 noviembre, 2018<\/div>\r\n\t\t\t\t\t<div class=\"su-post-excerpt\">\r\n\t\t\t\t\t\t<p>&nbsp; Se concluyen trabajos de apertura de 1.5 kil\u00f3metros de camino en la Sierra Norte. Reyes Mantec\u00f3n, Oax. 20 de Noviembre del 2018.&nbsp;.- Con el firme prop\u00f3sito de atender las demandas de la poblaci\u00f3n en la apertura de nuevos caminos que conecten no solo a localidades, tambi\u00e9n buscando propiciar la interconectividad entre regiones, el Gobierno [&hellip;]<\/p>\n\t\t\t\t\t<\/div>\r\n\t\t\t\t\t<a href=\"https:\/\/www.oaxaca.gob.mx\/cao\/se-avanza-en-la-construccion-de-nuevos-caminos\/#respond\" class=\"su-post-comments-link\">0 comentarios<\/a>\r\n\t\t\t\t<\/div>\r\n\r\n\t\t\t\t\r\n\t\t\t\t<div id=\"su-post-4063\" class=\"su-post\">\r\n\t\t\t\t\t\t\t\t\t\t\t<a class=\"su-post-thumbnail\" href=\"https:\/\/www.oaxaca.gob.mx\/cao\/se-sensibiliza-a-personal-de-cao-en-temas-de-violencia-de-genero\/\"><img loading=\"lazy\" decoding=\"async\" width=\"952\" height=\"400\" src=\"https:\/\/www.oaxaca.gob.mx\/cao\/wp-content\/uploads\/sites\/5\/2018\/11\/taller.png\" class=\"attachment-post-thumbnail size-post-thumbnail wp-post-image\" alt=\"SE SENSIBILIZA A PERSONAL DE CAO EN TEMAS DE VIOLENCIA DE G\u00c9NERO.\" srcset=\"https:\/\/www.oaxaca.gob.mx\/cao\/wp-content\/uploads\/sites\/5\/2018\/11\/taller.png 952w, https:\/\/www.oaxaca.gob.mx\/cao\/wp-content\/uploads\/sites\/5\/2018\/11\/taller-300x126.png 300w, https:\/\/www.oaxaca.gob.mx\/cao\/wp-content\/uploads\/sites\/5\/2018\/11\/taller-768x323.png 768w\" sizes=\"auto, (max-width: 952px) 100vw, 952px\" title=\"SE SENSIBILIZA A PERSONAL DE CAO EN TEMAS DE VIOLENCIA DE G\u00c9NERO.\" \/><\/a>\r\n\t\t\t\t\t\t\t\t\t\t<h2 class=\"su-post-title\"><a href=\"https:\/\/www.oaxaca.gob.mx\/cao\/se-sensibiliza-a-personal-de-cao-en-temas-de-violencia-de-genero\/\">SE SENSIBILIZA A PERSONAL DE CAO EN TEMAS DE VIOLENCIA DE G\u00c9NERO.<\/a><\/h2>\r\n\t\t\t\t\t<div class=\"su-post-meta\">Publicado: 15 noviembre, 2018<\/div>\r\n\t\t\t\t\t<div class=\"su-post-excerpt\">\r\n\t\t\t\t\t\t<p>#datos {border:1px solid #ccc;padding:5px;} #datos th {background: #fff;padding:30px; text-align:center;} #datos tr:nth-child(even) {background:#eee;padding:10px;} #datos td {border:1px solid #ccc;padding:10px; text-align:center;} &lt;!&#8211; Place somewhere in the of your page &#8211;&gt; &nbsp; &nbsp; Reyes Mantec\u00f3n,Oax, 14 de Noviembre de 2018.&nbsp;En el marco del D\u00eda Naranja y la campa\u00f1a \u201cCero Tolerancia a la Violencia hacia la Mujer\u201d la Secretaria de [&hellip;]<\/p>\n\t\t\t\t\t<\/div>\r\n\t\t\t\t\t<a href=\"https:\/\/www.oaxaca.gob.mx\/cao\/se-sensibiliza-a-personal-de-cao-en-temas-de-violencia-de-genero\/#respond\" class=\"su-post-comments-link\">0 comentarios<\/a>\r\n\t\t\t\t<\/div>\r\n\r\n\t\t\t\t\r\n\t\t\t\t<div id=\"su-post-4048\" class=\"su-post\">\r\n\t\t\t\t\t\t\t\t\t\t\t<a class=\"su-post-thumbnail\" href=\"https:\/\/www.oaxaca.gob.mx\/cao\/se-atienden-tramos-afectados-por-tormenta-tropical-vicente\/\"><img loading=\"lazy\" decoding=\"async\" width=\"952\" height=\"400\" src=\"https:\/\/www.oaxaca.gob.mx\/cao\/wp-content\/uploads\/sites\/5\/2018\/11\/lluvias.png\" class=\"attachment-post-thumbnail size-post-thumbnail wp-post-image\" alt=\"SE ATIENDEN TRAMOS AFECTADOS POR TORMENTA TROPICAL \u201cVICENTE\u201d\" srcset=\"https:\/\/www.oaxaca.gob.mx\/cao\/wp-content\/uploads\/sites\/5\/2018\/11\/lluvias.png 952w, https:\/\/www.oaxaca.gob.mx\/cao\/wp-content\/uploads\/sites\/5\/2018\/11\/lluvias-300x126.png 300w, https:\/\/www.oaxaca.gob.mx\/cao\/wp-content\/uploads\/sites\/5\/2018\/11\/lluvias-768x323.png 768w\" sizes=\"auto, (max-width: 952px) 100vw, 952px\" title=\"SE ATIENDEN TRAMOS AFECTADOS POR TORMENTA TROPICAL \u201cVICENTE\u201d\" \/><\/a>\r\n\t\t\t\t\t\t\t\t\t\t<h2 class=\"su-post-title\"><a href=\"https:\/\/www.oaxaca.gob.mx\/cao\/se-atienden-tramos-afectados-por-tormenta-tropical-vicente\/\">SE ATIENDEN TRAMOS AFECTADOS POR TORMENTA TROPICAL \u201cVICENTE\u201d<\/a><\/h2>\r\n\t\t\t\t\t<div class=\"su-post-meta\">Publicado: 8 noviembre, 2018<\/div>\r\n\t\t\t\t\t<div class=\"su-post-excerpt\">\r\n\t\t\t\t\t\t<p>Reyes Mantec\u00f3n, Oax. 27 de Octubre del 2018.&nbsp;.- El gobierno del Estado a trav\u00e9s de Caminos y Aeropistas de Oaxaca (CAO), en coordinaci\u00f3n con la Secretaria de Comunicaciones y Transportes (SCT) y Municipios afectados por las lluvias provocadas por la Tormenta Tropical \u201cVicente\u201d trabajan para restablecer el tr\u00e1nsito vehicular en los 219 tramos afectados. El [&hellip;]<\/p>\n\t\t\t\t\t<\/div>\r\n\t\t\t\t\t<a href=\"https:\/\/www.oaxaca.gob.mx\/cao\/se-atienden-tramos-afectados-por-tormenta-tropical-vicente\/#respond\" class=\"su-post-comments-link\">0 comentarios<\/a>\r\n\t\t\t\t<\/div>\r\n\r\n\t\t\t\t\r\n\t\t\t\t<div id=\"su-post-3982\" class=\"su-post\">\r\n\t\t\t\t\t\t\t\t\t\t\t<a class=\"su-post-thumbnail\" href=\"https:\/\/www.oaxaca.gob.mx\/cao\/se-contabilizan-203-tramos-carreteros-afectados-cao\/\"><img loading=\"lazy\" decoding=\"async\" width=\"952\" height=\"400\" src=\"https:\/\/www.oaxaca.gob.mx\/cao\/wp-content\/uploads\/sites\/5\/2018\/10\/tramo.png\" class=\"attachment-post-thumbnail size-post-thumbnail wp-post-image\" alt=\"Se contabilizan 203 tramos carreteros afectados: CAO.\" srcset=\"https:\/\/www.oaxaca.gob.mx\/cao\/wp-content\/uploads\/sites\/5\/2018\/10\/tramo.png 952w, https:\/\/www.oaxaca.gob.mx\/cao\/wp-content\/uploads\/sites\/5\/2018\/10\/tramo-300x126.png 300w, https:\/\/www.oaxaca.gob.mx\/cao\/wp-content\/uploads\/sites\/5\/2018\/10\/tramo-768x323.png 768w\" sizes=\"auto, (max-width: 952px) 100vw, 952px\" title=\"Se contabilizan 203 tramos carreteros afectados: CAO.\" \/><\/a>\r\n\t\t\t\t\t\t\t\t\t\t<h2 class=\"su-post-title\"><a href=\"https:\/\/www.oaxaca.gob.mx\/cao\/se-contabilizan-203-tramos-carreteros-afectados-cao\/\">Se contabilizan 203 tramos carreteros afectados: CAO.<\/a><\/h2>\r\n\t\t\t\t\t<div class=\"su-post-meta\">Publicado: 26 octubre, 2018<\/div>\r\n\t\t\t\t\t<div class=\"su-post-excerpt\">\r\n\t\t\t\t\t\t<p>Reyes Mantec\u00f3n, Oax. 26 de Octubre del 2018.&nbsp;El Gobierno del Estado a trav\u00e9s de Caminos y Aeropistas de Oaxaca (CAO), informa que derivado de las lluvias provocadas por la Tormenta Tropical \u201cVicente\u201d hasta el momento se encuentran 30 localidades incomunicadas por la existencia de 203 tramos carreteros afectados por derrumbes y deslaves. De las 30 [&hellip;]<\/p>\n\t\t\t\t\t<\/div>\r\n\t\t\t\t\t<a href=\"https:\/\/www.oaxaca.gob.mx\/cao\/se-contabilizan-203-tramos-carreteros-afectados-cao\/#respond\" class=\"su-post-comments-link\">0 comentarios<\/a>\r\n\t\t\t\t<\/div>\r\n\r\n\t\t\t\t\r\n\t\t\t\t<div id=\"su-post-3872\" class=\"su-post\">\r\n\t\t\t\t\t\t\t\t\t\t\t<a class=\"su-post-thumbnail\" href=\"https:\/\/www.oaxaca.gob.mx\/cao\/entrega-de-reconocimientos-a-trabajadores-de-cao\/\"><img loading=\"lazy\" decoding=\"async\" width=\"952\" height=\"400\" src=\"https:\/\/www.oaxaca.gob.mx\/cao\/wp-content\/uploads\/sites\/5\/2018\/10\/entrega.png\" class=\"attachment-post-thumbnail size-post-thumbnail wp-post-image\" alt=\"ENTREGA DE RECONOCIMIENTOS A TRABAJADORES DE CAO.\" srcset=\"https:\/\/www.oaxaca.gob.mx\/cao\/wp-content\/uploads\/sites\/5\/2018\/10\/entrega.png 952w, https:\/\/www.oaxaca.gob.mx\/cao\/wp-content\/uploads\/sites\/5\/2018\/10\/entrega-300x126.png 300w, https:\/\/www.oaxaca.gob.mx\/cao\/wp-content\/uploads\/sites\/5\/2018\/10\/entrega-768x323.png 768w\" sizes=\"auto, (max-width: 952px) 100vw, 952px\" title=\"ENTREGA DE RECONOCIMIENTOS A TRABAJADORES DE CAO.\" \/><\/a>\r\n\t\t\t\t\t\t\t\t\t\t<h2 class=\"su-post-title\"><a href=\"https:\/\/www.oaxaca.gob.mx\/cao\/entrega-de-reconocimientos-a-trabajadores-de-cao\/\">ENTREGA DE RECONOCIMIENTOS A TRABAJADORES DE CAO.<\/a><\/h2>\r\n\t\t\t\t\t<div class=\"su-post-meta\">Publicado: 17 octubre, 2018<\/div>\r\n\t\t\t\t\t<div class=\"su-post-excerpt\">\r\n\t\t\t\t\t\t<p>Oaxaca de Ju\u00e1rez, Oax. 17 de Octubre del 2018.&nbsp;Al reconocer el trabajo y trayectoria de los servidores p\u00fablicos de Caminos y Aeropistas de Oaxaca, el director de esta entidad, Ing. David Mayren Carrasco entreg\u00f3 medallas de plata y oro al personal que labora en esta instituci\u00f3n. En el marco de la celebraci\u00f3n del \u201cD\u00eda del [&hellip;]<\/p>\n\t\t\t\t\t<\/div>\r\n\t\t\t\t\t<a href=\"https:\/\/www.oaxaca.gob.mx\/cao\/entrega-de-reconocimientos-a-trabajadores-de-cao\/#respond\" class=\"su-post-comments-link\">0 comentarios<\/a>\r\n\t\t\t\t<\/div>\r\n\r\n\t\t\t\t\r\n\t\t\t\t<div id=\"su-post-3766\" class=\"su-post\">\r\n\t\t\t\t\t\t\t\t\t\t\t<a class=\"su-post-thumbnail\" href=\"https:\/\/www.oaxaca.gob.mx\/cao\/titular-de-cao-convoca-a-consolidar-las-acciones-del-gobierno-con-unidad-y-compromiso\/\"><img loading=\"lazy\" decoding=\"async\" width=\"952\" height=\"400\" src=\"https:\/\/www.oaxaca.gob.mx\/cao\/wp-content\/uploads\/sites\/5\/2018\/10\/izamiento1.png\" class=\"attachment-post-thumbnail size-post-thumbnail wp-post-image\" alt=\"TITULAR DE CAO CONVOCA A CONSOLIDAR LAS ACCIONES DEL GOBIERNO CON UNIDAD Y COMPROMISO.\" srcset=\"https:\/\/www.oaxaca.gob.mx\/cao\/wp-content\/uploads\/sites\/5\/2018\/10\/izamiento1.png 952w, https:\/\/www.oaxaca.gob.mx\/cao\/wp-content\/uploads\/sites\/5\/2018\/10\/izamiento1-300x126.png 300w, https:\/\/www.oaxaca.gob.mx\/cao\/wp-content\/uploads\/sites\/5\/2018\/10\/izamiento1-768x323.png 768w\" sizes=\"auto, (max-width: 952px) 100vw, 952px\" title=\"TITULAR DE CAO CONVOCA A CONSOLIDAR LAS ACCIONES DEL GOBIERNO CON UNIDAD Y COMPROMISO.\" \/><\/a>\r\n\t\t\t\t\t\t\t\t\t\t<h2 class=\"su-post-title\"><a href=\"https:\/\/www.oaxaca.gob.mx\/cao\/titular-de-cao-convoca-a-consolidar-las-acciones-del-gobierno-con-unidad-y-compromiso\/\">TITULAR DE CAO CONVOCA A CONSOLIDAR LAS ACCIONES DEL GOBIERNO CON UNIDAD Y COMPROMISO.<\/a><\/h2>\r\n\t\t\t\t\t<div class=\"su-post-meta\">Publicado: 1 octubre, 2018<\/div>\r\n\t\t\t\t\t<div class=\"su-post-excerpt\">\r\n\t\t\t\t\t\t<p>Oaxaca de Ju\u00e1rez, Oax. 29 de Septiembre del 2018.&nbsp;Al encabezar la ceremonia de izamiento de l\u00e1baro patrio en el marco del programa \u201cSeptiembre mes de la Patria\u201d, el Director de Caminos y Aeropistas de Oaxaca, Ing. David Miguel Mayr\u00e9n Carrasco, record\u00f3 que en el presente prevalecen los valores, ideario pol\u00edtico e institucional por mantener una [&hellip;]<\/p>\n\t\t\t\t\t<\/div>\r\n\t\t\t\t\t<a href=\"https:\/\/www.oaxaca.gob.mx\/cao\/titular-de-cao-convoca-a-consolidar-las-acciones-del-gobierno-con-unidad-y-compromiso\/#respond\" class=\"su-post-comments-link\">0 comentarios<\/a>\r\n\t\t\t\t<\/div>\r\n\r\n\t\t\t\t\r\n\t\t\t\t<div id=\"su-post-3740\" class=\"su-post\">\r\n\t\t\t\t\t\t\t\t\t\t\t<a class=\"su-post-thumbnail\" href=\"https:\/\/www.oaxaca.gob.mx\/cao\/ofrecera-icapet-capacitacion-y-certificacion-de-competencias-laborales-a-trabajadores-de-cao\/\"><img loading=\"lazy\" decoding=\"async\" width=\"952\" height=\"400\" src=\"https:\/\/www.oaxaca.gob.mx\/cao\/wp-content\/uploads\/sites\/5\/2018\/09\/icapet02.png\" class=\"attachment-post-thumbnail size-post-thumbnail wp-post-image\" alt=\"Ofrecer\u00e1 ICAPET capacitaci\u00f3n y certificaci\u00f3n de competencias laborales a trabajadores de CAO.\" srcset=\"https:\/\/www.oaxaca.gob.mx\/cao\/wp-content\/uploads\/sites\/5\/2018\/09\/icapet02.png 952w, https:\/\/www.oaxaca.gob.mx\/cao\/wp-content\/uploads\/sites\/5\/2018\/09\/icapet02-300x126.png 300w, https:\/\/www.oaxaca.gob.mx\/cao\/wp-content\/uploads\/sites\/5\/2018\/09\/icapet02-768x323.png 768w\" sizes=\"auto, (max-width: 952px) 100vw, 952px\" title=\"Ofrecer\u00e1 ICAPET capacitaci\u00f3n y certificaci\u00f3n de competencias laborales a trabajadores de CAO.\" \/><\/a>\r\n\t\t\t\t\t\t\t\t\t\t<h2 class=\"su-post-title\"><a href=\"https:\/\/www.oaxaca.gob.mx\/cao\/ofrecera-icapet-capacitacion-y-certificacion-de-competencias-laborales-a-trabajadores-de-cao\/\">Ofrecer\u00e1 ICAPET capacitaci\u00f3n y certificaci\u00f3n de competencias laborales a trabajadores de CAO.<\/a><\/h2>\r\n\t\t\t\t\t<div class=\"su-post-meta\">Publicado: 21 septiembre, 2018<\/div>\r\n\t\t\t\t\t<div class=\"su-post-excerpt\">\r\n\t\t\t\t\t\t<p>Oaxaca de Ju\u00e1rez, Oax. 20 de Septiembre del 2018.&nbsp;A trav\u00e9s de la firma de un convenio de colaboraci\u00f3n interinstitucional, el Instituto de Capacitaci\u00f3n y Productividad para el Trabajo del Estado de Oaxaca (Icapet) y Caminos y Aeropistas de Oaxaca (CAO) podr\u00e1n desarrollar programas de capacitaci\u00f3n y certificaci\u00f3n de competencias laborales. Las sinergias con este organismo [&hellip;]<\/p>\n\t\t\t\t\t<\/div>\r\n\t\t\t\t\t<a href=\"https:\/\/www.oaxaca.gob.mx\/cao\/ofrecera-icapet-capacitacion-y-certificacion-de-competencias-laborales-a-trabajadores-de-cao\/#respond\" class=\"su-post-comments-link\">0 comentarios<\/a>\r\n\t\t\t\t<\/div>\r\n\r\n\t\t\t\t\r\n\t\t\t\t<div id=\"su-post-3722\" class=\"su-post\">\r\n\t\t\t\t\t\t\t\t\t\t\t<a class=\"su-post-thumbnail\" href=\"https:\/\/www.oaxaca.gob.mx\/cao\/inaugura-gobierno-de-oaxaca-reconstruccion-de-tramos-carreteros-en-la-sierra-norte\/\"><img loading=\"lazy\" decoding=\"async\" width=\"952\" height=\"400\" src=\"https:\/\/www.oaxaca.gob.mx\/cao\/wp-content\/uploads\/sites\/5\/2018\/09\/capulalpam.png\" class=\"attachment-post-thumbnail size-post-thumbnail wp-post-image\" alt=\"Inaugura Gobierno de Oaxaca reconstrucci\u00f3n de tramos carreteros en la Sierra Norte.\" srcset=\"https:\/\/www.oaxaca.gob.mx\/cao\/wp-content\/uploads\/sites\/5\/2018\/09\/capulalpam.png 952w, https:\/\/www.oaxaca.gob.mx\/cao\/wp-content\/uploads\/sites\/5\/2018\/09\/capulalpam-300x126.png 300w, https:\/\/www.oaxaca.gob.mx\/cao\/wp-content\/uploads\/sites\/5\/2018\/09\/capulalpam-768x323.png 768w\" sizes=\"auto, (max-width: 952px) 100vw, 952px\" title=\"Inaugura Gobierno de Oaxaca reconstrucci\u00f3n de tramos carreteros en la Sierra Norte.\" \/><\/a>\r\n\t\t\t\t\t\t\t\t\t\t<h2 class=\"su-post-title\"><a href=\"https:\/\/www.oaxaca.gob.mx\/cao\/inaugura-gobierno-de-oaxaca-reconstruccion-de-tramos-carreteros-en-la-sierra-norte\/\">Inaugura Gobierno de Oaxaca reconstrucci\u00f3n de tramos carreteros en la Sierra Norte.<\/a><\/h2>\r\n\t\t\t\t\t<div class=\"su-post-meta\">Publicado: 13 septiembre, 2018<\/div>\r\n\t\t\t\t\t<div class=\"su-post-excerpt\">\r\n\t\t\t\t\t\t<p>Capul\u00e1lpam de M\u00e9ndez, Oax. 13 de Septiembre del 2018.&nbsp;Durante una gira de trabajo en la Sierra Norte, el Coordinador General del Comit\u00e9 Estatal de Planeaci\u00f3n para el Desarrollo de Oaxaca (Coplade) Sergio Vera D\u00edaz y el Director General de Caminos y Aeropistas de Oaxaca (CAO) David Mayr\u00e9n Carrasco, inauguraron la reconstrucci\u00f3n de tramos carreteros que [&hellip;]<\/p>\n\t\t\t\t\t<\/div>\r\n\t\t\t\t\t<a href=\"https:\/\/www.oaxaca.gob.mx\/cao\/inaugura-gobierno-de-oaxaca-reconstruccion-de-tramos-carreteros-en-la-sierra-norte\/#respond\" class=\"su-post-comments-link\">0 comentarios<\/a>\r\n\t\t\t\t<\/div>\r\n\r\n\t\t\t\t\t\t<div class=\"row\">\r\n            <div class=\"col-md-6 text-left\"><h5><a href=\"https:\/\/www.oaxaca.gob.mx\/cao\/wp-json\/wp\/v2\/pages\/2560\/page\/2\/\" >Noticias anteriores<\/a><\/h5><\/div>\r\n            <div class=\"col-md-6 text-right\"><h5><\/h5><\/div>\r\n        <\/div>\r\n        <\/div>\n","protected":false},"excerpt":{"rendered":"","protected":false},"author":1,"featured_media":0,"parent":0,"menu_order":0,"comment_status":"closed","ping_status":"closed","template":"","meta":{"episode_type":"","audio_file":"","podmotor_file_id":"","podmotor_episode_id":"","cover_image":"","cover_image_id":"","duration":"","filesize":"","filesize_raw":"","date_recorded":"","explicit":"","block":"","itunes_episode_number":"","itunes_title":"","itunes_season_number":"","itunes_episode_type":"","footnotes":""},"categories":[],"tags":[],"class_list":["post-2560","page","type-page","status-publish","hentry"],"publishpress_future_action":{"enabled":false,"date":"2026-05-11 17:01:29","action":"change-status","newStatus":"draft","terms":[],"taxonomy":"category","extraData":[]},"publishpress_future_workflow_manual_trigger":{"enabledWorkflows":[]},"_links":{"self":[{"href":"https:\/\/www.oaxaca.gob.mx\/cao\/wp-json\/wp\/v2\/pages\/2560","targetHints":{"allow":["GET"]}}],"collection":[{"href":"https:\/\/www.oaxaca.gob.mx\/cao\/wp-json\/wp\/v2\/pages"}],"about":[{"href":"https:\/\/www.oaxaca.gob.mx\/cao\/wp-json\/wp\/v2\/types\/page"}],"author":[{"embeddable":true,"href":"https:\/\/www.oaxaca.gob.mx\/cao\/wp-json\/wp\/v2\/users\/1"}],"replies":[{"embeddable":true,"href":"https:\/\/www.oaxaca.gob.mx\/cao\/wp-json\/wp\/v2\/comments?post=2560"}],"version-history":[{"count":3,"href":"https:\/\/www.oaxaca.gob.mx\/cao\/wp-json\/wp\/v2\/pages\/2560\/revisions"}],"predecessor-version":[{"id":11629,"href":"https:\/\/www.oaxaca.gob.mx\/cao\/wp-json\/wp\/v2\/pages\/2560\/revisions\/11629"}],"wp:attachment":[{"href":"https:\/\/www.oaxaca.gob.mx\/cao\/wp-json\/wp\/v2\/media?parent=2560"}],"wp:term":[{"taxonomy":"category","embeddable":true,"href":"https:\/\/www.oaxaca.gob.mx\/cao\/wp-json\/wp\/v2\/categories?post=2560"},{"taxonomy":"post_tag","embeddable":true,"href":"https:\/\/www.oaxaca.gob.mx\/cao\/wp-json\/wp\/v2\/tags?post=2560"}],"curies":[{"name":"wp","href":"https:\/\/api.w.org\/{rel}","templated":true}]}}