{"id":12836,"date":"2022-01-12T17:09:37","date_gmt":"2022-01-12T23:09:37","guid":{"rendered":"https:\/\/www.oaxaca.gob.mx\/cao\/?page_id=12836"},"modified":"2022-01-12T17:17:01","modified_gmt":"2022-01-12T23:17:01","slug":"registro-digital-014","status":"publish","type":"page","link":"https:\/\/www.oaxaca.gob.mx\/cao\/registro-digital-014\/","title":{"rendered":"REGISTRO DIGITAL 014"},"content":{"rendered":"<p><!-- Registro Digital 014 --><\/p>\n<p style=\"text-align: right\"><a href=\"https:\/\/www.oaxaca.gob.mx\/cao\/registro-digital-013\/\" class=\"su-button su-button-style-default\" style=\"color:#000000;background-color:#acacac;border-color:#8a8a8a;border-radius:5px\" target=\"_self\"><span style=\"color:#000000;padding:6px 16px;font-size:13px;line-height:20px;border-color:#c5c5c5;border-radius:5px;text-shadow:1px 0px 2px #000000\"><i class=\"sui sui-arrow-down\" style=\"font-size:13px;color:#FFFFFF\"><\/i> <b>Anterior<\/b><\/span><\/a><a href=\"https:\/\/www.oaxaca.gob.mx\/cao\/registro-digital-015\/\" class=\"su-button su-button-style-default\" style=\"color:#000000;background-color:#acacac;border-color:#8a8a8a;border-radius:5px\" target=\"_self\"><span style=\"color:#000000;padding:6px 16px;font-size:13px;line-height:20px;border-color:#c5c5c5;border-radius:5px;text-shadow:1px 0px 2px #000000\"><i class=\"sui sui-arrow-up\" style=\"font-size:13px;color:#FFFFFF\"><\/i> <b>Siguiente<\/b><\/span><\/a>\n<p><h2><span style=\"text-align: justify;font-weight: bold\">Acuerdos tomados en la segunda sesi\u00f3n ordinaria del Comit\u00e9 de Transparencia del organismo p\u00fablico descentralizado Caminos y Aeropistas de Oaxaca, celebrada el d\u00eda 30 de abril del 2021.<\/span><\/h2>\n<\/p>\n<p>&nbsp;<\/p>\n<p><span style=\"font-weight: bold\">ACUERDO CONAIP\/SNT\/ACUERDO\/EXT01-05\/11\/2020-3.-<\/span>&nbsp;Que emite el CONSEJO NACIONAL DEL SISTEMA NACIONAL DE TRANSPARENCIA, ACCESO A LA INFORMACI\u00d3N P\u00daBLICA Y PROTECCI\u00d3N DE DATOS PERSONALES, mediante el cual se modifican los Lineamientos T\u00e9cnicos Generales para la publicaci\u00f3n, homologaci\u00f3n y estandarizaci\u00f3n de la informaci\u00f3n de las obligaciones de transparencia que debe difundir los sujetos obligados en los portales de internet y en la Plataforma Nacional de Transparencia.<\/p>\n<p style=\"text-align: justify\">Derivando el siguiente acuerdo: <span style=\"text-align: justify;font-weight: bold\">SE ORDENA A LA UNIDAD DE TRANSPARENCIA MONITOREAR Y EXHORTAR A LAS DIVERSAS \u00c1REAS ADMINISTRATIVAS, RESPONSABLES DE GENERAR, RESGUARDAR Y DIFUNDIR LA INFORMACI\u00d3N, PARA QUE AL MOMENTO DE CARGAR LA INFORMACI\u00d3N DE LAS OBLIGACIONES COMUNES Y ESPECIFICAS EN MATERIA DE TRANSPARENCIA, TOME EN CUENTA LAS MODIFICACIONES A LOS LINEAMIENTOS T\u00c9CNICOS GENERALES Y SE PRESTE ATENCI\u00d3N A LOS FORMATOS DE NUEVA CREACI\u00d3N Y QUE APLICAN A ESTE SUJETO OBLIGADO.<\/span><\/p>\n<p>&nbsp;<\/p>\n<p style=\"text-align: justify\"><a href=\"https:\/\/www.oaxaca.gob.mx\/cao\/acuerdos\/\" class=\"su-button su-button-style-default\" style=\"color:#000000;background-color:#acacac;border-color:#8a8a8a;border-radius:5px\" target=\"_self\"><span style=\"color:#000000;padding:6px 16px;font-size:13px;line-height:20px;border-color:#c5c5c5;border-radius:5px;text-shadow:1px 0px 2px #000000\"><i class=\"sui sui-undo\" style=\"font-size:13px;color:#FFFFFF\"><\/i> <b>Regresar&#8230;<\/b><\/span><\/a>\n","protected":false},"excerpt":{"rendered":"<p>Acuerdos tomados en la segunda sesi\u00f3n ordinaria del Comit\u00e9 de Transparencia del organismo p\u00fablico descentralizado Caminos y Aeropistas de Oaxaca, celebrada el d\u00eda 30 de abril del 2021. &nbsp; ACUERDO CONAIP\/SNT\/ACUERDO\/EXT01-05\/11\/2020-3.-&nbsp;Que emite el CONSEJO NACIONAL DEL SISTEMA NACIONAL DE TRANSPARENCIA, ACCESO A LA INFORMACI\u00d3N P\u00daBLICA Y PROTECCI\u00d3N DE DATOS PERSONALES, mediante el cual se modifican [&hellip;]<\/p>\n","protected":false},"author":2,"featured_media":0,"parent":0,"menu_order":0,"comment_status":"closed","ping_status":"closed","template":"","meta":{"episode_type":"","audio_file":"","podmotor_file_id":"","podmotor_episode_id":"","cover_image":"","cover_image_id":"","duration":"","filesize":"","filesize_raw":"","date_recorded":"","explicit":"","block":"","itunes_episode_number":"","itunes_title":"","itunes_season_number":"","itunes_episode_type":"","footnotes":""},"categories":[],"tags":[],"class_list":["post-12836","page","type-page","status-publish","hentry"],"publishpress_future_action":{"enabled":false,"date":"2026-05-16 05:34:03","action":"change-status","newStatus":"draft","terms":[],"taxonomy":"category","extraData":[]},"publishpress_future_workflow_manual_trigger":{"enabledWorkflows":[]},"_links":{"self":[{"href":"https:\/\/www.oaxaca.gob.mx\/cao\/wp-json\/wp\/v2\/pages\/12836","targetHints":{"allow":["GET"]}}],"collection":[{"href":"https:\/\/www.oaxaca.gob.mx\/cao\/wp-json\/wp\/v2\/pages"}],"about":[{"href":"https:\/\/www.oaxaca.gob.mx\/cao\/wp-json\/wp\/v2\/types\/page"}],"author":[{"embeddable":true,"href":"https:\/\/www.oaxaca.gob.mx\/cao\/wp-json\/wp\/v2\/users\/2"}],"replies":[{"embeddable":true,"href":"https:\/\/www.oaxaca.gob.mx\/cao\/wp-json\/wp\/v2\/comments?post=12836"}],"version-history":[{"count":8,"href":"https:\/\/www.oaxaca.gob.mx\/cao\/wp-json\/wp\/v2\/pages\/12836\/revisions"}],"predecessor-version":[{"id":12848,"href":"https:\/\/www.oaxaca.gob.mx\/cao\/wp-json\/wp\/v2\/pages\/12836\/revisions\/12848"}],"wp:attachment":[{"href":"https:\/\/www.oaxaca.gob.mx\/cao\/wp-json\/wp\/v2\/media?parent=12836"}],"wp:term":[{"taxonomy":"category","embeddable":true,"href":"https:\/\/www.oaxaca.gob.mx\/cao\/wp-json\/wp\/v2\/categories?post=12836"},{"taxonomy":"post_tag","embeddable":true,"href":"https:\/\/www.oaxaca.gob.mx\/cao\/wp-json\/wp\/v2\/tags?post=12836"}],"curies":[{"name":"wp","href":"https:\/\/api.w.org\/{rel}","templated":true}]}}