{"id":83,"date":"2017-04-06T23:28:45","date_gmt":"2017-04-07T05:28:45","guid":{"rendered":"http:\/\/www.cadh.oaxaca.gob.mx\/?page_id=83"},"modified":"2017-04-06T23:28:45","modified_gmt":"2017-04-07T05:28:45","slug":"mision-y-vision","status":"publish","type":"page","link":"https:\/\/www.oaxaca.gob.mx\/cadh\/mision-y-vision\/","title":{"rendered":"Misi\u00f3n, Visi\u00f3n y Objetivos"},"content":{"rendered":"<h3>Misi\u00f3n<\/h3>\n<p>Desarrollar la pol\u00edtica en materia de Derechos Humanos del Poder Ejecutivo del Estado de Oaxaca, sirviendo de enlace entre el Gobierno del Estado de Oaxaca y los organismos encargados de la protecci\u00f3n de los derechos humanos nacionales e internacionales, buscando generar en el Estado una cultura de derechos humanos.<\/p>\n<p>&nbsp;<\/p>\n<h3>Visi\u00f3n<\/h3>\n<p>Ser una instituci\u00f3n que fortalezca la cultura de respeto de los derechos humanos en el Estado, sabedores de que para que exista justicia y paz debe haber respeto a los derechos humanos, condiciones necesarias para el progreso y el desarrollo del Estado de Oaxaca.<\/p>\n<p>&nbsp;<\/p>\n<h3>Objetivo<\/h3>\n<p>Establecer y definir la pol\u00edtica en materia de Derechos Humanos en el Poder Ejecutivo del Estado de Oaxaca, coordinar la atenci\u00f3n de los derechos humanos,establecer la pol\u00edtica en esta materia,as\u00ed como atender y coordinar la respuesta a los requerimientos, recomendaciones, propuestas y dem\u00e1s solicitudes que formulen los \u00f3rganos de protecci\u00f3n de los derechos humanos nacionales e internacionales,coadyuvar con los \u00f3rganos de protecci\u00f3n de los derechos humanos en la divulgaci\u00f3n, promoci\u00f3n, conocimiento y capacitaci\u00f3n para consolidar una cultura de respeto a los derechos humanos en el Estado, promoviendo mecanismos de di\u00e1logo y trabajo coordinado con la sociedad civil tanto a nivel local, nacional e internacional, en los t\u00e9rminos del art\u00edculo 1\u00b0 de la Constituci\u00f3n Pol\u00edtica de los Estados Unidos Mexicanos, la Ley Org\u00e1nica del Poder Ejecutivo del Estado, las leyes federales y locales, as\u00ed como los reglamentos, decretos y acuerdos que emita el Titular del Poder Ejecutivo Estatal.\t\t<\/p>\n","protected":false},"excerpt":{"rendered":"<p>Misi\u00f3n Desarrollar la pol\u00edtica en materia de Derechos Humanos del Poder Ejecutivo del Estado de Oaxaca, sirviendo de enlace entre el Gobierno del Estado de Oaxaca y los organismos encargados de la protecci\u00f3n de los derechos humanos nacionales e internacionales, buscando generar en el Estado una cultura de derechos humanos. &nbsp; Visi\u00f3n Ser una instituci\u00f3n [&hellip;]<\/p>\n","protected":false},"author":1,"featured_media":0,"parent":0,"menu_order":0,"comment_status":"closed","ping_status":"closed","template":"","meta":{"episode_type":"","audio_file":"","podmotor_file_id":"","podmotor_episode_id":"","cover_image":"","cover_image_id":"","duration":"","filesize":"","filesize_raw":"","date_recorded":"","explicit":"","block":"","itunes_episode_number":"","itunes_title":"","itunes_season_number":"","itunes_episode_type":"","footnotes":""},"categories":[],"tags":[],"class_list":["post-83","page","type-page","status-publish","hentry"],"acf":[],"publishpress_future_action":{"enabled":false,"date":"2026-04-26 09:08:24","action":"change-status","newStatus":"draft","terms":[],"taxonomy":"category","extraData":[]},"publishpress_future_workflow_manual_trigger":{"enabledWorkflows":[]},"_links":{"self":[{"href":"https:\/\/www.oaxaca.gob.mx\/cadh\/wp-json\/wp\/v2\/pages\/83","targetHints":{"allow":["GET"]}}],"collection":[{"href":"https:\/\/www.oaxaca.gob.mx\/cadh\/wp-json\/wp\/v2\/pages"}],"about":[{"href":"https:\/\/www.oaxaca.gob.mx\/cadh\/wp-json\/wp\/v2\/types\/page"}],"author":[{"embeddable":true,"href":"https:\/\/www.oaxaca.gob.mx\/cadh\/wp-json\/wp\/v2\/users\/1"}],"replies":[{"embeddable":true,"href":"https:\/\/www.oaxaca.gob.mx\/cadh\/wp-json\/wp\/v2\/comments?post=83"}],"version-history":[{"count":0,"href":"https:\/\/www.oaxaca.gob.mx\/cadh\/wp-json\/wp\/v2\/pages\/83\/revisions"}],"wp:attachment":[{"href":"https:\/\/www.oaxaca.gob.mx\/cadh\/wp-json\/wp\/v2\/media?parent=83"}],"wp:term":[{"taxonomy":"category","embeddable":true,"href":"https:\/\/www.oaxaca.gob.mx\/cadh\/wp-json\/wp\/v2\/categories?post=83"},{"taxonomy":"post_tag","embeddable":true,"href":"https:\/\/www.oaxaca.gob.mx\/cadh\/wp-json\/wp\/v2\/tags?post=83"}],"curies":[{"name":"wp","href":"https:\/\/api.w.org\/{rel}","templated":true}]}}