{"id":22299,"date":"2025-08-22T12:37:54","date_gmt":"2025-08-22T18:37:54","guid":{"rendered":"https:\/\/www.oaxaca.gob.mx\/cabien\/?page_id=22299"},"modified":"2026-02-03T12:07:58","modified_gmt":"2026-02-03T18:07:58","slug":"obras-contratadas-ano-2025","status":"publish","type":"page","link":"https:\/\/www.oaxaca.gob.mx\/cabien\/obras-contratadas-ano-2025\/","title":{"rendered":"OBRAS CONTRATADAS A\u00d1O 2025"},"content":{"rendered":"<h5><strong>INFORMACI\u00d3N DE OBRA CONTRATADA A\u00d1O 2025<\/strong><\/h5>\n<p><\/p>\n<table border width=\"100%\">\n<tr style=\"background: #c6c6c6\">\n<th style=\"text-align: center;padding:10px\" rowspan=\"2\">OBRAS CONTRATADAS POR FUENTE DE FINANCIAMIENTO A\u00d1O 2025<\/th>\n<th style=\"text-align:center;padding:10px\" colspan=\"3\">TRIMESTRE<\/th>\n<\/tr>\n<tr style=\"background: #c6c6c6\">\n<th style=\"text-align: center;padding: 6px\">2do.<\/th>\n<th style=\"text-align:center;padding: 5px\">3er.<\/th>\n<th style=\"text-align:center;padding: 5px\">4to.<\/th>\n<\/tr>\n<tr style=\"background: #eee\">\n<td style=\"padding: 10px\">Obras Contratadas AOOP24<\/td>\n<td style=\"text-align:center;padding:10px\"><a title=\"Obras Contratadas AOOP24 al Segundo Trimestre\" href=\"\/cabien\/wp-content\/uploads\/sites\/90\/2025\/08\/OBRAS-CONTRATADAS-AOOP24-2025-2DO-TRIMESTRE.pdf\" target=\"_blank\" rel=\"noopener noreferrer\"><img decoding=\"async\" style=\"max-width: 30px;max-height: 30px\" src=\"\/cabien\/wp-content\/uploads\/sites\/90\/2023\/05\/descarga-pdf.png\" \/><\/a><\/td>\n<td style=\"text-align:center;padding:10px\"><a title=\"Obras Contratadas AOOP24 al Tercer Trimestre\" href=\"\/cabien\/wp-content\/uploads\/sites\/90\/2025\/10\/OBRAS-CONTRATADAS-2025-AOOP24.pdf\" target=\"_blank\" rel=\"noopener noreferrer\"><img decoding=\"async\" style=\"max-width: 30px;max-height: 30px\" src=\"\/cabien\/wp-content\/uploads\/sites\/90\/2023\/05\/descarga-pdf.png\" \/><\/a><\/td>\n<td style=\"text-align:center;padding:10px\"><a title=\"Obras Contratadas AOOP24 al Cuarto Trimestre\" href=\"\/cabien\/wp-content\/uploads\/sites\/90\/2026\/02\/OBRAS-CONTRATADAS-2025-AOOP24.pdf\" target=\"_blank\" rel=\"noopener noreferrer\"><img decoding=\"async\" style=\"max-width: 30px;max-height: 30px\" src=\"\/cabien\/wp-content\/uploads\/sites\/90\/2023\/05\/descarga-pdf.png\" \/><\/a><\/td>\n<\/tr>\n<tr style=\"background: #fff\">\n<td style=\"padding: 10px\">Obras Contratadas AF24<\/td>\n<td style=\"text-align:center;padding:10px\"><a title=\"Obras Contratadas AF24 al Segundo Trimestre\" href=\"\/cabien\/wp-content\/uploads\/sites\/90\/2025\/08\/OBRAS-CONTRATADAS-AF24-2025-2DO-TRIMESTRE.pdf\" target=\"_blank\" rel=\"noopener noreferrer\"><img decoding=\"async\" style=\"max-width: 30px;max-height: 30px\" src=\"\/cabien\/wp-content\/uploads\/sites\/90\/2023\/05\/descarga-pdf.png\" \/><\/a><\/td>\n<td style=\"text-align:center;padding:10px\"><a title=\"Obras Contratadas AF24 al Tercer Trimestre\" href=\"\/cabien\/wp-content\/uploads\/sites\/90\/2025\/10\/OBRAS-CONTRATADAS-2025-AF24.pdf\" target=\"_blank\" rel=\"noopener noreferrer\"><img decoding=\"async\" style=\"max-width: 30px;max-height: 30px\" src=\"\/cabien\/wp-content\/uploads\/sites\/90\/2023\/05\/descarga-pdf.png\" \/><\/a><\/td>\n<td style=\"text-align:center;padding:10px\"><a title=\"Obras Contratadas AF24 al Cuarto Trimestre\" href=\"\/cabien\/wp-content\/uploads\/sites\/90\/2026\/02\/OBRAS-CONTRATADAS-2025-AF24.pdf\" target=\"_blank\" rel=\"noopener noreferrer\"><img decoding=\"async\" style=\"max-width: 30px;max-height: 30px\" src=\"\/cabien\/wp-content\/uploads\/sites\/90\/2023\/05\/descarga-pdf.png\" \/><\/a><\/td>\n<\/tr>\n<tr style=\"background: #eee\">\n<td style=\"padding: 10px\">Obras Contratadas AF25<\/td>\n<td style=\"text-align:center;padding:10px\"><a title=\"Obras Contratadas AF25 al Segundo Trimestre\" href=\"\/cabien\/wp-content\/uploads\/sites\/90\/2025\/08\/OBRAS-CONTRATADAS-AF25-2025-2DO-TRIMESTRE.pdf\" target=\"_blank\" rel=\"noopener noreferrer\"><img decoding=\"async\" style=\"max-width: 30px;max-height: 30px\" src=\"\/cabien\/wp-content\/uploads\/sites\/90\/2023\/05\/descarga-pdf.png\" \/><\/a><\/td>\n<td style=\"text-align:center;padding:10px\">&#8211;<\/td>\n<td style=\"text-align:center;padding:10px\"><a title=\"Obras Contratadas AF25 al Cuarto Trimestre\" href=\"\/cabien\/wp-content\/uploads\/sites\/90\/2026\/02\/OBRAS-CONTRATADAS-2025-AF25.pdf\" target=\"_blank\" rel=\"noopener noreferrer\"><img decoding=\"async\" style=\"max-width: 30px;max-height: 30px\" src=\"\/cabien\/wp-content\/uploads\/sites\/90\/2023\/05\/descarga-pdf.png\" \/><\/a><\/td>\n<\/tr>\n<tr style=\"background: #fff\">\n<td style=\"padding: 10px\">Obras Contratadas CIDCF24<\/td>\n<td style=\"text-align:center;padding:10px\"><a title=\"Obras Contratadas CIDCF24 al Segundo Trimestre\" href=\"\/cabien\/wp-content\/uploads\/sites\/90\/2025\/08\/OBRAS-CONTRATADAS-CIDCF24-2DO-TRIMESTRE.pdf\" target=\"_blank\" rel=\"noopener noreferrer\"><img decoding=\"async\" style=\"max-width: 30px;max-height: 30px\" src=\"\/cabien\/wp-content\/uploads\/sites\/90\/2023\/05\/descarga-pdf.png\" \/><\/a><\/td>\n<td style=\"text-align:center;padding:10px\"><a title=\"Obras Contratadas CIDCF24 al Tercer Trimestre\" href=\"\/cabien\/wp-content\/uploads\/sites\/90\/2025\/10\/OBRAS-CONTRATADAS-2025-CIDCF24.pdf\" target=\"_blank\" rel=\"noopener noreferrer\"><img decoding=\"async\" style=\"max-width: 30px;max-height: 30px\" src=\"\/cabien\/wp-content\/uploads\/sites\/90\/2023\/05\/descarga-pdf.png\" \/><\/a><\/td>\n<td style=\"text-align:center;padding:10px\"><a title=\"Obras Contratadas CIDCF24 al Cuarto Trimestre\" href=\"\/cabien\/wp-content\/uploads\/sites\/90\/2026\/02\/OBRAS-CONTRATADAS-2025-CIDCF24.pdf\" target=\"_blank\" rel=\"noopener noreferrer\"><img decoding=\"async\" style=\"max-width: 30px;max-height: 30px\" src=\"\/cabien\/wp-content\/uploads\/sites\/90\/2023\/05\/descarga-pdf.png\" \/><\/a><\/td>\n<\/tr>\n<tr style=\"background: #eee\">\n<td style=\"padding: 10px\">Obras Contratadas FAIS-FISE 2025<\/td>\n<td style=\"text-align:center;padding:10px\">&#8211;<\/td>\n<td style=\"text-align:center;padding:10px\"><a title=\"Obras Contratadas FAIS-FISE 2025 al Tercer Trimestre\" href=\"\/cabien\/wp-content\/uploads\/sites\/90\/2025\/10\/OBRAS-CONTRATADAS-2025-FAIS-FISE-2025.pdf\" target=\"_blank\" rel=\"noopener noreferrer\"><img decoding=\"async\" style=\"max-width: 30px;max-height: 30px\" src=\"\/cabien\/wp-content\/uploads\/sites\/90\/2023\/05\/descarga-pdf.png\" \/><\/a><\/td>\n<td style=\"text-align:center;padding:10px\">&#8211;<\/td>\n<\/tr>\n<tr style=\"background: #fff\">\n<td style=\"padding: 10px\">Obras Contratadas FEFMPH 2023<\/td>\n<td style=\"text-align:center;padding:10px\">&#8211;<\/td>\n<td style=\"text-align:center;padding:10px\"><a title=\"Obras Contratadas FEFMPH 2023 al Tercer Trimestre\" href=\"\/cabien\/wp-content\/uploads\/sites\/90\/2025\/10\/OBRAS-CONTRATADAS-2025-FEFMPH-2023.pdf\" target=\"_blank\" rel=\"noopener noreferrer\"><img decoding=\"async\" style=\"max-width: 30px;max-height: 30px\" src=\"\/cabien\/wp-content\/uploads\/sites\/90\/2023\/05\/descarga-pdf.png\" \/><\/a><\/td>\n<td style=\"text-align:center;padding:10px\"><a title=\"Obras Contratadas FEFMPH 2023 al Cuarto Trimestre\" href=\"\/cabien\/wp-content\/uploads\/sites\/90\/2026\/02\/OBRAS-CONTRATADAS-2025-FEFMPH-2023.pdf\" target=\"_blank\" rel=\"noopener noreferrer\"><img decoding=\"async\" style=\"max-width: 30px;max-height: 30px\" src=\"\/cabien\/wp-content\/uploads\/sites\/90\/2023\/05\/descarga-pdf.png\" \/><\/a><\/td>\n<\/tr>\n<tr style=\"background: #eee\">\n<td style=\"padding: 10px\">Obras Contratadas AOOP25<\/td>\n<td style=\"text-align:center;padding:10px\">&#8211;<\/td>\n<td style=\"text-align:center;padding:10px\">&#8211;<\/td>\n<td style=\"text-align:center;padding:10px\"><a title=\"Obras Contratadas AOOP25 al Cuarto Trimestre\" href=\"\/cabien\/wp-content\/uploads\/sites\/90\/2026\/02\/OBRAS-CONTRATADAS-2025-AOOP25.pdf\" target=\"_blank\" rel=\"noopener noreferrer\"><img decoding=\"async\" style=\"max-width: 30px;max-height: 30px\" src=\"\/cabien\/wp-content\/uploads\/sites\/90\/2023\/05\/descarga-pdf.png\" \/><\/a><\/td>\n<\/tr>\n<tr style=\"background: #fff\">\n<td style=\"padding: 10px\">Obras Contratadas FEFMPH 2024<\/td>\n<td style=\"text-align:center;padding:10px\">&#8211;<\/td>\n<td style=\"text-align:center;padding:10px\">&#8211;<\/td>\n<td style=\"text-align:center;padding:10px\"><a title=\"Obras Contratadas FEFMPH 2024 al Cuarto Trimestre\" href=\"\/cabien\/wp-content\/uploads\/sites\/90\/2026\/02\/OBRAS-CONTRATADAS-2025-FEFMPH-2024.pdf\" target=\"_blank\" rel=\"noopener noreferrer\"><img decoding=\"async\" style=\"max-width: 30px;max-height: 30px\" src=\"\/cabien\/wp-content\/uploads\/sites\/90\/2023\/05\/descarga-pdf.png\" \/><\/a><\/td>\n<\/tr>\n<tr style=\"background: #eee\">\n<td style=\"padding: 10px\">Obras Contratadas FEFMPH AUT<\/td>\n<td style=\"text-align:center;padding:10px\">&#8211;<\/td>\n<td style=\"text-align:center;padding:10px\">&#8211;<\/td>\n<td style=\"text-align:center;padding:10px\"><a title=\"Obras Contratadas FEFMPH AUT al Cuarto Trimestre\" href=\"\/cabien\/wp-content\/uploads\/sites\/90\/2026\/02\/OBRAS-CONTRATADAS-2025-FEFMPH-AUT.pdf\" target=\"_blank\" rel=\"noopener noreferrer\"><img decoding=\"async\" style=\"max-width: 30px;max-height: 30px\" src=\"\/cabien\/wp-content\/uploads\/sites\/90\/2023\/05\/descarga-pdf.png\" \/><\/a><\/td>\n<\/tr>\n<tr style=\"background: #fff\">\n<td style=\"padding: 10px\">Obras Contratadas FISE<\/td>\n<td style=\"text-align:center;padding:10px\">&#8211;<\/td>\n<td style=\"text-align:center;padding:10px\">&#8211;<\/td>\n<td style=\"text-align:center;padding:10px\"><a title=\"Obras Contratadas FISE al Cuarto Trimestre\" href=\"\/cabien\/wp-content\/uploads\/sites\/90\/2026\/02\/OBRAS-CONTRATADAS-2025-FISE.pdf\" target=\"_blank\" rel=\"noopener noreferrer\"><img decoding=\"async\" style=\"max-width: 30px;max-height: 30px\" src=\"\/cabien\/wp-content\/uploads\/sites\/90\/2023\/05\/descarga-pdf.png\" \/><\/a><\/td>\n<\/tr>\n<tr style=\"background: #eee\">\n<td style=\"padding: 10px\">Obras Contratadas SPHJ 2024<\/td>\n<td style=\"text-align:center;padding:10px\">&#8211;<\/td>\n<td style=\"text-align:center;padding:10px\">&#8211;<\/td>\n<td style=\"text-align:center;padding:10px\"><a title=\"Obras Contratadas SPHJ 2024 al Cuarto Trimestre\" href=\"\/cabien\/wp-content\/uploads\/sites\/90\/2026\/02\/OBRAS-CONTRATADAS-2025-SPHJ-2024.pdf\" target=\"_blank\" rel=\"noopener noreferrer\"><img decoding=\"async\" style=\"max-width: 30px;max-height: 30px\" src=\"\/cabien\/wp-content\/uploads\/sites\/90\/2023\/05\/descarga-pdf.png\" \/><\/a><\/td>\n<\/tr>\n<\/table>\n","protected":false},"excerpt":{"rendered":"<p>INFORMACI\u00d3N DE OBRA CONTRATADA A\u00d1O 2025 OBRAS CONTRATADAS POR FUENTE DE FINANCIAMIENTO A\u00d1O 2025 TRIMESTRE 2do. 3er. 4to. Obras Contratadas AOOP24 Obras Contratadas AF24 Obras Contratadas AF25 &#8211; Obras Contratadas CIDCF24 Obras Contratadas FAIS-FISE 2025 &#8211; &#8211; Obras Contratadas FEFMPH 2023 &#8211; Obras Contratadas AOOP25 &#8211; &#8211; Obras Contratadas FEFMPH 2024 &#8211; &#8211; Obras Contratadas [&hellip;]<\/p>\n","protected":false},"author":2,"featured_media":0,"parent":0,"menu_order":0,"comment_status":"closed","ping_status":"closed","template":"","meta":{"episode_type":"","audio_file":"","podmotor_file_id":"","podmotor_episode_id":"","cover_image":"","cover_image_id":"","duration":"","filesize":"","filesize_raw":"","date_recorded":"","explicit":"","block":"","itunes_episode_number":"","itunes_title":"","itunes_season_number":"","itunes_episode_type":"","footnotes":""},"categories":[],"tags":[],"class_list":["post-22299","page","type-page","status-publish","hentry"],"acf":[],"publishpress_future_action":{"enabled":false,"date":"2026-04-28 08:25:13","action":"change-status","newStatus":"draft","terms":[],"taxonomy":"category","extraData":[]},"publishpress_future_workflow_manual_trigger":{"enabledWorkflows":[]},"_links":{"self":[{"href":"https:\/\/www.oaxaca.gob.mx\/cabien\/wp-json\/wp\/v2\/pages\/22299","targetHints":{"allow":["GET"]}}],"collection":[{"href":"https:\/\/www.oaxaca.gob.mx\/cabien\/wp-json\/wp\/v2\/pages"}],"about":[{"href":"https:\/\/www.oaxaca.gob.mx\/cabien\/wp-json\/wp\/v2\/types\/page"}],"author":[{"embeddable":true,"href":"https:\/\/www.oaxaca.gob.mx\/cabien\/wp-json\/wp\/v2\/users\/2"}],"replies":[{"embeddable":true,"href":"https:\/\/www.oaxaca.gob.mx\/cabien\/wp-json\/wp\/v2\/comments?post=22299"}],"version-history":[{"count":3,"href":"https:\/\/www.oaxaca.gob.mx\/cabien\/wp-json\/wp\/v2\/pages\/22299\/revisions"}],"predecessor-version":[{"id":23613,"href":"https:\/\/www.oaxaca.gob.mx\/cabien\/wp-json\/wp\/v2\/pages\/22299\/revisions\/23613"}],"wp:attachment":[{"href":"https:\/\/www.oaxaca.gob.mx\/cabien\/wp-json\/wp\/v2\/media?parent=22299"}],"wp:term":[{"taxonomy":"category","embeddable":true,"href":"https:\/\/www.oaxaca.gob.mx\/cabien\/wp-json\/wp\/v2\/categories?post=22299"},{"taxonomy":"post_tag","embeddable":true,"href":"https:\/\/www.oaxaca.gob.mx\/cabien\/wp-json\/wp\/v2\/tags?post=22299"}],"curies":[{"name":"wp","href":"https:\/\/api.w.org\/{rel}","templated":true}]}}