{"id":18728,"date":"2024-07-23T12:40:21","date_gmt":"2024-07-23T18:40:21","guid":{"rendered":"https:\/\/www.oaxaca.gob.mx\/cabien\/?page_id=18728"},"modified":"2025-07-10T14:51:29","modified_gmt":"2025-07-10T20:51:29","slug":"obras-contratadas-ano-2024","status":"publish","type":"page","link":"https:\/\/www.oaxaca.gob.mx\/cabien\/obras-contratadas-ano-2024\/","title":{"rendered":"OBRAS CONTRATADAS A\u00d1O 2024"},"content":{"rendered":"<h5><strong>INFORMACI\u00d3N DE OBRA CONTRATADA A\u00d1O 2024<\/strong><\/h5>\n<p><\/p>\n<table border width=\"100%\">\n<tr style=\"background: #c6c6c6\">\n<th style=\"text-align: center;padding:10px\" rowspan=\"2\">OBRAS CONTRATADAS POR FUENTE DE FINANCIAMIENTO A\u00d1O 2024<\/th>\n<th style=\"text-align:center;padding:10px\" colspan=\"3\">TRIMESTRE<\/th>\n<\/tr>\n<tr style=\"background: #c6c6c6\">\n<th style=\"text-align: center;padding: 6px\">2do.<\/th>\n<th style=\"text-align:center;padding: 5px\">3er.<\/th>\n<th style=\"text-align:center;padding: 5px\">4to.<\/th>\n<\/tr>\n<tr style=\"background: #eee\">\n<td style=\"padding: 10px\">Obras Contratadas AOOP23<\/td>\n<td style=\"text-align:center;padding:10px\"><a title=\"Obras Contratadas AOOP23 al Segundo Trimestre\" href=\"\/cabien\/wp-content\/uploads\/sites\/90\/2024\/07\/OBRAS-CONTRATADAS-2024-AOOP23.pdf\" target=\"_blank\" rel=\"noopener noreferrer\"><img decoding=\"async\" style=\"max-width: 30px;max-height: 30px\" src=\"\/cabien\/wp-content\/uploads\/sites\/90\/2023\/05\/descarga-pdf.png\" \/><\/a><\/td>\n<td style=\"text-align:center;padding:10px\"><a title=\"Obras Contratadas AOOP23 al Tercer Trimestre\" href=\"\/cabien\/wp-content\/uploads\/sites\/90\/2024\/11\/OBRAS-CONTRATADAS-AOOP23-3ER-TRIMESTRE-2024.pdf\" target=\"_blank\" rel=\"noopener noreferrer\"><img decoding=\"async\" style=\"max-width: 30px;max-height: 30px\" src=\"\/cabien\/wp-content\/uploads\/sites\/90\/2023\/05\/descarga-pdf.png\" \/><\/a><\/td>\n<td style=\"text-align:center;padding:10px\"><a title=\"Obras Contratadas AOOP23 al Cuarto Trimestre\" href=\"\/cabien\/wp-content\/uploads\/sites\/90\/2025\/04\/OBRAS-CONTRATADAS-2024-AOOP23.pdf\" target=\"_blank\" rel=\"noopener noreferrer\"><img decoding=\"async\" style=\"max-width: 30px;max-height: 30px\" src=\"\/cabien\/wp-content\/uploads\/sites\/90\/2023\/05\/descarga-pdf.png\" \/><\/a><\/td>\n<\/tr>\n<tr style=\"background: #fff\">\n<td style=\"padding: 10px\">Obras Contratadas AF23<\/td>\n<td style=\"text-align:center;padding:10px\"><a title=\"Obras Contratadas AF23 al Segundo Trimestre\" href=\"\/cabien\/wp-content\/uploads\/sites\/90\/2024\/07\/OBRAS-CONTRATADAS-2024-AF23.pdf\" target=\"_blank\" rel=\"noopener noreferrer\"><img decoding=\"async\" style=\"max-width: 30px;max-height: 30px\" src=\"\/cabien\/wp-content\/uploads\/sites\/90\/2023\/05\/descarga-pdf.png\" \/><\/a><\/td>\n<td style=\"text-align:center;padding:10px\"><a title=\"Obras Contratadas AF23 al Tercer Trimestre\" href=\"\/cabien\/wp-content\/uploads\/sites\/90\/2024\/11\/OBRAS-CONTRATADAS-AF23-3ER-TRIMESTRE-2024.pdf\" target=\"_blank\" rel=\"noopener noreferrer\"><img decoding=\"async\" style=\"max-width: 30px;max-height: 30px\" src=\"\/cabien\/wp-content\/uploads\/sites\/90\/2023\/05\/descarga-pdf.png\" \/><\/a><\/td>\n<td style=\"text-align:center;padding:10px\"><a title=\"Obras Contratadas AF23 al Cuarto Trimestre\" href=\"\/cabien\/wp-content\/uploads\/sites\/90\/2025\/04\/OBRAS-CONTRATADAS-2024-AF23.pdf\" target=\"_blank\" rel=\"noopener noreferrer\"><img decoding=\"async\" style=\"max-width: 30px;max-height: 30px\" src=\"\/cabien\/wp-content\/uploads\/sites\/90\/2023\/05\/descarga-pdf.png\" \/><\/a><\/td>\n<\/tr>\n<tr style=\"background: #eee\">\n<td style=\"padding: 10px\">Obras Contratadas FEIEF23<\/td>\n<td style=\"text-align:center;padding:10px\"><a title=\"Obras Contratadas FEIEF23 al Segundo Trimestre\" href=\"\/cabien\/wp-content\/uploads\/sites\/90\/2024\/07\/OBRAS-CONTRATADAS-2024-FEIEF23.pdf\" target=\"_blank\" rel=\"noopener noreferrer\"><img decoding=\"async\" style=\"max-width: 30px;max-height: 30px\" src=\"\/cabien\/wp-content\/uploads\/sites\/90\/2023\/05\/descarga-pdf.png\" \/><\/a><\/td>\n<td style=\"text-align:center;padding:10px\">&#8211;<\/td>\n<td style=\"text-align:center;padding:10px\"><a title=\"Obras Contratadas FEIEF23 al Cuarto Trimestre\" href=\"\/cabien\/wp-content\/uploads\/sites\/90\/2025\/04\/OBRAS-CONTRATADAS-2024-FEIEF23.pdf\" target=\"_blank\" rel=\"noopener noreferrer\"><img decoding=\"async\" style=\"max-width: 30px;max-height: 30px\" src=\"\/cabien\/wp-content\/uploads\/sites\/90\/2023\/05\/descarga-pdf.png\" \/><\/a><\/td>\n<\/tr>\n<tr style=\"background: #fff\">\n<td style=\"padding: 10px\">Obras Contratadas FISE<\/td>\n<td style=\"text-align:center;padding:10px\">&#8211;<\/td>\n<td style=\"text-align:center;padding:10px\"><a title=\"Obras Contratadas FISE al Tercer Trimestre\" href=\"\/cabien\/wp-content\/uploads\/sites\/90\/2024\/11\/OBRAS-CONTRATADAS-FISE-3ER-TRIMESTRE-2024.pdf\" target=\"_blank\" rel=\"noopener noreferrer\"><img decoding=\"async\" style=\"max-width: 30px;max-height: 30px\" src=\"\/cabien\/wp-content\/uploads\/sites\/90\/2023\/05\/descarga-pdf.png\" \/><\/a><\/td>\n<td style=\"text-align:center;padding:10px\"><a title=\"Obras Contratadas FISE al Cuarto Trimestre\" href=\"\/cabien\/wp-content\/uploads\/sites\/90\/2025\/04\/OBRAS-CONTRATADAS-2024-FISE.pdf\" target=\"_blank\" rel=\"noopener noreferrer\"><img decoding=\"async\" style=\"max-width: 30px;max-height: 30px\" src=\"\/cabien\/wp-content\/uploads\/sites\/90\/2023\/05\/descarga-pdf.png\" \/><\/a><\/td>\n<\/tr>\n<tr style=\"background: #eee\">\n<td style=\"padding: 10px\">Obras Contratadas AF22<\/td>\n<td style=\"text-align:center;padding:10px\">&#8211;<\/td>\n<td style=\"text-align:center;padding:10px\"><a title=\"Obras Contratadas AF22 al Tercer Trimestre\" href=\"\/cabien\/wp-content\/uploads\/sites\/90\/2024\/11\/OBRAS-CONTRATADAS-AF22-3ER-TRIMESTRE-2024.pdf\" target=\"_blank\" rel=\"noopener noreferrer\"><img decoding=\"async\" style=\"max-width: 30px;max-height: 30px\" src=\"\/cabien\/wp-content\/uploads\/sites\/90\/2023\/05\/descarga-pdf.png\" \/><\/a><\/td>\n<td style=\"text-align:center;padding:10px\"><a title=\"Obras Contratadas AF22 al Cuarto Trimestre\" href=\"\/cabien\/wp-content\/uploads\/sites\/90\/2025\/04\/OBRAS-CONTRATADAS-2024-AF22.pdf\" target=\"_blank\" rel=\"noopener noreferrer\"><img decoding=\"async\" style=\"max-width: 30px;max-height: 30px\" src=\"\/cabien\/wp-content\/uploads\/sites\/90\/2023\/05\/descarga-pdf.png\" \/><\/a><\/td>\n<\/tr>\n<tr style=\"background: #fff\">\n<td style=\"padding: 10px\">Obras Contratadas AOOP24<\/td>\n<td style=\"text-align:center;padding:10px\">&#8211;<\/td>\n<td style=\"text-align:center;padding:10px\"><a title=\"Obras Contratadas AOOP24 al Tercer Trimestre\" href=\"\/cabien\/wp-content\/uploads\/sites\/90\/2024\/11\/OBRAS-CONTRATADAS-AOOP24-3ER-TRIMESTRE-2024.pdf\" target=\"_blank\" rel=\"noopener noreferrer\"><img decoding=\"async\" style=\"max-width: 30px;max-height: 30px\" src=\"\/cabien\/wp-content\/uploads\/sites\/90\/2023\/05\/descarga-pdf.png\" \/><\/a><\/td>\n<td style=\"text-align:center;padding:10px\"><a title=\"Obras Contratadas AOOP24 al Cuarto Trimestre\" href=\"\/cabien\/wp-content\/uploads\/sites\/90\/2025\/04\/OBRAS-CONTRATADAS-2024-AOOP24.pdf\" target=\"_blank\" rel=\"noopener noreferrer\"><img decoding=\"async\" style=\"max-width: 30px;max-height: 30px\" src=\"\/cabien\/wp-content\/uploads\/sites\/90\/2023\/05\/descarga-pdf.png\" \/><\/a><\/td>\n<\/tr>\n<tr style=\"background: #eee\">\n<td style=\"padding: 10px\">Obras Contratadas AF24<\/td>\n<td style=\"text-align:center;padding:10px\">&#8211;<\/td>\n<td style=\"text-align:center;padding:10px\">&#8211;<\/td>\n<td style=\"text-align:center;padding:10px\">&#8211;<\/td>\n<\/tr>\n<tr style=\"background: #fff\">\n<td style=\"padding: 10px\">Obras Contratadas CIDCF24<\/td>\n<td style=\"text-align:center;padding:10px\">&#8211;<\/td>\n<td style=\"text-align:center;padding:10px\">&#8211;<\/td>\n<td style=\"text-align:center;padding:10px\"><a title=\"Obras Contratadas CIDCF24 al Cuarto Trimestre\" href=\"\/cabien\/wp-content\/uploads\/sites\/90\/2025\/04\/OBRAS-CONTRATADAS-2024-CIDCF24.pdf\" target=\"_blank\" rel=\"noopener noreferrer\"><img decoding=\"async\" style=\"max-width: 30px;max-height: 30px\" src=\"\/cabien\/wp-content\/uploads\/sites\/90\/2023\/05\/descarga-pdf.png\" \/><\/a><\/td>\n<\/tr>\n<tr style=\"background: #eee\">\n<td style=\"padding: 10px\">Obras Contratadas HID<\/td>\n<td style=\"text-align:center;padding:10px\">&#8211;<\/td>\n<td style=\"text-align:center;padding:10px\">&#8211;<\/td>\n<td style=\"text-align:center;padding:10px\"><a title=\"Obras Contratadas HID al Cuarto Trimestre\" href=\"\/cabien\/wp-content\/uploads\/sites\/90\/2025\/04\/OBRAS-CONTRATADAS-2024-HID.pdf\" target=\"_blank\" rel=\"noopener noreferrer\"><img decoding=\"async\" style=\"max-width: 30px;max-height: 30px\" src=\"\/cabien\/wp-content\/uploads\/sites\/90\/2023\/05\/descarga-pdf.png\" \/><\/a><\/td>\n<\/tr>\n<tr style=\"background: #fff\">\n<td style=\"padding: 10px\">Obras Contratadas PBPESN-SMN<\/td>\n<td style=\"text-align:center;padding:10px\">&#8211;<\/td>\n<td style=\"text-align:center;padding:10px\">&#8211;<\/td>\n<td style=\"text-align:center;padding:10px\"><a title=\"Obras Contratadas PBPESN-SMN al Cuarto Trimestre\" href=\"\/cabien\/wp-content\/uploads\/sites\/90\/2025\/04\/OBRAS-CONTRATADAS-2024-PBPESN-SMN.pdf\" target=\"_blank\" rel=\"noopener noreferrer\"><img decoding=\"async\" style=\"max-width: 30px;max-height: 30px\" src=\"\/cabien\/wp-content\/uploads\/sites\/90\/2023\/05\/descarga-pdf.png\" \/><\/a><\/td>\n<\/tr>\n<tr style=\"background: #eee\">\n<td style=\"padding: 10px\">Obras Contratadas PBPESN-SMRH<\/td>\n<td style=\"text-align:center;padding:10px\">&#8211;<\/td>\n<td style=\"text-align:center;padding:10px\">&#8211;<\/td>\n<td style=\"text-align:center;padding:10px\"><a title=\"Obras Contratadas PBPESN-SMRH al Cuarto Trimestre\" href=\"\/cabien\/wp-content\/uploads\/sites\/90\/2025\/04\/OBRAS-CONTRATADAS-2024-PBPESN-SMRH.pdf\" target=\"_blank\" rel=\"noopener noreferrer\"><img decoding=\"async\" style=\"max-width: 30px;max-height: 30px\" src=\"\/cabien\/wp-content\/uploads\/sites\/90\/2023\/05\/descarga-pdf.png\" \/><\/a><\/td>\n<\/tr>\n<\/table>\n","protected":false},"excerpt":{"rendered":"<p>INFORMACI\u00d3N DE OBRA CONTRATADA A\u00d1O 2024 OBRAS CONTRATADAS POR FUENTE DE FINANCIAMIENTO A\u00d1O 2024 TRIMESTRE 2do. 3er. 4to. Obras Contratadas AOOP23 Obras Contratadas AF23 Obras Contratadas FEIEF23 &#8211; Obras Contratadas FISE &#8211; Obras Contratadas AF22 &#8211; Obras Contratadas AOOP24 &#8211; Obras Contratadas AF24 &#8211; &#8211; &#8211; Obras Contratadas CIDCF24 &#8211; &#8211; Obras Contratadas HID &#8211; [&hellip;]<\/p>\n","protected":false},"author":2,"featured_media":0,"parent":0,"menu_order":0,"comment_status":"closed","ping_status":"closed","template":"","meta":{"episode_type":"","audio_file":"","podmotor_file_id":"","podmotor_episode_id":"","cover_image":"","cover_image_id":"","duration":"","filesize":"","filesize_raw":"","date_recorded":"","explicit":"","block":"","itunes_episode_number":"","itunes_title":"","itunes_season_number":"","itunes_episode_type":"","footnotes":""},"categories":[],"tags":[],"class_list":["post-18728","page","type-page","status-publish","hentry"],"acf":[],"publishpress_future_action":{"enabled":false,"date":"2026-04-28 08:26:16","action":"change-status","newStatus":"draft","terms":[],"taxonomy":"category","extraData":[]},"publishpress_future_workflow_manual_trigger":{"enabledWorkflows":[]},"_links":{"self":[{"href":"https:\/\/www.oaxaca.gob.mx\/cabien\/wp-json\/wp\/v2\/pages\/18728","targetHints":{"allow":["GET"]}}],"collection":[{"href":"https:\/\/www.oaxaca.gob.mx\/cabien\/wp-json\/wp\/v2\/pages"}],"about":[{"href":"https:\/\/www.oaxaca.gob.mx\/cabien\/wp-json\/wp\/v2\/types\/page"}],"author":[{"embeddable":true,"href":"https:\/\/www.oaxaca.gob.mx\/cabien\/wp-json\/wp\/v2\/users\/2"}],"replies":[{"embeddable":true,"href":"https:\/\/www.oaxaca.gob.mx\/cabien\/wp-json\/wp\/v2\/comments?post=18728"}],"version-history":[{"count":2,"href":"https:\/\/www.oaxaca.gob.mx\/cabien\/wp-json\/wp\/v2\/pages\/18728\/revisions"}],"predecessor-version":[{"id":21971,"href":"https:\/\/www.oaxaca.gob.mx\/cabien\/wp-json\/wp\/v2\/pages\/18728\/revisions\/21971"}],"wp:attachment":[{"href":"https:\/\/www.oaxaca.gob.mx\/cabien\/wp-json\/wp\/v2\/media?parent=18728"}],"wp:term":[{"taxonomy":"category","embeddable":true,"href":"https:\/\/www.oaxaca.gob.mx\/cabien\/wp-json\/wp\/v2\/categories?post=18728"},{"taxonomy":"post_tag","embeddable":true,"href":"https:\/\/www.oaxaca.gob.mx\/cabien\/wp-json\/wp\/v2\/tags?post=18728"}],"curies":[{"name":"wp","href":"https:\/\/api.w.org\/{rel}","templated":true}]}}