{"id":17543,"date":"2023-12-12T08:52:28","date_gmt":"2023-12-12T14:52:28","guid":{"rendered":"https:\/\/www.oaxaca.gob.mx\/cabien\/?page_id=17543"},"modified":"2023-12-12T08:52:28","modified_gmt":"2023-12-12T14:52:28","slug":"ejes-caminos-bienestar","status":"publish","type":"page","link":"https:\/\/www.oaxaca.gob.mx\/cabien\/ejes-caminos-bienestar\/","title":{"rendered":"EJES CAMINOS BIENESTAR"},"content":{"rendered":"<p><!-- INICIA MENU 4 COLUMNAS --><\/p>\n<h4 style=\"text-align: center\">EJES CABIEN<\/h4>\n<hr \/>\n<div class=\"su-row\"><div class=\"su-column su-column-size-1-4\"><div class=\"su-column-inner su-u-clearfix su-u-trim\">\n<div style=\"padding: 2px\"><script>\r\n\r\n\/** Change the style **\/\r\n function overStyle1(object){\r\n    object.style.background = '#F44C63';\r\n    \/\/ Change some other properties ...\r\n }\r\n\r\n \/** Restores the style **\/\r\n function outStyle1(object){\r\n    object.style.background = 'transparent';\r\n    \/\/ Restore the rest ...\r\n }\r\n\r\n<\/script>\r\n\r\n<div style=\"padding: 0px\" onmouseover=\"overStyle1(this)\"; onmouseout=\"outStyle1(this)\">\r\n<h4 style=\"text-align: center;color: #F44C63;padding: 5px\" onmouseout=\"this.style.color='#f44c63'\" onmouseover=\"this.style.color='#fff'\">\r\n    \r\n    <div style=\"display: flex;\r\n  justify-content: center;\"> \r\n<div style=\"float: center;\r\n    width: 160px;\r\n    height: 160px;\r\n    margin: 3px;\r\n    border-radius: 50%;\r\n    border: solid 4px #F44C63;\r\n    background: #fff\">\r\n\r\n    <div style=\"text-align: center;padding: 27px\"><img decoding=\"async\" style=\"max-width: 100px;max-height: 100px\" src=\"\/cabien\/wp-content\/uploads\/sites\/90\/2023\/05\/tramites-servicios.png\" \/><\/div>\r\n   <\/div>\r\n \r\n    <\/div>\r\n\r\n<style>\r\na{\r\n  color: #9D2449;\r\n  font-size: 11px;\r\n}\r\n\r\n scroll-container {\r\n   display: block;\r\n  margin: 0 auto;\r\n  text-align: center;\r\n}\r\n\r\nscroll-container {\r\n display: block;\r\n  width: 100%;\r\n  height: 300px;\r\n  overflow-y: scroll;\r\n  scroll-behavior: smooth;\r\n}\r\nscroll-page {\r\n  display: flex;\r\n  align-items: center;\r\n  justify-content: center;\r\n  height: 100%;\r\n  font-size: 5em;\r\n}\r\n    a:hover,a:focus{\r\n        color: #fb729c;\r\n\t\tfont-size: 11px;\r\n    }\r\n    \r\n<\/style>\r\n\r\n    <p style=\"padding: 0px; font-size: 16px; font-weight: bold\"><strong>TR\u00c1MITES Y<br>SERVICIOS<\/strong><\/p>\r\n    \r\n    <scroll-container>\r\n  <table border=\"1\" width=\"100%\" cellpadding=\"0\" cellspacing=\"2\" style=\"border-collapse:separate;border-spacing:0px;border-radius: 20px;border-color:#F44C63;background-color: #f9f9f9\">\r\n\r\n        <tr>\r\n            <td style=\"text-align: left;padding: 5px;border: inset 0pt\">\r\n              \r\n              \r\n                    <p><a href=\"https:\/\/www.oaxaca.gob.mx\/cao\/formato-de-solicitud-de-acceso-a-la-informacion-publica-de-oaxaca-iaipo\/\" rel=\"noopener noreferrer\"><h6><img decoding=\"async\" style=\"max-width: 16px;max-height: 16px\" src=\"\/cabien\/wp-content\/uploads\/sites\/90\/2023\/06\/LOGO-CABIEN-CAJAS.png\" \/>\u00a0Formato de Solicitud de Acceso a la Informaci\u00f3n P\u00fablica de Oaxaca (IAIPO)<\/h6><\/a><\/p>\r\n                    <p><a href=\"https:\/\/www.oaxaca.gob.mx\/cao\/formato-solicitud-derecho-arco\/\" rel=\"noopener noreferrer\"><h6><img decoding=\"async\" style=\"max-width: 16px;max-height: 16px\" src=\"\/cabien\/wp-content\/uploads\/sites\/90\/2023\/06\/LOGO-CABIEN-CAJAS.png\" \/>\u00a0Formato Solicitud Derecho ARCO<\/h6><\/a><\/p>\r\n                    <p><a href=\"http:\/\/siseco.oaxaca.gob.mx\/siseco\/public\/auth\/login\" target=\"_blank\" rel=\"noopener noreferrer\"><h6><img decoding=\"async\" style=\"max-width: 16px;max-height: 16px\" src=\"\/cabien\/wp-content\/uploads\/sites\/90\/2023\/06\/LOGO-CABIEN-CAJAS.png\" \/>\u00a0SISECO<\/h6><\/a><\/p>\r\n                    <p><a href=\"https:\/\/compranet.hacienda.gob.mx\/web\/login.html\" target=\"_blank\" rel=\"noopener noreferrer\"><h6><img decoding=\"async\" style=\"max-width: 16px;max-height: 16px\" src=\"\/cabien\/wp-content\/uploads\/sites\/90\/2023\/06\/LOGO-CABIEN-CAJAS.png\" \/>\u00a0COMPRANET<\/h6><\/a><\/p>\r\n                    <p><a href=\"https:\/\/www.oaxaca.gob.mx\/cabien\/cedula-de-inscripcion-renovacion-en-el-padron-de-contratistas-cabien\/\" rel=\"noopener noreferrer\"><h6><img decoding=\"async\" style=\"max-width: 16px;max-height: 16px\" src=\"\/cabien\/wp-content\/uploads\/sites\/90\/2023\/06\/LOGO-CABIEN-CAJAS.png\" \/>\u00a0C\u00e9dula de Inscripci\u00f3n\/Renovaci\u00f3n en el Padr\u00f3n de Contratistas de Caminos Bienestar<\/h6><\/a><\/p>\r\n                    <p><a href=\"https:\/\/www.oaxaca.gob.mx\/cabien\/padron-de-contratistas-de-caminos-bienestar\/\" rel=\"noopener noreferrer\"><h6><img decoding=\"async\" style=\"max-width: 16px;max-height: 16px\" src=\"\/cabien\/wp-content\/uploads\/sites\/90\/2023\/06\/LOGO-CABIEN-CAJAS.png\" \/>\u00a0Padr\u00f3n de contratistas de Caminos Bienestar<\/h6><\/a><\/p>\r\n                    <p><a href=\"https:\/\/www.oaxaca.gob.mx\/cabien\/%postname%\/\" rel=\"noopener noreferrer\"><h6><img decoding=\"async\" style=\"max-width: 16px;max-height: 16px\" src=\"\/cabien\/wp-content\/uploads\/sites\/90\/2023\/06\/LOGO-CABIEN-CAJAS.png\" \/>\u00a0Convocatorias Estatales de Caminos Bienestar (CABIEN)<\/h6><\/a><\/p>\r\n                    <p><a href=\"https:\/\/www.oaxaca.gob.mx\/cao\/convocatorias\/\" rel=\"noopener noreferrer\"><h6><img decoding=\"async\" style=\"max-width: 16px;max-height: 16px\" src=\"\/cabien\/wp-content\/uploads\/sites\/90\/2023\/06\/LOGO-CABIEN-CAJAS.png\" \/>\u00a0Convocatorias Estatales y Nacionales de Caminos y Aeropistas de Oaxaca (CAO)<\/h6><\/a><\/p>\r\n \r\n              \r\n                \r\n            <\/td>\r\n\r\n        <\/tr>\r\n    \r\n<\/table>  \r\n  <\/scroll-container>\r\n    <\/h4>\r\n<\/div>\r\n<\/div>\n<\/div><\/div>\n<div class=\"su-column su-column-size-1-4\"><div class=\"su-column-inner su-u-clearfix su-u-trim\">\n<div style=\"padding: 2px\"><script>\r\n\r\n\/** Change the style **\/\r\n function overStyle2(object){\r\n    object.style.background = '#F98927';\r\n    \/\/ Change some other properties ...\r\n }\r\n\r\n \/** Restores the style **\/\r\n function outStyle2(object){\r\n    object.style.background = 'transparent';\r\n    \/\/ Restore the rest ...\r\n }\r\n\r\n<\/script>\r\n\r\n<div style=\"padding: 0px\" onmouseover=\"overStyle2(this)\"; onmouseout=\"outStyle2(this)\">\r\n<h4 style=\"text-align: center;color: #F98927;padding: 5px\" onmouseout=\"this.style.color='#F98927'\" onmouseover=\"this.style.color='#fff'\">\r\n    \r\n    <div style=\"display: flex;\r\n  justify-content: center;\"> \r\n<div style=\"float: center;\r\n    width: 160px;\r\n    height: 160px;\r\n    margin: 3px;\r\n    border-radius: 50%;\r\n    border: solid 4px #F98927;\r\n    background: #fff\">\r\n    \r\n    <div style=\"text-align: center;padding: 27px\"><img decoding=\"async\" style=\"max-width: 100px;max-height: 100px\" src=\"\/cabien\/wp-content\/uploads\/sites\/90\/2023\/05\/finanzas1.png\" \/><\/div>\r\n   <\/div>\r\n <\/div>\r\n\r\n<style>\r\n\r\na{\r\n  color: #9D2449;\r\n  font-size: 11px;\r\n}\r\n\r\n scroll-container {\r\n   display: block;\r\n  margin: 0 auto;\r\n  text-align: center;\r\n}\r\n\r\nscroll-container {\r\n display: block;\r\n  width: 100%;\r\n  height: 300px;\r\n  overflow-y: scroll;\r\n  scroll-behavior: smooth;\r\n}\r\nscroll-page {\r\n  display: flex;\r\n  align-items: center;\r\n  justify-content: center;\r\n  height: 100%;\r\n  font-size: 5em;\r\n}\r\na:hover,a:focus{\r\n        color: #fb729c;\r\n        font-size: 11px;\r\n    }\r\n    \r\n<\/style>\r\n\r\n    <p style=\"padding: 10px;  font-size: 16px; font-weight: bold\"><strong>FINANZAS<\/strong><\/p>\r\n    \r\n  <scroll-container>\r\n    \r\n    <table border=\"1\" width=\"100%\" cellpadding=\"0\" cellspacing=\"2\" style=\"border-collapse:separate;border-spacing:0px;border-radius: 20px;border-color:#F98927;background-color: #f9f9f9\">\r\n \r\n        <tr>\r\n            <td style=\"text-align: left;padding: 5px; border: inset 0pt\">\n<p><a href=\"https:\/\/www.oaxaca.gob.mx\/cabien\/armonizacion-contable-caminos-bienestar-2026\/\" rel=\"noopener noreferrer\"><h6 class=\"texto\"><img decoding=\"async\" style=\"max-width: 16px;max-height: 16px\" src=\"\/cabien\/wp-content\/uploads\/sites\/90\/2023\/06\/LOGO-CABIEN-CAJAS.png\" \/>\u00a0ARMONIZACI\u00d3N CONTABLE CAMINOS BIENESTAR 2026<\/h6><\/a><\/p>\r\n                 <p><a href=\"https:\/\/www.oaxaca.gob.mx\/cabien\/armonizacion-contable-caminos-bienestar-2025\/\" rel=\"noopener noreferrer\"><h6 class=\"texto\"><img decoding=\"async\" style=\"max-width: 16px;max-height: 16px\" src=\"\/cabien\/wp-content\/uploads\/sites\/90\/2023\/06\/LOGO-CABIEN-CAJAS.png\" \/>\u00a0ARMONIZACI\u00d3N CONTABLE CAMINOS BIENESTAR 2025<\/h6><\/a><\/p>\r\n                    <p><a href=\"https:\/\/www.oaxaca.gob.mx\/cabien\/armonizacion-contable-caminos-bienestar-2024\/\" rel=\"noopener noreferrer\"><h6 class=\"texto\"><img decoding=\"async\" style=\"max-width: 16px;max-height: 16px\" src=\"\/cabien\/wp-content\/uploads\/sites\/90\/2023\/06\/LOGO-CABIEN-CAJAS.png\" \/>\u00a0ARMONIZACI\u00d3N CONTABLE CAMINOS BIENESTAR 2024<\/h6><\/a><\/p>\r\n                    <p><a href=\"https:\/\/www.oaxaca.gob.mx\/cabien\/armonizacion-contable-caminos-bienestar-2023\/\" rel=\"noopener noreferrer\"><h6 class=\"texto\"><img decoding=\"async\" style=\"max-width: 16px;max-height: 16px\" src=\"\/cabien\/wp-content\/uploads\/sites\/90\/2023\/06\/LOGO-CABIEN-CAJAS.png\" \/>\u00a0ARMONIZACI\u00d3N CONTABLE CAMINOS BIENESTAR 2023<\/h6><\/a><\/p>\r\n                    <p><a href=\"https:\/\/www.oaxaca.gob.mx\/cao\/armonizacion-contable-2022\/\" rel=\"noopener noreferrer\"><h6 class=\"texto\"><img decoding=\"async\" style=\"max-width: 16px;max-height: 16px\" src=\"\/cabien\/wp-content\/uploads\/sites\/90\/2023\/06\/LOGO-CABIEN-CAJAS.png\" \/>\u00a0ARMONIZACI\u00d3N CONTABLE 2022<\/h6><\/a><\/p>\r\n                    <p><a href=\"https:\/\/www.oaxaca.gob.mx\/cao\/armonizacion-contable-2021\/\" rel=\"noopener noreferrer\"><h6><img decoding=\"async\" style=\"max-width: 16px;max-height: 16px\" src=\"\/cabien\/wp-content\/uploads\/sites\/90\/2023\/06\/LOGO-CABIEN-CAJAS.png\" \/>\u00a0ARMONIZACI\u00d3N CONTABLE 2021<\/h6><\/a><\/p>\r\n                    <p><a href=\"https:\/\/www.oaxaca.gob.mx\/cao\/armonizacion-contable-2020\/\" rel=\"noopener noreferrer\"><h6><img decoding=\"async\" style=\"max-width: 16px;max-height: 16px\" src=\"\/cabien\/wp-content\/uploads\/sites\/90\/2023\/06\/LOGO-CABIEN-CAJAS.png\" \/>\u00a0ARMONIZACI\u00d3N CONTABLE 2020<\/h6><\/a><\/p>\r\n                    <p><a href=\"https:\/\/www.oaxaca.gob.mx\/cao\/armonizacion-contable-2019\/\" rel=\"noopener noreferrer\"><h6><img decoding=\"async\" style=\"max-width: 16px;max-height: 16px\" src=\"\/cabien\/wp-content\/uploads\/sites\/90\/2023\/06\/LOGO-CABIEN-CAJAS.png\" \/>\u00a0ARMONIZACI\u00d3N CONTABLE 2019<\/h6><\/a><\/p>\r\n                    <p><a href=\"https:\/\/www.oaxaca.gob.mx\/cao\/amornizacion-contable-2018\/\" rel=\"noopener noreferrer\"><h6><img decoding=\"async\" style=\"max-width: 16px;max-height: 16px\" src=\"\/cabien\/wp-content\/uploads\/sites\/90\/2023\/06\/LOGO-CABIEN-CAJAS.png\" \/>\u00a0ARMONIZACI\u00d3N CONTABLE 2018<\/h6><\/a><\/p>\r\n                    <p><a href=\"https:\/\/www.oaxaca.gob.mx\/cabien\/informacion-financiera-caminos-bienestar\/\" rel=\"noopener noreferrer\"><h6><img decoding=\"async\" style=\"max-width: 16px;max-height: 16px\" src=\"\/cabien\/wp-content\/uploads\/sites\/90\/2023\/06\/LOGO-CABIEN-CAJAS.png\" \/>\u00a0Informaci\u00f3n financiera de Caminos Bienestar<\/h6><\/a><\/p>\r\n                    <p><a href=\"https:\/\/www.oaxaca.gob.mx\/cabien\/ejercicio-presupuestal-caminos-bienestar\/\" rel=\"noopener noreferrer\"><h6><img decoding=\"async\" style=\"max-width: 16px;max-height: 16px\" src=\"\/cabien\/wp-content\/uploads\/sites\/90\/2023\/06\/LOGO-CABIEN-CAJAS.png\" \/>\u00a0Ejercicio Presupuestal Caminos Bienestar<\/h6><\/a><\/p>\r\n                    <p><a href=\"https:\/\/www.oaxaca.gob.mx\/cabien\/programa-anual-de-obras-publicas-y-servicios-relacionados-con-las-mismas-revisado-ante-el-comite-de-obras-publicas\/\" rel=\"noopener noreferrer\"><h6><img decoding=\"async\" style=\"max-width: 16px;max-height: 16px\" src=\"\/cabien\/wp-content\/uploads\/sites\/90\/2023\/06\/LOGO-CABIEN-CAJAS.png\" \/>\u00a0PROGRAMA ANUAL DE OBRAS P\u00daBLICAS Y SERVICIOS, REVISADO ANTE EL COMIT\u00c9 DE OBRAS P\u00daBLICAS<\/h6><\/a><\/p>              \r\n                     \r\n            <\/td>\r\n        <\/tr>\r\n<\/table>    \r\n    <\/scroll-container>\r\n    <\/h4>\r\n<\/div><\/div>\n<\/div><\/div>\n<div class=\"su-column su-column-size-1-4\"><div class=\"su-column-inner su-u-clearfix su-u-trim\">\n<div style=\"padding: 2px\"><script>\r\n\r\n    \/** Change the style **\/\r\n     function overStyle3(object){\r\n        object.style.background = '#7680b3';\r\n        \/\/ Change some other properties ...\r\n     }\r\n    \r\n     \/** Restores the style **\/\r\n     function outStyle3(object){\r\n        object.style.background = 'transparent';\r\n        \/\/ Restore the rest ...\r\n     }\r\n    \r\n    <\/script>\r\n    \r\n    <div style=\"padding: 0px\" onmouseover=\"overStyle3(this)\"; onmouseout=\"outStyle3(this)\">\r\n    <h4 style=\"text-align: center;color: #7680b3;padding: 5px\" onmouseout=\"this.style.color='#7680b3'\" onmouseover=\"this.style.color='#fff'\">\r\n        \r\n        <div style=\"display: flex;\r\n      justify-content: center;\"> \r\n    <div style=\"float: center;\r\n        width: 160px;\r\n        height: 160px;\r\n        margin: 3px;\r\n        border-radius: 50%;\r\n        border: solid 4px #7680b3;\r\n        background: #fff\">\r\n    \r\n        <div style=\"text-align: center;padding: 27px\"><img decoding=\"async\" style=\"max-width: 100px;max-height: 100px\" src=\"\/cabien\/wp-content\/uploads\/sites\/90\/2023\/05\/evaluaciones.png\" \/><\/div>\r\n       <\/div>\r\n     <\/div>\r\n    \r\n    <style>\r\n    \r\n    a{\r\n      color: #9D2449;\r\n      font-size: 11px;\r\n    }\r\n    \r\n     scroll-container {\r\n       display: block;\r\n      margin: 0 auto;\r\n      text-align: center;\r\n    }\r\n    \r\n    scroll-container {\r\n     display: block;\r\n      width: 100%;\r\n      height: 300px;\r\n      overflow-y: scroll;\r\n      scroll-behavior: smooth;\r\n    }\r\n    scroll-page {\r\n      display: flex;\r\n      align-items: center;\r\n      justify-content: center;\r\n      height: 100%;\r\n      font-size: 5em;\r\n    }\r\n    a:hover,a:focus{\r\n            color: #fb729c;\r\n            font-size: 11px;\r\n        }\r\n        \r\n    <\/style>\r\n    \r\n        <p style=\"padding: 10px; font-size: 16px; font-weight: bold\"><strong>EVALUACIONES<\/strong><\/p>\r\n        \r\n      <scroll-container>\r\n        \r\n      <table border=\"1\" width=\"100%\" cellpadding=\"0\" cellspacing=\"2\" style=\"border-collapse:separate;border-spacing:0px;border-radius: 20px;border-color:#7680b3;background-color: #f9f9f9\">\r\n    \r\n            <tr>\r\n                <td style=\"text-align: left;padding: 5px;border: inset 0pt\">\r\n                    <p><a href=\"\/cabien\/poa-cao\/\" rel=\"noopener noreferrer\"><h6><img decoding=\"async\" style=\"max-width: 16px;max-height: 16px\" src=\"\/cabien\/wp-content\/uploads\/sites\/90\/2023\/06\/LOGO-CABIEN-CAJAS.png\" \/>\u00a0POA CAO<\/h6><\/a><\/p>\r\n                    <p><a href=\"\/cabien\/programa-anual-de-obras-cabien\/\" rel=\"noopener noreferrer\"><h6><img decoding=\"async\" style=\"max-width: 16px;max-height: 16px\" src=\"\/cabien\/wp-content\/uploads\/sites\/90\/2023\/06\/LOGO-CABIEN-CAJAS.png\" \/>\u00a0POA CABIEN<\/h6><\/a><\/p>\r\n    \r\n                        <p><a href=\"\/cabien\/padron-de-beneficiarios\/\" rel=\"noopener noreferrer\"><h6><img decoding=\"async\" style=\"max-width: 16px;max-height: 16px\" src=\"\/cabien\/wp-content\/uploads\/sites\/90\/2023\/06\/LOGO-CABIEN-CAJAS.png\" \/>\u00a0PADR\u00d3N DE BENEFICIARIOS<\/h6><\/a><\/p>\r\n                        <p><a href=\"\/cabien\/avance-de-gestion-caminos-bienestar\/\" rel=\"noopener noreferrer\"><h6><img decoding=\"async\" style=\"max-width: 16px;max-height: 16px\" src=\"\/cabien\/wp-content\/uploads\/sites\/90\/2023\/06\/LOGO-CABIEN-CAJAS.png\" \/>\u00a0Avance de Gesti\u00f3n CABIEN<\/h6><\/a><\/p>\r\n                        <p><a href=\"\/cao\/evaluaciones-indetec\/\" rel=\"noopener noreferrer\"><h6><img decoding=\"async\" style=\"max-width: 16px;max-height: 16px\" src=\"\/cabien\/wp-content\/uploads\/sites\/90\/2023\/06\/LOGO-CABIEN-CAJAS.png\" \/>\u00a0Evaluaciones al Desempe\u00f1o<\/h6><\/a><\/p>\r\n                    <p><a href=\"\/cabien\/mir-matriz-de-indicadores-de-resultados-del-ejercicio-fiscal\/\" rel=\"noopener noreferrer\"><h6><img decoding=\"async\" style=\"max-width: 16px;max-height: 16px\" src=\"\/cabien\/wp-content\/uploads\/sites\/90\/2023\/06\/LOGO-CABIEN-CAJAS.png\" \/>\u00a0MIR (Matriz de Indicadores de Resultados del Ejercicio Fiscal)<\/h6><\/a><\/p>\r\n                \r\n                        \r\n                    \r\n                    \r\n                <\/td>\r\n    \r\n            <\/tr>\r\n    \r\n    <\/table>                                   \r\n    \r\n    <\/scroll-container>\r\n        <\/h4>\r\n    <\/div><\/div>\n<\/div><\/div>\n<div class=\"su-column su-column-size-1-4\"><div class=\"su-column-inner su-u-clearfix su-u-trim\">\n<div style=\"padding: 2px\"><script>\r\n\r\n    \/** Change the style **\/\r\n     function overStyle4(object){\r\n        object.style.background = '#59B038';\r\n        \/\/ Change some other properties ...\r\n     }\r\n    \r\n     \/** Restores the style **\/\r\n     function outStyle4(object){\r\n        object.style.background = 'transparent';\r\n        \/\/ Restore the rest ...\r\n     }\r\n    \r\n    <\/script>\r\n    \r\n    <div style=\"padding: 0px\" onmouseover=\"overStyle4(this)\"; onmouseout=\"outStyle4(this)\">\r\n    <h4 style=\"text-align: center;color: #59B038;padding: 3px\" onmouseout=\"this.style.color='#59B038'\" onmouseover=\"this.style.color='#fff'\">\r\n        \r\n        <div style=\"display: flex;\r\n      justify-content: center;\"> \r\n    <div style=\"float: center;\r\n        width: 160px;\r\n        height: 160px;\r\n        margin: 3px;\r\n        border-radius: 50%;\r\n        border: solid 4px #59B038;\r\n        background: #fff\">\r\n    \r\n        <div style=\"text-align: center;padding: 27px\"><img decoding=\"async\" style=\"max-width: 100px;max-height: 100px\" src=\"\/cabien\/wp-content\/uploads\/sites\/90\/2023\/05\/inf-obras2.png\" \/><\/div>\r\n       <\/div>\r\n     <\/div>\r\n    \r\n    <style>\r\n    \r\n    a{\r\n      color: #9D2449;\r\n      font-size: 11px;\r\n    }\r\n    \r\n     scroll-container {\r\n       display: block;\r\n      margin: 0 auto;\r\n      text-align: center;\r\n    }\r\n    \r\n    scroll-container {\r\n     display: block;\r\n      width: 100%;\r\n      height: 300px;\r\n      overflow-y: scroll;\r\n      scroll-behavior: smooth;\r\n    }\r\n    scroll-page {\r\n      display: flex;\r\n      align-items: center;\r\n      justify-content: center;\r\n      height: 100%;\r\n      font-size: 5em;\r\n    }\r\n    a:hover,a:focus{\r\n            color: #fb729c;\r\n            font-size: 11px;\r\n        }\r\n        \r\n    <\/style>\r\n    \r\n        <p style=\"padding: 10px; font-size: 16px; font-weight: bold\"><strong>INFORMACI\u00d3N DE OBRAS<\/strong><\/p>\r\n        \r\n      <scroll-container>\r\n        \r\n      <table border=\"1\" width=\"100%\" cellpadding=\"0\" cellspacing=\"2\" style=\"border-collapse:separate;border-spacing:0px;border-radius: 20px;border-color:#59B038;background-color: #f9f9f9\">\r\n            \r\n            <tr>\r\n                <td style=\"text-align: left;padding: 5px;border: inset 0pt\">\r\n                    <p><a href=\"\/cabien\/informe-r-f-t-cabien\/\" rel=\"noopener noreferrer\"><h6><img decoding=\"async\" style=\"max-width: 16px;max-height: 16px\" src=\"\/cabien\/wp-content\/uploads\/sites\/90\/2023\/06\/LOGO-CABIEN-CAJAS.png\" \/>\u00a0INFORME R.F.T CABIEN<\/h6><\/a><\/p>\r\n                        <p><a href=\"https:\/\/www.oaxaca.gob.mx\/cabien\/informe-i-m-a-f-f-caminos-bienestar\/\" rel=\"noopener noreferrer\"><h6><img decoding=\"async\" style=\"max-width: 16px;max-height: 16px\" src=\"\/cabien\/wp-content\/uploads\/sites\/90\/2023\/06\/LOGO-CABIEN-CAJAS.png\" \/>\u00a0INFORME I.M.A.F.F. CAMINOS BIENESTAR<\/h6><\/a><\/p>\r\n                        <p><a href=\"https:\/\/www.oaxaca.gob.mx\/cao\/informe-rfty\/\" rel=\"noopener noreferrer\"><h6><img decoding=\"async\" style=\"max-width: 16px;max-height: 16px\" src=\"\/cabien\/wp-content\/uploads\/sites\/90\/2023\/06\/LOGO-CABIEN-CAJAS.png\" \/>\u00a0INFORME R.F.T CAO.<\/h6><\/a><\/p>       \r\n                        <p><a href=\"https:\/\/www.oaxaca.gob.mx\/cao\/informe-pash\/\" rel=\"noopener noreferrer\"><h6><img decoding=\"async\" style=\"max-width: 16px;max-height: 16px\" src=\"\/cabien\/wp-content\/uploads\/sites\/90\/2023\/06\/LOGO-CABIEN-CAJAS.png\" \/>\u00a0Informe PASH<\/h6><\/a><\/p>\r\n                        <p><a href=\"https:\/\/www.oaxaca.gob.mx\/cao\/informe-del-s-f-u\/\" rel=\"noopener noreferrer\"><h6><img decoding=\"async\" style=\"max-width: 16px;max-height: 16px\" src=\"\/cabien\/wp-content\/uploads\/sites\/90\/2023\/06\/LOGO-CABIEN-CAJAS.png\" \/>\u00a0Informe del S.F.U.<\/h6><\/a><\/p>\r\n\t\t\t\t\t <p><a href=\"https:\/\/www.oaxaca.gob.mx\/cabien\/obras-contratadas-ano-2025\/\" rel=\"noopener noreferrer\"><h6><img decoding=\"async\" style=\"max-width: 16px;max-height: 16px\" src=\"\/cabien\/wp-content\/uploads\/sites\/90\/2023\/06\/LOGO-CABIEN-CAJAS.png\" \/>\u00a0Obras Contratadas A\u00f1o 2025<\/h6><\/a><\/p>\r\n                        <p><a href=\"https:\/\/www.oaxaca.gob.mx\/cabien\/obras-contratadas-ano-2024\/\" rel=\"noopener noreferrer\"><h6><img decoding=\"async\" style=\"max-width: 16px;max-height: 16px\" src=\"\/cabien\/wp-content\/uploads\/sites\/90\/2023\/06\/LOGO-CABIEN-CAJAS.png\" \/>\u00a0Obras Contratadas A\u00f1o 2024<\/h6><\/a><\/p>\r\n                        <p><a href=\"https:\/\/www.oaxaca.gob.mx\/cabien\/obras-contratadas-ano-2023\/\" rel=\"noopener noreferrer\"><h6><img decoding=\"async\" style=\"max-width: 16px;max-height: 16px\" src=\"\/cabien\/wp-content\/uploads\/sites\/90\/2023\/06\/LOGO-CABIEN-CAJAS.png\" \/>\u00a0Obras Contratadas A\u00f1o 2023<\/h6><\/a><\/p>\r\n                        <p><a href=\"https:\/\/www.oaxaca.gob.mx\/cao\/obras-contratadas-ano-2022\/\" rel=\"noopener noreferrer\"><h6><img decoding=\"async\" style=\"max-width: 16px;max-height: 16px\" src=\"\/cabien\/wp-content\/uploads\/sites\/90\/2023\/06\/LOGO-CABIEN-CAJAS.png\" \/>\u00a0Obras Contratadas A\u00f1o 2022<\/h6><\/a><\/p>\r\n                        <p><a href=\"https:\/\/www.oaxaca.gob.mx\/cao\/obras-contratadas-ano-2021\/\" rel=\"noopener noreferrer\"><h6><img decoding=\"async\" style=\"max-width: 16px;max-height: 16px\" src=\"\/cabien\/wp-content\/uploads\/sites\/90\/2023\/06\/LOGO-CABIEN-CAJAS.png\" \/>\u00a0Obras Contratadas A\u00f1o 2021<\/h6><\/a><\/p>\r\n                        <p><a href=\"https:\/\/www.oaxaca.gob.mx\/cao\/obras-contratadas-ano-2020\/\" rel=\"noopener noreferrer\"><h6><img decoding=\"async\" style=\"max-width: 16px;max-height: 16px\" src=\"\/cabien\/wp-content\/uploads\/sites\/90\/2023\/06\/LOGO-CABIEN-CAJAS.png\" \/>\u00a0Obras Contratadas A\u00f1o 2020<\/h6><\/a><\/p>\r\n                        <p><a href=\"https:\/\/www.oaxaca.gob.mx\/cao\/obras-contratadas-ano-2019\/\" rel=\"noopener noreferrer\"><h6><img decoding=\"async\" style=\"max-width: 16px;max-height: 16px\" src=\"\/cabien\/wp-content\/uploads\/sites\/90\/2023\/06\/LOGO-CABIEN-CAJAS.png\" \/>\u00a0Obras Contratadas A\u00f1o 2019<\/h6><\/a><\/p>\r\n                        <p><a href=\"https:\/\/www.oaxaca.gob.mx\/cao\/obras-contratadas-ano-2018\/\" rel=\"noopener noreferrer\"><h6><img decoding=\"async\" style=\"max-width: 16px;max-height: 16px\" src=\"\/cabien\/wp-content\/uploads\/sites\/90\/2023\/06\/LOGO-CABIEN-CAJAS.png\" \/>\u00a0Obras Contratadas A\u00f1o 2018<\/h6><\/a><\/p>\r\n                        <p><a href=\"https:\/\/www.oaxaca.gob.mx\/cao\/obras-fonden\/\" rel=\"noopener noreferrer\"><h6><img decoding=\"async\" style=\"max-width: 16px;max-height: 16px\" src=\"\/cabien\/wp-content\/uploads\/sites\/90\/2023\/06\/LOGO-CABIEN-CAJAS.png\" \/>\u00a0Obras FONDEN<\/h6><\/a><\/p>\r\n                        <p><a href=\"https:\/\/www.oaxaca.gob.mx\/cao\/informe-de-obras\/\" rel=\"noopener noreferrer\"><h6><img decoding=\"async\" style=\"max-width: 16px;max-height: 16px\" src=\"\/cabien\/wp-content\/uploads\/sites\/90\/2023\/06\/LOGO-CABIEN-CAJAS.png\" \/>\u00a0Informe de Obras Varias<\/h6><\/a><\/p>\r\n                        <p><a href=\"https:\/\/www.oaxaca.gob.mx\/cao\/rubros-obras-2010-2016\/\" rel=\"noopener noreferrer\"><h6><img decoding=\"async\" style=\"max-width: 16px;max-height: 16px\" src=\"\/cabien\/wp-content\/uploads\/sites\/90\/2023\/06\/LOGO-CABIEN-CAJAS.png\" \/>\u00a0RUBROS OBRAS 2010-2017<\/h6><\/a><\/p>\r\n                        \r\n                    \r\n                    \r\n                <\/td>\r\n    \r\n            <\/tr>\r\n    \r\n    <\/table>                                   \r\n    \r\n    <\/scroll-container>\r\n        <\/h4>\r\n    <\/div><\/div>\n<\/div><\/div><\/div>\n<hr \/>\n<p><!-- TERMINA MENU 4 COLUMNAS--><\/p>\n","protected":false},"excerpt":{"rendered":"<p>EJES CABIEN<\/p>\n","protected":false},"author":2,"featured_media":0,"parent":0,"menu_order":0,"comment_status":"closed","ping_status":"closed","template":"","meta":{"episode_type":"","audio_file":"","podmotor_file_id":"","podmotor_episode_id":"","cover_image":"","cover_image_id":"","duration":"","filesize":"","filesize_raw":"","date_recorded":"","explicit":"","block":"","itunes_episode_number":"","itunes_title":"","itunes_season_number":"","itunes_episode_type":"","footnotes":""},"categories":[],"tags":[],"class_list":["post-17543","page","type-page","status-publish","hentry"],"acf":[],"publishpress_future_action":{"enabled":false,"date":"2026-05-10 11:55:53","action":"change-status","newStatus":"draft","terms":[],"taxonomy":"category","extraData":[]},"publishpress_future_workflow_manual_trigger":{"enabledWorkflows":[]},"_links":{"self":[{"href":"https:\/\/www.oaxaca.gob.mx\/cabien\/wp-json\/wp\/v2\/pages\/17543","targetHints":{"allow":["GET"]}}],"collection":[{"href":"https:\/\/www.oaxaca.gob.mx\/cabien\/wp-json\/wp\/v2\/pages"}],"about":[{"href":"https:\/\/www.oaxaca.gob.mx\/cabien\/wp-json\/wp\/v2\/types\/page"}],"author":[{"embeddable":true,"href":"https:\/\/www.oaxaca.gob.mx\/cabien\/wp-json\/wp\/v2\/users\/2"}],"replies":[{"embeddable":true,"href":"https:\/\/www.oaxaca.gob.mx\/cabien\/wp-json\/wp\/v2\/comments?post=17543"}],"version-history":[{"count":2,"href":"https:\/\/www.oaxaca.gob.mx\/cabien\/wp-json\/wp\/v2\/pages\/17543\/revisions"}],"predecessor-version":[{"id":17548,"href":"https:\/\/www.oaxaca.gob.mx\/cabien\/wp-json\/wp\/v2\/pages\/17543\/revisions\/17548"}],"wp:attachment":[{"href":"https:\/\/www.oaxaca.gob.mx\/cabien\/wp-json\/wp\/v2\/media?parent=17543"}],"wp:term":[{"taxonomy":"category","embeddable":true,"href":"https:\/\/www.oaxaca.gob.mx\/cabien\/wp-json\/wp\/v2\/categories?post=17543"},{"taxonomy":"post_tag","embeddable":true,"href":"https:\/\/www.oaxaca.gob.mx\/cabien\/wp-json\/wp\/v2\/tags?post=17543"}],"curies":[{"name":"wp","href":"https:\/\/api.w.org\/{rel}","templated":true}]}}