{"id":6338,"date":"2023-12-06T12:16:37","date_gmt":"2023-12-06T18:16:37","guid":{"rendered":"https:\/\/www.oaxaca.gob.mx\/apbp\/?page_id=6338"},"modified":"2023-12-06T12:18:00","modified_gmt":"2023-12-06T18:18:00","slug":"mapa-del-sitio","status":"publish","type":"page","link":"https:\/\/www.oaxaca.gob.mx\/apbp\/mapa-del-sitio\/","title":{"rendered":"Mapa del Sitio"},"content":{"rendered":"<div class=\"wsp-container\"><h2 class=\"wsp-pages-title\">P\u00e1ginas<\/h2>\n<ul class=\"wsp-pages-list\">\n<li class=\"page_item page-item-7053\"><a href=\"https:\/\/www.oaxaca.gob.mx\/apbp\/7053-2\/\">#7053 (sin t\u00edtulo)<\/a><\/li>\n<li class=\"page_item page-item-5414\"><a href=\"https:\/\/www.oaxaca.gob.mx\/apbp\/acciones-de-sensibilizacion-2\/\">Acciones de Sensibilizaci\u00f3n<\/a><\/li>\n<li class=\"page_item page-item-4175\"><a href=\"https:\/\/www.oaxaca.gob.mx\/apbp\/acciones-de-sensibilizacion\/\">Acciones de Sensibilizaci\u00f3n<\/a><\/li>\n<li class=\"page_item page-item-2687\"><a href=\"https:\/\/www.oaxaca.gob.mx\/apbp\/acerca-de-apbp\/\">Acerca de APBP<\/a><\/li>\n<li class=\"page_item page-item-330\"><a href=\"https:\/\/www.oaxaca.gob.mx\/apbp\/actas-y-resoluciones-del-comite-de-transparencia\/\">Actas y resoluciones del Comit\u00e9 de Transparencia<\/a><\/li>\n<li class=\"page_item page-item-3681\"><a href=\"https:\/\/www.oaxaca.gob.mx\/apbp\/acuerdo-de-la-verificacion-2019-2\/\">Acuerdo de la Verificaci\u00f3n 2019<\/a><\/li>\n<li class=\"page_item page-item-180\"><a href=\"https:\/\/www.oaxaca.gob.mx\/apbp\/apoyos\">Apoyos de la Beneficencia P\u00fablica<\/a><\/li>\n<li class=\"page_item page-item-1809\"><a href=\"https:\/\/www.oaxaca.gob.mx\/apbp\/archivo\/\">Archivo<\/a><\/li>\n<li class=\"page_item page-item-6726\"><a href=\"https:\/\/www.oaxaca.gob.mx\/apbp\/aviso-de-privacidad\/\">Aviso de Privacidad de la Beneficencia P\u00fablica del Estado de Oaxaca<\/a><\/li>\n<li class=\"page_item page-item-2868\"><a href=\"https:\/\/www.oaxaca.gob.mx\/apbp\/baja-documental-ejercicio-2018\/\">Baja documental ejercicio 2018<\/a><\/li>\n<li class=\"page_item page-item-2771\"><a href=\"https:\/\/www.oaxaca.gob.mx\/apbp\/boletines\/\">Boletines<\/a><\/li>\n<li class=\"page_item page-item-6234\"><a href=\"https:\/\/www.oaxaca.gob.mx\/apbp\/buzon-de-denuncias-anonimas\">Buz\u00f3n de Denuncias An\u00f3nimas<\/a><\/li>\n<li class=\"page_item page-item-679\"><a href=\"https:\/\/www.oaxaca.gob.mx\/apbp\/cajas-de-dialisis\/\">Cajas de Di\u00e1lisis<\/a><\/li>\n<li class=\"page_item page-item-3293\"><a href=\"https:\/\/www.oaxaca.gob.mx\/apbp\/calendar\/\">Calendar<\/a><\/li>\n<li class=\"page_item page-item-3666\"><a href=\"https:\/\/www.oaxaca.gob.mx\/apbp\/codigo-de-conducta\/\">C\u00f3digo de Conducta<\/a><\/li>\n<li class=\"page_item page-item-3477\"><a href=\"https:\/\/www.oaxaca.gob.mx\/apbp\/codigo-de-etica-4\/\">C\u00f3digo de \u00e9tica<\/a><\/li>\n<li class=\"page_item page-item-3471\"><a href=\"https:\/\/www.oaxaca.gob.mx\/apbp\/comite-de-control-interno\/\">Comit\u00e9 de Control Interno<\/a><\/li>\n<li class=\"page_item page-item-3415\"><a href=\"https:\/\/www.oaxaca.gob.mx\/apbp\/codigo-de-etica-2\/\">Comit\u00e9 de \u00c9tica y Prevenci\u00f3n de Conflictos de Inter\u00e9s<\/a><\/li>\n<li class=\"page_item page-item-3395\"><a href=\"https:\/\/www.oaxaca.gob.mx\/apbp\/constitucion-del-comite-de-etica-2\/\">Constituci\u00f3n del Comit\u00e9 de \u00c9tica<\/a><\/li>\n<li class=\"page_item page-item-2821\"><a href=\"https:\/\/www.oaxaca.gob.mx\/apbp\/contacto\">Contacto<\/a><\/li>\n<li class=\"page_item page-item-315\"><a href=\"https:\/\/www.oaxaca.gob.mx\/apbp\/convenios\/\">Convenios de coordinaci\u00f3n<\/a><\/li>\n<li class=\"page_item page-item-3076\"><a href=\"https:\/\/www.oaxaca.gob.mx\/apbp\/convocatoria-del-comite-de-etica\/\">Convocatoria del Comit\u00e9 de \u00c9tica<\/a><\/li>\n<li class=\"page_item page-item-849\"><a href=\"https:\/\/www.oaxaca.gob.mx\/apbp\/convocatoria-desarrollo-social\/\">Convocatoria Desarrollo Social<\/a><\/li>\n<li class=\"page_item page-item-3027\"><a href=\"https:\/\/www.oaxaca.gob.mx\/apbp\/convocatorias\/\">Convocatorias<\/a><\/li>\n<li class=\"page_item page-item-2735\"><a href=\"https:\/\/www.oaxaca.gob.mx\/apbp\/costo\/\">Costo<\/a><\/li>\n<li class=\"page_item page-item-2296\"><a href=\"https:\/\/www.oaxaca.gob.mx\/apbp\/transparencia\/\">CUMPLIMIENTO DE OBLIGACIONES DE TRANSPARENCIA<\/a><\/li>\n<li class=\"page_item page-item-45\"><a href=\"https:\/\/www.oaxaca.gob.mx\/apbp\/obligaciones-transparencia\/\">CUMPLIMIENTO DE OBLIGACIONES DE TRANSPARENCIA<\/a><\/li>\n<li class=\"page_item page-item-1050\"><a href=\"https:\/\/www.oaxaca.gob.mx\/apbp\/cumplimiento-lgtaip\/\">Cumplimiento LGTAIP<\/a><\/li>\n<li class=\"page_item page-item-3790\"><a href=\"https:\/\/www.oaxaca.gob.mx\/apbp\/datos-de-interes\/\">Datos de Inter\u00e9s<\/a><\/li>\n<li class=\"page_item page-item-357\"><a href=\"https:\/\/www.oaxaca.gob.mx\/apbp\/declaraciones-patrimoniales1\/\">Declaraciones Patrimoniales<\/a><\/li>\n<li class=\"page_item page-item-49\"><a href=\"https:\/\/www.oaxaca.gob.mx\/apbp\/decreto-de-creacion-2\/\">Decreto de Creaci\u00f3n<\/a><\/li>\n<li class=\"page_item page-item-163\"><a href=\"https:\/\/www.oaxaca.gob.mx\/apbp\/departamento-administrativo\/\">Departamento Administrativo<\/a><\/li>\n<li class=\"page_item page-item-165\"><a href=\"https:\/\/www.oaxaca.gob.mx\/apbp\/departamento-de-desarrollo-social\/\">Departamento de Desarrollo Social<\/a><\/li>\n<li class=\"page_item page-item-161\"><a href=\"https:\/\/www.oaxaca.gob.mx\/apbp\/departamento-juridico\/\">Departamento Juridico<\/a><\/li>\n<li class=\"page_item page-item-2730\"><a href=\"https:\/\/www.oaxaca.gob.mx\/apbp\/descripcion-ciudadana\/\">Descripci\u00f3n ciudadana<\/a><\/li>\n<li class=\"page_item page-item-5718\"><a href=\"https:\/\/www.oaxaca.gob.mx\/apbp\/dire\/\">dire<\/a><\/li>\n<li class=\"page_item page-item-158\"><a href=\"https:\/\/www.oaxaca.gob.mx\/apbp\/direccion-general\/\">Direcci\u00f3n General<\/a><\/li>\n<li class=\"page_item page-item-2733\"><a href=\"https:\/\/www.oaxaca.gob.mx\/apbp\/documentos-a-presentar-para-realizarlo\/\">Documentos a presentar para realizarlo<\/a><\/li>\n<li class=\"page_item page-item-669\"><a href=\"https:\/\/www.oaxaca.gob.mx\/apbp\/donativo-de-cajas-de-dialisis\/\">DONATIVO DE CAJAS DE DIALISIS<\/a><\/li>\n<li class=\"page_item page-item-1405\"><a href=\"https:\/\/www.oaxaca.gob.mx\/apbp\/en-mantenimiento\/\">En Mantenimiento<\/a><\/li>\n<li class=\"page_item page-item-2702\"><a href=\"https:\/\/www.oaxaca.gob.mx\/apbp\/estructura-organica-u-organigrama\/\">Estructura org\u00e1nica u organigrama<\/a><\/li>\n<li class=\"page_item page-item-2775\"><a href=\"https:\/\/www.oaxaca.gob.mx\/apbp\/eventos\/\">Eventos<\/a><\/li>\n<li class=\"page_item page-item-5771 page_item_has_children\"><a href=\"https:\/\/www.oaxaca.gob.mx\/apbp\/events\/\">Events<\/a>\n<ul class='children'>\n\t<li class=\"page_item page-item-5774\"><a href=\"https:\/\/www.oaxaca.gob.mx\/apbp\/events\/categories\/\">Categories<\/a><\/li>\n\t<li class=\"page_item page-item-5773\"><a href=\"https:\/\/www.oaxaca.gob.mx\/apbp\/events\/locations\/\">Locations<\/a><\/li>\n\t<li class=\"page_item page-item-5776\"><a href=\"https:\/\/www.oaxaca.gob.mx\/apbp\/events\/my-bookings\/\">My Bookings<\/a><\/li>\n\t<li class=\"page_item page-item-5775\"><a href=\"https:\/\/www.oaxaca.gob.mx\/apbp\/events\/tags\/\">Tags<\/a><\/li>\n<\/ul>\n<\/li>\n<li class=\"page_item page-item-2743\"><a href=\"https:\/\/www.oaxaca.gob.mx\/apbp\/formatos-descargables\/\">Formatos descargables<\/a><\/li>\n<li class=\"page_item page-item-2760\"><a href=\"https:\/\/www.oaxaca.gob.mx\/apbp\/formulario\/\">Formulario<\/a><\/li>\n<li class=\"page_item page-item-624\"><a href=\"https:\/\/www.oaxaca.gob.mx\/apbp\/fortalecimiento-a-unidades-medicas\/\">Fortalecimiento a Unidades M\u00e9dicas<\/a><\/li>\n<li class=\"page_item page-item-1305\"><a href=\"https:\/\/www.oaxaca.gob.mx\/apbp\/fortalecimiento-intitucional\/\">Fortalecimiento Intitucional<\/a><\/li>\n<li class=\"page_item page-item-380\"><a href=\"https:\/\/www.oaxaca.gob.mx\/apbp\/fraccion-iii-facultades\/\">Fracci\u00f3n III. Facultades<\/a><\/li>\n<li class=\"page_item page-item-409\"><a href=\"https:\/\/www.oaxaca.gob.mx\/apbp\/fraccion-ix-gastos-de-representacion-y-viaticos\/\">Fracci\u00f3n IX. Gastos de representaci\u00f3n y vi\u00e1ticos<\/a><\/li>\n<li class=\"page_item page-item-402\"><a href=\"https:\/\/www.oaxaca.gob.mx\/apbp\/fraccion-x-plazas-y-personal-de-base-y-confianza\/\">Fracci\u00f3n X. Plazas y personal de base y confianza.<\/a><\/li>\n<li class=\"page_item page-item-344\"><a href=\"https:\/\/www.oaxaca.gob.mx\/apbp\/fraccion-xii\/\">Fraccion XII<\/a><\/li>\n<li class=\"page_item page-item-168\"><a href=\"https:\/\/www.oaxaca.gob.mx\/apbp\/fraccion-xiii-unidad-de-transparencia\/\">Fracci\u00f3n XIII Unidad de Transparencia<\/a><\/li>\n<li class=\"page_item page-item-498\"><a href=\"https:\/\/www.oaxaca.gob.mx\/apbp\/fraccion-xliv-donaciones-hechas-a-terceros\/\">Fracci\u00f3n XLIV. Donaciones hechas a terceros.<\/a><\/li>\n<li class=\"page_item page-item-916\"><a href=\"https:\/\/www.oaxaca.gob.mx\/apbp\/fraccion-xlviii-cualquier-otra-informacion-que-sea-de-utilidad\/\">Fracci\u00f3n XLVIII. Cualquier otra informaci\u00f3n que sea de utilidad.<\/a><\/li>\n<li class=\"page_item page-item-390\"><a href=\"https:\/\/www.oaxaca.gob.mx\/apbp\/fraccion-xxxiv-inventario-de-bienes-muebles-e-inmuebles\/\">Fracci\u00f3n XXXIV. Inventario de bienes muebles e inmuebles.<\/a><\/li>\n<li class=\"page_item page-item-37\"><a href=\"https:\/\/www.oaxaca.gob.mx\/apbp\/funciones\/\">Funciones<\/a><\/li>\n<li class=\"page_item page-item-2777\"><a href=\"https:\/\/www.oaxaca.gob.mx\/apbp\/galeriaprincipal\">Galer\u00eda<\/a><\/li>\n<li class=\"page_item page-item-2854\"><a href=\"https:\/\/www.oaxaca.gob.mx\/apbp\/iecr\/\">IECR<\/a><\/li>\n<li class=\"page_item page-item-2217\"><a href=\"https:\/\/www.oaxaca.gob.mx\/apbp\/curriculum-2\/\">Informaci\u00f3n Curricular<\/a><\/li>\n<li class=\"page_item page-item-6896\"><a href=\"https:\/\/www.oaxaca.gob.mx\/apbp\/informacion-tramite\/\">Informaci\u00f3n del Tramite<\/a><\/li>\n<li class=\"page_item page-item-4173\"><a href=\"https:\/\/www.oaxaca.gob.mx\/apbp\/informe-anual-de-trabajo\">Informe Anual de Trabajo<\/a><\/li>\n<li class=\"page_item page-item-5413\"><a href=\"https:\/\/www.oaxaca.gob.mx\/apbp\/informe-anual-scii\/\">Informe Anual SCII<\/a><\/li>\n<li class=\"page_item page-item-2200\"><a href=\"https:\/\/www.oaxaca.gob.mx\/apbp\/\">Inicio<\/a><\/li>\n<li class=\"page_item page-item-2871\"><a href=\"https:\/\/www.oaxaca.gob.mx\/apbp\/instrumentos-de-consulta-y-control-archivisticos-2\/\">Instrumentos de consulta y control archivisticos<\/a><\/li>\n<li class=\"page_item page-item-3948\"><a href=\"https:\/\/www.oaxaca.gob.mx\/apbp\/lineamientos-de-operacion\/\">Lineamientos de Operaci\u00f3n<\/a><\/li>\n<li class=\"page_item page-item-2705\"><a href=\"https:\/\/www.oaxaca.gob.mx\/apbp\/manual-de-organizacion\/\">Manual de organizaci\u00f3n<\/a><\/li>\n<li class=\"page_item page-item-6338\"><a href=\"https:\/\/www.oaxaca.gob.mx\/apbp\/mapa-del-sitio\/\">Mapa del Sitio<\/a><\/li>\n<li class=\"page_item page-item-4292 page_item_has_children\"><a href=\"https:\/\/www.oaxaca.gob.mx\/apbp\/marco-juridico\">Marco Jur\u00eddico<\/a>\n<ul class='children'>\n\t<li class=\"page_item page-item-941\"><a href=\"https:\/\/www.oaxaca.gob.mx\/apbp\/aviso-de-privacidad-integral\/\">Aviso de Privacidad Integral<\/a><\/li>\n<\/ul>\n<\/li>\n<li class=\"page_item page-item-7297\"><a href=\"https:\/\/www.oaxaca.gob.mx\/apbp\/marco-juridico\/\">Marco Jur\u00eddico<\/a><\/li>\n<li class=\"page_item page-item-32\"><a href=\"https:\/\/www.oaxaca.gob.mx\/apbp\/mision-y-vision\/\">Misi\u00f3n, Visi\u00f3n y Objetivos<\/a><\/li>\n<li class=\"page_item page-item-2728\"><a href=\"https:\/\/www.oaxaca.gob.mx\/apbp\/nombre-del-tramite-o-servicio\/\">Nombre del tr\u00e1mite o servicio<\/a><\/li>\n<li class=\"page_item page-item-2773\"><a href=\"https:\/\/www.oaxaca.gob.mx\/apbp\/noticias\/\">Noticias<\/a><\/li>\n<li class=\"page_item page-item-6352\"><a href=\"https:\/\/www.oaxaca.gob.mx\/apbp\/nueva-ubicacion-de-la-beneficencia-publica\/\">Nueva Ubicaci\u00f3n de la Beneficencia P\u00fablica<\/a><\/li>\n<li class=\"page_item page-item-35\"><a href=\"https:\/\/www.oaxaca.gob.mx\/apbp\/objetivo-general\/\">Objetivo General<\/a><\/li>\n<li class=\"page_item page-item-1852\"><a href=\"https:\/\/www.oaxaca.gob.mx\/apbp\/obligaciones-de-transparencia-2015-2017\/\">Obligaciones<\/a><\/li>\n<li class=\"page_item page-item-1385\"><a href=\"https:\/\/www.oaxaca.gob.mx\/apbp\/mantenimiento\/\">OBLIGACIONES EN TRANSPARENCIA ..<\/a><\/li>\n<li class=\"page_item page-item-2\"><a href=\"https:\/\/www.oaxaca.gob.mx\/apbp\/pagina-ejemplo\/\">P\u00e1gina de ejemplo<\/a><\/li>\n<li class=\"page_item page-item-6099\"><a href=\"https:\/\/www.oaxaca.gob.mx\/apbp\/pitic-2024\/\">PITIC 2024<\/a><\/li>\n<li class=\"page_item page-item-7777\"><a href=\"https:\/\/www.oaxaca.gob.mx\/apbp\/pitic-2025\/\">PITIC 2025<\/a><\/li>\n<li class=\"page_item page-item-4171\"><a href=\"https:\/\/www.oaxaca.gob.mx\/apbp\/plan-anual-de-trabajo\/\">Plan Anual de Trabajo<\/a><\/li>\n<li class=\"page_item page-item-3872\"><a href=\"https:\/\/www.oaxaca.gob.mx\/apbp\/programa-anual-de-desarrollo-archivistico-2020-2\/\">Programa Anual de Desarrollo Archiv\u00edstico 2020<\/a><\/li>\n<li class=\"page_item page-item-5412\"><a href=\"https:\/\/www.oaxaca.gob.mx\/apbp\/programa-de-trabajo\/\">Programa de Trabajo<\/a><\/li>\n<li class=\"page_item page-item-7275\"><a href=\"https:\/\/www.oaxaca.gob.mx\/apbp\/programa-operativo-anual\/\">Programa Operativo Anual<\/a><\/li>\n<li class=\"page_item page-item-184\"><a href=\"https:\/\/www.oaxaca.gob.mx\/apbp\/solicitud-de-acceso-a-la-informacion-publica-2\/\">Solicitud de acceso a la informaci\u00f3n p\u00fablica<\/a><\/li>\n<li class=\"page_item page-item-187\"><a href=\"https:\/\/www.oaxaca.gob.mx\/apbp\/solicitud-de-acceso-consulta-rectificacion-o-cancelacion-de-la-informacion-personal-2\/\">Solicitud de acceso, consulta, rectificaci\u00f3n o cancelaci\u00f3n de la informaci\u00f3n personal<\/a><\/li>\n<li class=\"page_item page-item-3460\"><a href=\"https:\/\/www.oaxaca.gob.mx\/apbp\/acta-del-sub-comite\/\">Sub-Comit\u00e9 de Adquisiciones<\/a><\/li>\n<li class=\"page_item page-item-1348\"><a href=\"https:\/\/www.oaxaca.gob.mx\/apbp\/tabla-de-aplicabilidad\">TABLA DE APLICABILIDAD<\/a><\/li>\n<li class=\"page_item page-item-2762\"><a href=\"https:\/\/www.oaxaca.gob.mx\/apbp\/telefonos\/\">Tel\u00e9fonos<\/a><\/li>\n<li class=\"page_item page-item-2741\"><a href=\"https:\/\/www.oaxaca.gob.mx\/apbp\/telefonos-para-ayuda-ciudadana\/\">T\u00e9lefonos para ayuda ciudadana<\/a><\/li>\n<li class=\"page_item page-item-2695\"><a href=\"https:\/\/www.oaxaca.gob.mx\/apbp\/titular\">Titular de la Dependencia<\/a><\/li>\n<li class=\"page_item page-item-2758\"><a href=\"https:\/\/www.oaxaca.gob.mx\/apbp\/ubicacion-geo-referenciada\/\">Ubicaci\u00f3n geo-referenciada<\/a><\/li>\n<li class=\"page_item page-item-2739\"><a href=\"https:\/\/www.oaxaca.gob.mx\/apbp\/ubicacion-para-realizar-el-tramite\/\">Ubicaci\u00f3n para realizar el tr\u00e1mite<\/a><\/li>\n<li class=\"page_item page-item-2737\"><a href=\"https:\/\/www.oaxaca.gob.mx\/apbp\/url-de-tramite-en-linea\/\">URL de tr\u00e1mite en l\u00ednea<\/a><\/li>\n<li class=\"page_item page-item-3679\"><a href=\"https:\/\/www.oaxaca.gob.mx\/apbp\/verificacion-vinculante\/\">Verificaci\u00f3n vinculante<\/a><\/li>\n<li class=\"page_item page-item-4355\"><a href=\"https:\/\/www.oaxaca.gob.mx\/apbp\/slide-anything-popup-preview\/\">Slide Anything Popup Preview<\/a><\/li>\n<\/ul>\n<\/div>\n","protected":false},"excerpt":{"rendered":"","protected":false},"author":1,"featured_media":0,"parent":0,"menu_order":0,"comment_status":"closed","ping_status":"closed","template":"","meta":{"episode_type":"","audio_file":"","podmotor_file_id":"","podmotor_episode_id":"","cover_image":"","cover_image_id":"","duration":"","filesize":"","filesize_raw":"","date_recorded":"","explicit":"","block":"","itunes_episode_number":"","itunes_title":"","itunes_season_number":"","itunes_episode_type":"","footnotes":""},"categories":[],"tags":[],"class_list":["post-6338","page","type-page","status-publish","hentry"],"acf":[],"publishpress_future_action":{"enabled":false,"date":"2026-05-14 12:28:25","action":"change-status","newStatus":"draft","terms":[],"taxonomy":"category","extraData":[]},"publishpress_future_workflow_manual_trigger":{"enabledWorkflows":[]},"_links":{"self":[{"href":"https:\/\/www.oaxaca.gob.mx\/apbp\/wp-json\/wp\/v2\/pages\/6338","targetHints":{"allow":["GET"]}}],"collection":[{"href":"https:\/\/www.oaxaca.gob.mx\/apbp\/wp-json\/wp\/v2\/pages"}],"about":[{"href":"https:\/\/www.oaxaca.gob.mx\/apbp\/wp-json\/wp\/v2\/types\/page"}],"author":[{"embeddable":true,"href":"https:\/\/www.oaxaca.gob.mx\/apbp\/wp-json\/wp\/v2\/users\/1"}],"replies":[{"embeddable":true,"href":"https:\/\/www.oaxaca.gob.mx\/apbp\/wp-json\/wp\/v2\/comments?post=6338"}],"version-history":[{"count":2,"href":"https:\/\/www.oaxaca.gob.mx\/apbp\/wp-json\/wp\/v2\/pages\/6338\/revisions"}],"predecessor-version":[{"id":6342,"href":"https:\/\/www.oaxaca.gob.mx\/apbp\/wp-json\/wp\/v2\/pages\/6338\/revisions\/6342"}],"wp:attachment":[{"href":"https:\/\/www.oaxaca.gob.mx\/apbp\/wp-json\/wp\/v2\/media?parent=6338"}],"wp:term":[{"taxonomy":"category","embeddable":true,"href":"https:\/\/www.oaxaca.gob.mx\/apbp\/wp-json\/wp\/v2\/categories?post=6338"},{"taxonomy":"post_tag","embeddable":true,"href":"https:\/\/www.oaxaca.gob.mx\/apbp\/wp-json\/wp\/v2\/tags?post=6338"}],"curies":[{"name":"wp","href":"https:\/\/api.w.org\/{rel}","templated":true}]}}