{"id":3415,"date":"2019-09-12T14:21:13","date_gmt":"2019-09-12T19:21:13","guid":{"rendered":"https:\/\/www.oaxaca.gob.mx\/apbp\/?page_id=3415"},"modified":"2025-11-10T13:57:43","modified_gmt":"2025-11-10T19:57:43","slug":"codigo-de-etica-2","status":"publish","type":"page","link":"https:\/\/www.oaxaca.gob.mx\/apbp\/codigo-de-etica-2\/","title":{"rendered":"Comit\u00e9 de \u00c9tica y Prevenci\u00f3n de Conflictos de Inter\u00e9s"},"content":{"rendered":"<p><a href=\"https:\/\/www.oaxaca.gob.mx\/apbp\/codigo-de-etica-4\/\"> C\u00f3digo de \u00c9tica<\/a> \u00a0 \u00a0 \u00a0 <a href=\"https:\/\/www.oaxaca.gob.mx\/apbp\/codigo-de-conducta\/\">C\u00f3digo de \u00a0Conducta<\/a><\/p>\n<hr \/>\n<p><a href=\"https:\/\/www.oaxaca.gob.mx\/apbp\/wp-content\/uploads\/sites\/10\/2020\/11\/CONVOCATORIA-COMITE-DE-ETICA.pdf\">Convocatoria de Comit\u00e9 de \u00c9tica<\/a><br \/>\n<a href=\"https:\/\/www.oaxaca.gob.mx\/apbp\/wp-content\/uploads\/sites\/10\/2020\/11\/CONSTITUCION-DEL-COMITE-DE-ETICA.pdf\">Constituci\u00f3n del Comit\u00e9 de \u00c9tica<\/a><\/p>\n<hr \/>\n<h3 class=\"entry-title mt25\" style=\"width: 100%\">Integrantes del Comit\u00e9 de \u00c9tica<\/h3>\n\n<table id=\"tablepress-4\" class=\"tablepress tablepress-id-4\">\n<thead>\n<tr class=\"row-1\">\n\t<th class=\"column-1\"><strong>CARGO EN EL COMIT\u00c9<\/strong><\/th><th class=\"column-2\"><strong>NOMBRE<\/strong><\/th><th class=\"column-3\"><strong>CARGO DEL FUNCIONARIO<\/strong><\/th>\n<\/tr>\n<\/thead>\n<tbody class=\"row-striping row-hover\">\n<tr class=\"row-2\">\n\t<td class=\"column-1\">PRESIDENTA<\/td><td class=\"column-2\">LIC. MAR\u00cdA FERNANDA GARC\u00cdA RASC\u00d3N<\/td><td class=\"column-3\">DIRECTORA GENERAL DE LA ADMINISTRACI\u00d3N DEL PATRIMONIO DE LA BENEFICENCIA PUBLICA DEL ESTADO DE OAXACA<\/td>\n<\/tr>\n<tr class=\"row-3\">\n\t<td class=\"column-1\">SECRETARIA EJECUTIVA<\/td><td class=\"column-2\">LIC VER\u00d3NICA ITZEL MANUEL HERN\u00c1NDEZ<\/td><td class=\"column-3\">ENCARGADA  DEL DEPARTAMENTO JUR\u00cdDICO<\/td>\n<\/tr>\n<tr class=\"row-4\">\n\t<td class=\"column-1\">VOCAL A<\/td><td class=\"column-2\">LIC. ALITZEL AGUILAR FERNANDO <\/td><td class=\"column-3\">JEFA DEL DEPARTAMENTO DE DESARROLLO SOCIAL<\/td>\n<\/tr>\n<tr class=\"row-5\">\n\t<td class=\"column-1\">VOCAL B<\/td><td class=\"column-2\">C. LEONOR DEL CARMEN GALICIA RAM\u00cdREZ<\/td><td class=\"column-3\">AUXILIAR DEL DEPARTAMENTO JUR\u00cdDICO<\/td>\n<\/tr>\n<tr class=\"row-6\">\n\t<td class=\"column-1\">VOCAL C<\/td><td class=\"column-2\">C. DALIA VANESA MART\u00cdNEZ SANTIAGO<\/td><td class=\"column-3\">AUXILIAR DEL DEPARTAMENTO DE DESARROLLO SOCIAL<\/td>\n<\/tr>\n<\/tbody>\n<\/table>\n<!-- #tablepress-4 from cache -->\n<h3 class=\"entry-title mt25\" style=\"width: 100%\">Actas de sesiones del Comit\u00e9 de \u00c9tica<\/h3>\n<h4 class=\"entry-title mt25\" style=\"width: 100%\">\u00a0 \u00a0 \u00a0Ejercicio 2023<\/h4>\n<p><a href=\"https:\/\/www.oaxaca.gob.mx\/apbp\/wp-content\/uploads\/sites\/10\/2023\/11\/ACTA-DE-INSTALACION-CEPCI-SEP-2023.pdf\">2da Sesi\u00f3n Ordinaria e Instalaci\u00f3n del Comit\u00e9 de \u00c9tica 2023<\/a><\/p>\n<h4 class=\"entry-title mt25\" style=\"width: 100%\">\u00a0 \u00a0 \u00a0Ejercicio 2022<\/h4>\n<p><a href=\"https:\/\/www.oaxaca.gob.mx\/apbp\/wp-content\/uploads\/sites\/10\/2022\/11\/ACTA-PRIMERA-ORD_CEPCI_2022.pdf\">1era Sesi\u00f3n Extraordinaria 2022<\/a><\/p>\n<p><a href=\"https:\/\/www.oaxaca.gob.mx\/apbp\/wp-content\/uploads\/sites\/10\/2022\/11\/COMITE\u0301-ETICA-SEGUNDA-SESIO\u0301N-ORDINARIA-2022.pdf\">2da Sesi\u00f3n Extraordinaria 2022<\/a><\/p>\n<p><a href=\"https:\/\/www.oaxaca.gob.mx\/apbp\/wp-content\/uploads\/sites\/10\/2022\/11\/COMITE\u0301-ETICA-TERCERA-SESIO\u0301N-ORDINARIA-2022.pdf\">3era Sesi\u00f3n Extraordinaria 2022<\/a><\/p>\n<h4 class=\"entry-title mt25\" style=\"width: 100%\">\u00a0 \u00a0 \u00a0Ejercicio 2021<\/h4>\n<p><a href=\"https:\/\/www.oaxaca.gob.mx\/apbp\/wp-content\/uploads\/sites\/10\/2021\/03\/ACTA-SESIO\u0301N-1a-EXTRAORD-2021_CEPCI.pdf\">1era Sesi\u00f3n Extraordinaria 2021<\/a><\/p>\n<p><a href=\"https:\/\/www.oaxaca.gob.mx\/apbp\/wp-content\/uploads\/sites\/10\/2021\/10\/1era-Sesioin-Ordinaria-2021.pdf\">1era Sesi\u00f3n Ordinaria 2021<\/a><\/p>\n<p><a href=\"https:\/\/www.oaxaca.gob.mx\/apbp\/wp-content\/uploads\/sites\/10\/2021\/10\/2da-Sesioin-Extraordinaria-2021.pdf\">2da Sesi\u00f3n Extraordinaria 2021<\/a><\/p>\n<p><a href=\"https:\/\/www.oaxaca.gob.mx\/apbp\/wp-content\/uploads\/sites\/10\/2021\/10\/2da-Sesioin-Ordinaria-2021.pdf\">2da Sesi\u00f3n Ordinaria 2021<\/a><\/p>\n<p><a href=\"https:\/\/www.oaxaca.gob.mx\/apbp\/wp-content\/uploads\/sites\/10\/2022\/03\/Acta-3ra-Extraordinaria-2022.pdf\">3era Sesi\u00f3n Extraordinaria 2021<\/a><\/p>\n<p><a href=\"https:\/\/www.oaxaca.gob.mx\/apbp\/wp-content\/uploads\/sites\/10\/2022\/03\/Acta-Tercera-Sesion-Ordinaria-2021.pdf\">3era Sesi\u00f3n Ordinaria 2021<\/a><\/p>\n<h4 class=\"entry-title mt25\" style=\"width: 100%\">\u00a0 \u00a0 \u00a0Ejercicio 2020<\/h4>\n<p><a href=\"https:\/\/www.oaxaca.gob.mx\/apbp\/wp-content\/uploads\/sites\/10\/2021\/03\/ACTA-1a-SESIO\u0301N-EXTRAORD-2020_CEPCI.pdf\">1era. Sesi\u00f3n Extraordinaria 2020<\/a><\/p>\n<p><a href=\"https:\/\/www.oaxaca.gob.mx\/apbp\/wp-content\/uploads\/sites\/10\/2021\/03\/ACTA-1a-SESIO\u0301N-ORDINARIA-2020_CEPCI.pdf\">1era Sesi\u00f3n Ordinaria 2020<\/a><\/p>\n<p><a href=\"https:\/\/www.oaxaca.gob.mx\/apbp\/wp-content\/uploads\/sites\/10\/2021\/03\/ACTA-2a-SESIO\u0301N-ORDINARIA-2020_CEPCI.pdf\">2da Sesi\u00f3n Ordinaria 2020<\/a><\/p>\n<p><a href=\"https:\/\/www.oaxaca.gob.mx\/apbp\/wp-content\/uploads\/sites\/10\/2021\/03\/ACTA-2a-SESIO\u0301N-EXTRAORD-2020_CEPCI.pdf\">2da Sesi\u00f3n Extraordinaria 2020<\/a><\/p>\n<p><a href=\"https:\/\/www.oaxaca.gob.mx\/apbp\/wp-content\/uploads\/sites\/10\/2021\/03\/ACTA-3a-SESIO\u0301N-ORDINARIA-2020_CEPCI.pdf\">3era Sesi\u00f3n Ordinaria 2020<\/a><\/p>\n","protected":false},"excerpt":{"rendered":"<p>C\u00f3digo de \u00c9tica \u00a0 \u00a0 \u00a0 C\u00f3digo de \u00a0Conducta Convocatoria de Comit\u00e9 de \u00c9tica Constituci\u00f3n del Comit\u00e9 de \u00c9tica Integrantes del Comit\u00e9 de \u00c9tica Actas de sesiones del Comit\u00e9 de \u00c9tica \u00a0 \u00a0 \u00a0Ejercicio 2023 2da Sesi\u00f3n Ordinaria e Instalaci\u00f3n del Comit\u00e9 de \u00c9tica 2023 \u00a0 \u00a0 \u00a0Ejercicio 2022 1era Sesi\u00f3n Extraordinaria 2022 2da Sesi\u00f3n [&hellip;]<\/p>\n","protected":false},"author":10,"featured_media":0,"parent":0,"menu_order":0,"comment_status":"closed","ping_status":"closed","template":"","meta":{"episode_type":"","audio_file":"","podmotor_file_id":"","podmotor_episode_id":"","cover_image":"","cover_image_id":"","duration":"","filesize":"","filesize_raw":"","date_recorded":"","explicit":"","block":"","itunes_episode_number":"","itunes_title":"","itunes_season_number":"","itunes_episode_type":"","footnotes":""},"categories":[],"tags":[],"class_list":["post-3415","page","type-page","status-publish","hentry"],"acf":[],"publishpress_future_action":{"enabled":false,"date":"2026-04-25 01:19:07","action":"change-status","newStatus":"draft","terms":[],"taxonomy":"category","extraData":[]},"publishpress_future_workflow_manual_trigger":{"enabledWorkflows":[]},"_links":{"self":[{"href":"https:\/\/www.oaxaca.gob.mx\/apbp\/wp-json\/wp\/v2\/pages\/3415","targetHints":{"allow":["GET"]}}],"collection":[{"href":"https:\/\/www.oaxaca.gob.mx\/apbp\/wp-json\/wp\/v2\/pages"}],"about":[{"href":"https:\/\/www.oaxaca.gob.mx\/apbp\/wp-json\/wp\/v2\/types\/page"}],"author":[{"embeddable":true,"href":"https:\/\/www.oaxaca.gob.mx\/apbp\/wp-json\/wp\/v2\/users\/10"}],"replies":[{"embeddable":true,"href":"https:\/\/www.oaxaca.gob.mx\/apbp\/wp-json\/wp\/v2\/comments?post=3415"}],"version-history":[{"count":3,"href":"https:\/\/www.oaxaca.gob.mx\/apbp\/wp-json\/wp\/v2\/pages\/3415\/revisions"}],"predecessor-version":[{"id":8188,"href":"https:\/\/www.oaxaca.gob.mx\/apbp\/wp-json\/wp\/v2\/pages\/3415\/revisions\/8188"}],"wp:attachment":[{"href":"https:\/\/www.oaxaca.gob.mx\/apbp\/wp-json\/wp\/v2\/media?parent=3415"}],"wp:term":[{"taxonomy":"category","embeddable":true,"href":"https:\/\/www.oaxaca.gob.mx\/apbp\/wp-json\/wp\/v2\/categories?post=3415"},{"taxonomy":"post_tag","embeddable":true,"href":"https:\/\/www.oaxaca.gob.mx\/apbp\/wp-json\/wp\/v2\/tags?post=3415"}],"curies":[{"name":"wp","href":"https:\/\/api.w.org\/{rel}","templated":true}]}}