{"id":32,"date":"2017-03-02T10:58:30","date_gmt":"2017-03-02T16:58:30","guid":{"rendered":"http:\/\/www.beneficenciapublica.oaxaca.gob.mx\/?page_id=32"},"modified":"2023-08-31T00:19:27","modified_gmt":"2023-08-31T06:19:27","slug":"mision-y-vision","status":"publish","type":"page","link":"https:\/\/www.oaxaca.gob.mx\/apbp\/mision-y-vision\/","title":{"rendered":"Misi\u00f3n, Visi\u00f3n y Objetivos"},"content":{"rendered":"<p class=\"p1\"><b>MISI\u00d3N <\/b><\/p>\n<p class=\"p2\">Operar proyectos y programas de beneficio social de alto impacto en materia de salud, dirigido a grupos vulnerables sin seguridad social, otorgando directamente facilidades para su atenci\u00f3n m\u00e9dica, ayudas funcionales o a trav\u00e9s de proyectos de coinversi\u00f3n, generando una mejor calidad de vida.<\/p>\n<p class=\"p1\"><b>VISI\u00d3N <\/b><\/p>\n<p class=\"p2\">Ser una instituci\u00f3n de apoyo efectivo, en beneficio de la salud de los oaxaque\u00f1os de escasos recursos carentes de seguridad social, que coadyuve en la mejora de su calidad de vida, bien de manera individual o como parte de un grupo determinado en estado de vulnerabilidad.<\/p>\n<p class=\"p1\"><b>OBJETIVO <\/b><\/p>\n<p class=\"p1\">Servir como un instrumento con el fin de apoyar y operar los programas asistenciales propios de la instituci\u00f3n, que sirven como apoyo a los Servicios de Salud de Oaxaca; teniendo por objeto organizar las acciones para el uso del Patrimonio propio.<\/p>\n","protected":false},"excerpt":{"rendered":"<p>MISI\u00d3N Operar proyectos y programas de beneficio social de alto impacto en materia de salud, dirigido a grupos vulnerables sin seguridad social, otorgando directamente facilidades para su atenci\u00f3n m\u00e9dica, ayudas funcionales o a trav\u00e9s de proyectos de coinversi\u00f3n, generando una mejor calidad de vida. VISI\u00d3N Ser una instituci\u00f3n de apoyo efectivo, en beneficio de la [&hellip;]<\/p>\n","protected":false},"author":1,"featured_media":0,"parent":0,"menu_order":0,"comment_status":"closed","ping_status":"closed","template":"","meta":{"episode_type":"","audio_file":"","podmotor_file_id":"","podmotor_episode_id":"","cover_image":"","cover_image_id":"","duration":"","filesize":"","filesize_raw":"","date_recorded":"","explicit":"","block":"","itunes_episode_number":"","itunes_title":"","itunes_season_number":"","itunes_episode_type":"","footnotes":""},"categories":[],"tags":[],"class_list":["post-32","page","type-page","status-publish","hentry"],"acf":[],"publishpress_future_action":{"enabled":false,"date":"2026-05-14 12:38:08","action":"change-status","newStatus":"draft","terms":[],"taxonomy":"category","extraData":[]},"publishpress_future_workflow_manual_trigger":{"enabledWorkflows":[]},"_links":{"self":[{"href":"https:\/\/www.oaxaca.gob.mx\/apbp\/wp-json\/wp\/v2\/pages\/32","targetHints":{"allow":["GET"]}}],"collection":[{"href":"https:\/\/www.oaxaca.gob.mx\/apbp\/wp-json\/wp\/v2\/pages"}],"about":[{"href":"https:\/\/www.oaxaca.gob.mx\/apbp\/wp-json\/wp\/v2\/types\/page"}],"author":[{"embeddable":true,"href":"https:\/\/www.oaxaca.gob.mx\/apbp\/wp-json\/wp\/v2\/users\/1"}],"replies":[{"embeddable":true,"href":"https:\/\/www.oaxaca.gob.mx\/apbp\/wp-json\/wp\/v2\/comments?post=32"}],"version-history":[{"count":1,"href":"https:\/\/www.oaxaca.gob.mx\/apbp\/wp-json\/wp\/v2\/pages\/32\/revisions"}],"predecessor-version":[{"id":5997,"href":"https:\/\/www.oaxaca.gob.mx\/apbp\/wp-json\/wp\/v2\/pages\/32\/revisions\/5997"}],"wp:attachment":[{"href":"https:\/\/www.oaxaca.gob.mx\/apbp\/wp-json\/wp\/v2\/media?parent=32"}],"wp:term":[{"taxonomy":"category","embeddable":true,"href":"https:\/\/www.oaxaca.gob.mx\/apbp\/wp-json\/wp\/v2\/categories?post=32"},{"taxonomy":"post_tag","embeddable":true,"href":"https:\/\/www.oaxaca.gob.mx\/apbp\/wp-json\/wp\/v2\/tags?post=32"}],"curies":[{"name":"wp","href":"https:\/\/api.w.org\/{rel}","templated":true}]}}