{"id":165,"date":"2017-03-24T12:30:19","date_gmt":"2017-03-24T18:30:19","guid":{"rendered":"http:\/\/www.beneficenciapublica.oaxaca.gob.mx\/?page_id=165"},"modified":"2017-03-24T12:30:19","modified_gmt":"2017-03-24T18:30:19","slug":"departamento-de-desarrollo-social","status":"publish","type":"page","link":"https:\/\/www.oaxaca.gob.mx\/apbp\/departamento-de-desarrollo-social\/","title":{"rendered":"Departamento de Desarrollo Social"},"content":{"rendered":"<p>\t\t\t\tDEPARTAMENTO DE DESARROLLO SOCIAL<\/p>\n<p>L.A. Enrique Pastor Tun Diego<\/p>\n<p>&#8211;\u00a0Jefe del Departamento de Desarrollo Social de la Administraci\u00f3n del Patrimonio de la Beneficencia P\u00fablica.<\/p>\n<p>Correo electr\u00f3nico oficial: apbpoax.desarrollosocial@gmail.com<\/p>\n<p>N\u00famero telef\u00f3nico oficial: 132 68 55 EXT.\u00a0105<\/p>\n<p>Direcci\u00f3n oficial: Av. De las Am\u00e9ricas #305 Col. Am\u00e9rica Norte.\t\t<\/p>\n","protected":false},"excerpt":{"rendered":"<p>DEPARTAMENTO DE DESARROLLO SOCIAL L.A. Enrique Pastor Tun Diego &#8211;\u00a0Jefe del Departamento de Desarrollo Social de la Administraci\u00f3n del Patrimonio de la Beneficencia P\u00fablica. Correo electr\u00f3nico oficial: apbpoax.desarrollosocial@gmail.com N\u00famero telef\u00f3nico oficial: 132 68 55 EXT.\u00a0105 Direcci\u00f3n oficial: Av. De las Am\u00e9ricas #305 Col. Am\u00e9rica Norte.<\/p>\n","protected":false},"author":1,"featured_media":0,"parent":0,"menu_order":0,"comment_status":"closed","ping_status":"closed","template":"","meta":{"episode_type":"","audio_file":"","podmotor_file_id":"","podmotor_episode_id":"","cover_image":"","cover_image_id":"","duration":"","filesize":"","filesize_raw":"","date_recorded":"","explicit":"","block":"","itunes_episode_number":"","itunes_title":"","itunes_season_number":"","itunes_episode_type":"","footnotes":""},"categories":[],"tags":[],"class_list":["post-165","page","type-page","status-publish","hentry"],"acf":[],"publishpress_future_action":{"enabled":false,"date":"2026-05-14 13:43:27","action":"change-status","newStatus":"draft","terms":[],"taxonomy":"category","extraData":[]},"publishpress_future_workflow_manual_trigger":{"enabledWorkflows":[]},"_links":{"self":[{"href":"https:\/\/www.oaxaca.gob.mx\/apbp\/wp-json\/wp\/v2\/pages\/165","targetHints":{"allow":["GET"]}}],"collection":[{"href":"https:\/\/www.oaxaca.gob.mx\/apbp\/wp-json\/wp\/v2\/pages"}],"about":[{"href":"https:\/\/www.oaxaca.gob.mx\/apbp\/wp-json\/wp\/v2\/types\/page"}],"author":[{"embeddable":true,"href":"https:\/\/www.oaxaca.gob.mx\/apbp\/wp-json\/wp\/v2\/users\/1"}],"replies":[{"embeddable":true,"href":"https:\/\/www.oaxaca.gob.mx\/apbp\/wp-json\/wp\/v2\/comments?post=165"}],"version-history":[{"count":0,"href":"https:\/\/www.oaxaca.gob.mx\/apbp\/wp-json\/wp\/v2\/pages\/165\/revisions"}],"wp:attachment":[{"href":"https:\/\/www.oaxaca.gob.mx\/apbp\/wp-json\/wp\/v2\/media?parent=165"}],"wp:term":[{"taxonomy":"category","embeddable":true,"href":"https:\/\/www.oaxaca.gob.mx\/apbp\/wp-json\/wp\/v2\/categories?post=165"},{"taxonomy":"post_tag","embeddable":true,"href":"https:\/\/www.oaxaca.gob.mx\/apbp\/wp-json\/wp\/v2\/tags?post=165"}],"curies":[{"name":"wp","href":"https:\/\/api.w.org\/{rel}","templated":true}]}}