{"id":1361,"date":"2021-09-14T13:23:09","date_gmt":"2021-09-14T18:23:09","guid":{"rendered":"https:\/\/www.oaxaca.gob.mx\/alianzasparaeldesarrollo\/?page_id=1361"},"modified":"2021-09-17T13:33:20","modified_gmt":"2021-09-17T18:33:20","slug":"galeria-iniciativas","status":"publish","type":"page","link":"https:\/\/www.oaxaca.gob.mx\/alianzasparaeldesarrollo\/galeria-iniciativas\/","title":{"rendered":"Galer\u00eda Iniciativas para el Desarrollo"},"content":{"rendered":"<div class=\"row\">\n<div class=\"col-md-3\"><a href=\"https:\/\/www.oaxaca.gob.mx\/alianzasparaeldesarrollo\/fortalecimiento-economico-y-juridico-para-favorecer-la-inclusion-economica-y-evitar-la-discriminacion-y-robo-de-propiedad-intelectual-del-mezcal-artesanal-en-la-mixteca\/\" target=\"_blank\" rel=\"noopener\"><br \/>\n<img decoding=\"async\" class=\"rounded mx-auto d-block\" style=\"width: auto;height: 300px\" src=\"https:\/\/www.oaxaca.gob.mx\/alianzasparaeldesarrollo\/wp-content\/uploads\/sites\/51\/2021\/09\/Portadas-portal.jpg\" alt=\"...\" \/><br \/>\n<\/a><\/div>\n<div class=\"col-md-3\"><a href=\"https:\/\/www.oaxaca.gob.mx\/alianzasparaeldesarrollo\/panela-de-la-vida-para-el-desarrollo-comunitario\/\" target=\"_blank\" rel=\"noopener\"><br \/>\n<img decoding=\"async\" class=\"rounded mx-auto d-block\" style=\"width: auto;height: 300px\" src=\"https:\/\/www.oaxaca.gob.mx\/alianzasparaeldesarrollo\/wp-content\/uploads\/sites\/51\/2021\/09\/Portadas-portal2.jpg\" alt=\"...\" \/><br \/>\n<\/a><\/div>\n<div class=\"col-md-3\"><a href=\"https:\/\/www.oaxaca.gob.mx\/alianzasparaeldesarrollo\/desarrollo-tecnologico-y-conservacion-genetica-en-ovinos-y-caprinos-en-la-region-mixteca-alta-de-oaxaca\/\" target=\"_blank\" rel=\"noopener\"><br \/>\n<img decoding=\"async\" class=\"rounded mx-auto d-block\" style=\"width: auto;height: 300px\" src=\"https:\/\/www.oaxaca.gob.mx\/alianzasparaeldesarrollo\/wp-content\/uploads\/sites\/51\/2021\/09\/Portadas-portal3.jpg\" alt=\"...\" \/><br \/>\n<\/a><\/div>\n<div class=\"col-md-3\">\n<p><a href=\"https:\/\/www.oaxaca.gob.mx\/alianzasparaeldesarrollo\/resguardando-el-futuro-verde-para-la-generaciones-venideras\/\" target=\"_blank\" rel=\"noopener\"><br \/>\n<img decoding=\"async\" class=\"rounded mx-auto d-block\" style=\"width: auto;height: 300px\" src=\"https:\/\/www.oaxaca.gob.mx\/alianzasparaeldesarrollo\/wp-content\/uploads\/sites\/51\/2021\/09\/Portadas-portal4.jpg\" alt=\"...\" \/><br \/>\n<\/a><\/p>\n<\/div>\n<\/div>\n<div class=\"row\">\n<div class=\"col-md-3\"><a href=\"https:\/\/www.oaxaca.gob.mx\/alianzasparaeldesarrollo\/restauracion-y-conservacion-de-los-recursos-naturales\/\" target=\"_blank\" rel=\"noopener\"><img decoding=\"async\" class=\"rounded mx-auto d-block\" style=\"width: auto;height: 300px\" src=\"https:\/\/www.oaxaca.gob.mx\/alianzasparaeldesarrollo\/wp-content\/uploads\/sites\/51\/2021\/09\/Portadas-portal7.jpg\" alt=\"...\" \/><\/a><\/div>\n<div class=\"col-md-3\"><a href=\"https:\/\/www.oaxaca.gob.mx\/alianzasparaeldesarrollo\/mejorar-el-ingreso-familiar-mediante-la-obtencion-de-cafes-de-especialidad-con-mujeres-de-la-sierra-sur-de-oaxaca\/\" target=\"_blank\" rel=\"noopener\"><img decoding=\"async\" class=\"rounded mx-auto d-block\" style=\"width: auto;height: 300px\" src=\"https:\/\/www.oaxaca.gob.mx\/alianzasparaeldesarrollo\/wp-content\/uploads\/sites\/51\/2021\/09\/Portadas-portal8.jpg\" alt=\"...\" \/><\/a><\/div>\n<div class=\"col-md-3\"><a href=\"https:\/\/www.oaxaca.gob.mx\/alianzasparaeldesarrollo\/produzco-y-vendo-habilitacion-pre-laboral-para-menores-con-discapacidad\/\" target=\"_blank\" rel=\"noopener\"><img decoding=\"async\" class=\"rounded mx-auto d-block\" style=\"width: auto;height: 300px\" src=\"https:\/\/www.oaxaca.gob.mx\/alianzasparaeldesarrollo\/wp-content\/uploads\/sites\/51\/2021\/09\/Portadas-portal9.jpg\" alt=\"...\" \/><\/a><\/div>\n<div class=\"col-md-3\"><a href=\"https:\/\/www.oaxaca.gob.mx\/alianzasparaeldesarrollo\/impulso-a-las-actividades-productivas-de-100-mujeres-jefas-de-familia-indigenas-mixtecas-en-condiciones-de-vulnerabilidad-que-den-valor-agregado-a-sus-productos-y-los-ayuden-a-escalar-la-cadena-produ\/\" target=\"_blank\" rel=\"noopener\"><img decoding=\"async\" class=\"rounded mx-auto d-block\" style=\"width: auto;height: 300px\" src=\"https:\/\/www.oaxaca.gob.mx\/alianzasparaeldesarrollo\/wp-content\/uploads\/sites\/51\/2021\/09\/Portadas-portal10.jpg\" alt=\"...\" \/><\/a><\/div>\n<\/div>\n<div class=\"row\">\n<div class=\"col-md-3\"><a href=\"https:\/\/www.oaxaca.gob.mx\/alianzasparaeldesarrollo\/mejora-de-procesos-de-produccion-de-carritos-y-juguetes-de-madera-de-artesanos-de-santiago-tenango\/\" target=\"_blank\" rel=\"noopener\"><img decoding=\"async\" class=\"rounded mx-auto d-block\" style=\"width: auto;height: 300px\" src=\"https:\/\/www.oaxaca.gob.mx\/alianzasparaeldesarrollo\/wp-content\/uploads\/sites\/51\/2021\/09\/Portadas-portal13.jpg\" alt=\"...\" \/><\/a><\/div>\n<div class=\"col-md-3\"><a href=\"https:\/\/www.oaxaca.gob.mx\/alianzasparaeldesarrollo\/conservacion-de-langostino-de-agua-dulce-macrobrachium-tenellum-en-el-municipio-de-santa-maria-tonameca\/\" target=\"_blank\" rel=\"noopener\"><img decoding=\"async\" class=\"rounded mx-auto d-block\" style=\"width: auto;height: 300px\" src=\"https:\/\/www.oaxaca.gob.mx\/alianzasparaeldesarrollo\/wp-content\/uploads\/sites\/51\/2021\/09\/Portadas-portal14.jpg\" alt=\"...\" \/><\/a><\/div>\n<div class=\"col-md-3\"><a href=\"https:\/\/www.oaxaca.gob.mx\/alianzasparaeldesarrollo\/implementacion-de-un-centro-de-practica-dentro-del-cam42-como-complemento-a-la-formacion-integral-de-personas-rurales-con-discapacidad-para-la-generacion-de-empleos\/\" target=\"_blank\" rel=\"noopener\"><img decoding=\"async\" class=\"rounded mx-auto d-block\" style=\"width: auto;height: 300px\" src=\"https:\/\/www.oaxaca.gob.mx\/alianzasparaeldesarrollo\/wp-content\/uploads\/sites\/51\/2021\/09\/Portadas-portal15.jpg\" alt=\"...\" \/><\/a><\/div>\n<div class=\"col-md-3\"><a href=\"https:\/\/www.oaxaca.gob.mx\/alianzasparaeldesarrollo\/fortalecimiento-del-proyecto-ecoturistico-de-san-pedro-jocotipac\/\" target=\"_blank\" rel=\"noopener\"><img decoding=\"async\" class=\"rounded mx-auto d-block\" style=\"width: auto;height: 300px\" src=\"https:\/\/www.oaxaca.gob.mx\/alianzasparaeldesarrollo\/wp-content\/uploads\/sites\/51\/2021\/09\/Portadas-portal16.jpg\" alt=\"...\" \/><\/a><\/div>\n<\/div>\n<div class=\"row\">\n<div class=\"col-md-3\"><a href=\"https:\/\/www.oaxaca.gob.mx\/alianzasparaeldesarrollo\/innovacion-y-valor-agregado-a-ropa-tipica-confeccionada-en-telares-de-la-mixteca\/\" target=\"_blank\" rel=\"noopener\"><img decoding=\"async\" class=\"rounded mx-auto d-block\" style=\"width: auto;height: 300px\" src=\"https:\/\/www.oaxaca.gob.mx\/alianzasparaeldesarrollo\/wp-content\/uploads\/sites\/51\/2021\/09\/Portadas-portal19.jpg\" alt=\"...\" \/><\/a><\/div>\n<div class=\"col-md-3\"><a href=\"https:\/\/www.oaxaca.gob.mx\/alianzasparaeldesarrollo\/impulso-a-mujeres-artesanas\/\" target=\"_blank\" rel=\"noopener\"><img decoding=\"async\" class=\"rounded mx-auto d-block\" style=\"width: auto;height: 300px\" src=\"https:\/\/www.oaxaca.gob.mx\/alianzasparaeldesarrollo\/wp-content\/uploads\/sites\/51\/2021\/09\/Portadas-portal20.jpg\" alt=\"...\" \/><\/a><\/div>\n<div class=\"col-md-3\"><a href=\"https:\/\/www.oaxaca.gob.mx\/alianzasparaeldesarrollo\/conservacion-de-suelos-y-flora-mediante-curso-talleres-y-establecimiento-de-sitios-de-monitoreo-y-demostrativos-en-campo-en-el-municipio-de-la-compania-ejutla-de-crespo\/\" target=\"_blank\" rel=\"noopener\"><img decoding=\"async\" class=\"rounded mx-auto d-block\" style=\"width: auto;height: 300px\" src=\"https:\/\/www.oaxaca.gob.mx\/alianzasparaeldesarrollo\/wp-content\/uploads\/sites\/51\/2021\/09\/Portadas-portal21.jpg\" alt=\"...\" \/><\/a><\/div>\n<div class=\"col-md-3\">\n<p><a href=\"https:\/\/www.oaxaca.gob.mx\/alianzasparaeldesarrollo\/construccion-de-senderos-e-infraestructura-para-servicios-turisticos-de-las-cuevas-prehistoricas-de-san-pablo-villa-de-mitla\/\" target=\"_blank\" rel=\"noopener\"><img decoding=\"async\" class=\"rounded mx-auto d-block\" style=\"width: auto;height: 300px\" src=\"https:\/\/www.oaxaca.gob.mx\/alianzasparaeldesarrollo\/wp-content\/uploads\/sites\/51\/2021\/09\/Portadas-portal22.jpg\" alt=\"...\" \/><\/a><\/p>\n<\/div>\n<\/div>\n<div class=\"row\">\n<div class=\"col-md-3\"><a href=\"https:\/\/www.oaxaca.gob.mx\/alianzasparaeldesarrollo\/conservacion-de-las-areas-naturales-voluntarias-la-poza-y-maluto-en-pueblo-viejo-san-francisco-del-mar\/\" target=\"_blank\" rel=\"noopener\"><img decoding=\"async\" class=\"rounded mx-auto d-block\" style=\"width: auto;height: 300px\" src=\"https:\/\/www.oaxaca.gob.mx\/alianzasparaeldesarrollo\/wp-content\/uploads\/sites\/51\/2021\/09\/Portadas-portal25.jpg\" alt=\"...\" \/><\/a><\/div>\n<div class=\"col-md-3\">\n<p><a href=\"https:\/\/www.oaxaca.gob.mx\/alianzasparaeldesarrollo\/infraestructura-para-el-acondicionamiento-del-centro-ecoturistico-llano-cheve\/\" target=\"_blank\" rel=\"noopener\"><img decoding=\"async\" class=\"rounded mx-auto d-block\" style=\"width: auto;height: 300px\" src=\"https:\/\/www.oaxaca.gob.mx\/alianzasparaeldesarrollo\/wp-content\/uploads\/sites\/51\/2021\/09\/Portadas-portal26.jpg\" alt=\"...\" \/><\/a><\/p>\n<\/div>\n<div class=\"col-md-3\">\n<p><a href=\"https:\/\/www.oaxaca.gob.mx\/alianzasparaeldesarrollo\/ampliacion-y-mejoramiento-de-infraestructura-para-la-produccion-de-tomate-en-invernadero\/\" target=\"_blank\" rel=\"noopener\"><img decoding=\"async\" class=\"rounded mx-auto d-block\" style=\"width: auto;height: 300px\" src=\"https:\/\/www.oaxaca.gob.mx\/alianzasparaeldesarrollo\/wp-content\/uploads\/sites\/51\/2021\/09\/Portadas-portal27.jpg\" alt=\"...\" \/><\/a><\/p>\n<\/div>\n<div class=\"col-md-3\"><a href=\"https:\/\/www.oaxaca.gob.mx\/alianzasparaeldesarrollo\/grupo-de-productores-de-cerveza-artesanal-8-regiones\/\" target=\"_blank\" rel=\"noopener\"><img decoding=\"async\" class=\"rounded mx-auto d-block\" style=\"width: auto;height: 300px\" src=\"https:\/\/www.oaxaca.gob.mx\/alianzasparaeldesarrollo\/wp-content\/uploads\/sites\/51\/2021\/09\/Portadas-portal28.jpg\" alt=\"...\" \/><\/a><\/div>\n<\/div>\n<div class=\"row\">\n<div class=\"col-md-3\"><a href=\"https:\/\/www.oaxaca.gob.mx\/alianzasparaeldesarrollo\/tok-muk-mujeres-mixes-trabajando-en-colectivo\/\" target=\"_blank\" rel=\"noopener\"><img decoding=\"async\" class=\"rounded mx-auto d-block\" style=\"width: auto;height: 300px\" src=\"https:\/\/www.oaxaca.gob.mx\/alianzasparaeldesarrollo\/wp-content\/uploads\/sites\/51\/2021\/09\/Portadas-portal6.jpg\" alt=\"...\" \/><br \/>\n<\/a><\/div>\n<div class=\"col-md-3\"><a href=\"https:\/\/www.oaxaca.gob.mx\/alianzasparaeldesarrollo\/cooperativa-de-mujeres-chinantecas-para-la-produccion-de-totopo-artesanal-en-tres-comunidades-de-la-chinantla-oaxaquena\/\" target=\"_blank\" rel=\"noopener\"><img decoding=\"async\" class=\"rounded mx-auto d-block\" style=\"width: auto;height: 300px\" src=\"https:\/\/www.oaxaca.gob.mx\/alianzasparaeldesarrollo\/wp-content\/uploads\/sites\/51\/2021\/09\/Portadas-portal12.jpg\" alt=\"...\" \/><\/a><\/div>\n<div class=\"col-md-3\">\n<p><a href=\"https:\/\/www.oaxaca.gob.mx\/alianzasparaeldesarrollo\/regenerando-del-tejido-social-y-ambiental-en-los-valles-centrales-de-oaxaca\/\" target=\"_blank\" rel=\"noopener\"><img decoding=\"async\" class=\"rounded mx-auto d-block\" style=\"width: auto;height: 300px\" src=\"https:\/\/www.oaxaca.gob.mx\/alianzasparaeldesarrollo\/wp-content\/uploads\/sites\/51\/2021\/09\/Portadas-portal18.jpg\" alt=\"...\" \/><\/a><\/p>\n<\/div>\n<div class=\"col-md-3\"><a href=\"https:\/\/www.oaxaca.gob.mx\/alianzasparaeldesarrollo\/rescate-de-la-educacion-ambiental\/\" target=\"_blank\" rel=\"noopener\"><img decoding=\"async\" class=\"rounded mx-auto d-block\" style=\"width: auto;height: 300px\" src=\"https:\/\/www.oaxaca.gob.mx\/alianzasparaeldesarrollo\/wp-content\/uploads\/sites\/51\/2021\/09\/Portadas-portal24.jpg\" alt=\"...\" \/><\/a><\/div>\n<\/div>\n<div class=\"row\">\n<div class=\"col-md-3\"><a href=\"https:\/\/www.oaxaca.gob.mx\/alianzasparaeldesarrollo\/capacitacion-y-desarrollo-de-habilidades-que-permitan-a-los-ciudadanos-de-juchitan-de-zaragoza-oaxaca-obtener-recursos-a-traves-de-la-fabricacion-de-muebles-u-objetos-decorados-artisticamente-e-impu\/\" target=\"_blank\" rel=\"noopener\"><img decoding=\"async\" class=\"rounded mx-auto d-block\" style=\"width: auto;height: 300px\" src=\"https:\/\/www.oaxaca.gob.mx\/alianzasparaeldesarrollo\/wp-content\/uploads\/sites\/51\/2021\/09\/Portadas-portal5.jpg\" alt=\"...\" \/><\/a><\/div>\n<div class=\"col-md-3\"><a href=\"https:\/\/www.oaxaca.gob.mx\/alianzasparaeldesarrollo\/sistemas-familiares-de-captacion-de-agua-de-lluvia-para-consumo-humano-y-produccion-de-tras-patio\/\" target=\"_blank\" rel=\"noopener\"><img decoding=\"async\" class=\"rounded mx-auto d-block\" style=\"width: auto;height: 300px\" src=\"https:\/\/www.oaxaca.gob.mx\/alianzasparaeldesarrollo\/wp-content\/uploads\/sites\/51\/2021\/09\/Portadas-portal11.jpg\" alt=\"...\" \/><\/a><\/div>\n<div class=\"col-md-3\"><a href=\"https:\/\/www.oaxaca.gob.mx\/alianzasparaeldesarrollo\/escuela-para-la-sostenibilidad-capacitacion-para-la-produccion-y-comercializacion-de-cafe-miel-y-huevos-organicos-de-comunidades-indigenas-de-oaxaca\/\" target=\"_blank\" rel=\"noopener\"><img decoding=\"async\" class=\"rounded mx-auto d-block\" style=\"width: auto;height: 300px\" src=\"https:\/\/www.oaxaca.gob.mx\/alianzasparaeldesarrollo\/wp-content\/uploads\/sites\/51\/2021\/09\/Portadas-portal17.jpg\" alt=\"...\" \/><\/a><\/div>\n<div class=\"col-md-3\"><a href=\"https:\/\/www.oaxaca.gob.mx\/alianzasparaeldesarrollo\/construccion-de-senderos-e-infraestructura-para-servicios-turisticos-de-las-cuevas-prehistoricas-de-san-pablo-villa-de-mitla\/\" target=\"_blank\" rel=\"noopener\"><img decoding=\"async\" class=\"rounded mx-auto d-block\" style=\"width: auto;height: 300px\" src=\"https:\/\/www.oaxaca.gob.mx\/alianzasparaeldesarrollo\/wp-content\/uploads\/sites\/51\/2021\/09\/Portadas-portal23.jpg\" alt=\"...\" \/><\/a><\/div>\n<\/div>\n<div class=\"row\">\n<div class=\"col-md-3\"><a href=\"https:\/\/www.oaxaca.gob.mx\/alianzasparaeldesarrollo\/grupo-productor-de-tortillas-tlayudas-de-santa-ines-yatzeche\/\" target=\"_blank\" rel=\"noopener\"><img decoding=\"async\" class=\"rounded mx-auto d-block\" style=\"width: auto;height: 300px\" src=\"https:\/\/www.oaxaca.gob.mx\/alianzasparaeldesarrollo\/wp-content\/uploads\/sites\/51\/2021\/09\/Portadas-portal29.jpg\" alt=\"...\" \/><\/a><\/div>\n<div class=\"col-md-3\"><a href=\"https:\/\/www.oaxaca.gob.mx\/alianzasparaeldesarrollo\/ampliacion-y-mejoramiento-de-infraestructura-para-la-produccion-de-tomate-en-invernadero\/\" target=\"_blank\" rel=\"noopener\"><img decoding=\"async\" class=\"rounded mx-auto d-block\" style=\"width: auto;height: 300px\" src=\"https:\/\/www.oaxaca.gob.mx\/alianzasparaeldesarrollo\/wp-content\/uploads\/sites\/51\/2021\/09\/Portadas-portal30.jpg\" alt=\"...\" \/><\/a><\/div>\n<\/div>\n<h4 style=\"text-align: center\"><strong>Instalaciones y Sesiones de CDM<\/strong><\/h4>\n<h4 style=\"text-align: center\">\n<a href=\"https:\/\/www.oaxaca.gob.mx\/alianzasparaeldesarrollo\/instalaciones-y-sesiones-de-cdm\/\" target=\"_blank\" rel=\"noopener\"><img decoding=\"async\" class=\"rounded mx-auto d-block\" style=\"width: auto;height: 300px\" src=\"https:\/\/www.oaxaca.gob.mx\/alianzasparaeldesarrollo\/wp-content\/uploads\/sites\/51\/2021\/09\/Portadas-portal_02.jpg\" alt=\"...\" \/><\/a><\/h4>\n<h4 style=\"text-align: center\"><strong>Acciones De Contingencia COVID 19<\/strong><\/h4>\n<h4 style=\"text-align: center\">\n<a href=\"https:\/\/www.oaxaca.gob.mx\/alianzasparaeldesarrollo\/acciones-de-contingencia-covid-19\/\" target=\"_blank\" rel=\"noopener\"><img decoding=\"async\" class=\"rounded mx-auto d-block\" style=\"width: auto;height: 300px\" src=\"https:\/\/www.oaxaca.gob.mx\/alianzasparaeldesarrollo\/wp-content\/uploads\/sites\/51\/2021\/09\/Portadas-portal_022.jpg\" alt=\"...\" \/><\/a><\/h4>\n<h4 style=\"text-align: center\"><strong>Acto Protocolario Julio 2019<\/strong><\/h4>\n<h4 style=\"text-align: center\">\n<a href=\"https:\/\/www.oaxaca.gob.mx\/alianzasparaeldesarrollo\/acto-protocolario-julio-2019\/\" target=\"_blank\" rel=\"noopener\"><img decoding=\"async\" class=\"rounded mx-auto d-block\" style=\"width: auto;height: 300px\" src=\"https:\/\/www.oaxaca.gob.mx\/alianzasparaeldesarrollo\/wp-content\/uploads\/sites\/51\/2021\/09\/Portadas-portal_023.jpg\" alt=\"...\" \/><\/a><\/h4>\n<h4 style=\"text-align: center\"><strong>Auditor\u00eda<\/strong><\/h4>\n<h4 style=\"text-align: center\">\n<a href=\"https:\/\/www.oaxaca.gob.mx\/alianzasparaeldesarrollo\/auditoria\/\" target=\"_blank\" rel=\"noopener\"><img decoding=\"async\" class=\"rounded mx-auto d-block\" style=\"width: auto;height: 300px\" src=\"https:\/\/www.oaxaca.gob.mx\/alianzasparaeldesarrollo\/wp-content\/uploads\/sites\/51\/2021\/09\/Portadas-portal_024.jpg\" alt=\"...\" \/><\/a><\/h4>\n<h4 style=\"text-align: center\"><strong>Capacitaci\u00f3n Grupo Evaluador<\/strong><\/h4>\n<h4 style=\"text-align: center\">\n<a href=\"https:\/\/www.oaxaca.gob.mx\/alianzasparaeldesarrollo\/capacitacion-grupo-evaluador\/\" target=\"_blank\" rel=\"noopener\"><img decoding=\"async\" class=\"rounded mx-auto d-block\" style=\"width: auto;height: 300px\" src=\"https:\/\/www.oaxaca.gob.mx\/alianzasparaeldesarrollo\/wp-content\/uploads\/sites\/51\/2021\/09\/Portadas-portal_025.jpg\" alt=\"...\" \/><\/a><\/h4>\n<h4 style=\"text-align: center\"><strong>Entrega Carteles IPD<\/strong><\/h4>\n<h4 style=\"text-align: center\">\n<a href=\"https:\/\/www.oaxaca.gob.mx\/alianzasparaeldesarrollo\/entrega-carteles-ipd\/\" target=\"_blank\" rel=\"noopener\"><img decoding=\"async\" class=\"rounded mx-auto d-block\" style=\"width: auto;height: 300px\" src=\"https:\/\/www.oaxaca.gob.mx\/alianzasparaeldesarrollo\/wp-content\/uploads\/sites\/51\/2021\/09\/Portadas-portal_026.jpg\" alt=\"...\" \/><\/a><\/h4>\n<h4 style=\"text-align: center\"><strong>Firma De Convenios IPD<\/strong><\/h4>\n<h4 style=\"text-align: center\">\n<a href=\"https:\/\/www.oaxaca.gob.mx\/alianzasparaeldesarrollo\/firma-de-convenios-ipd\/\" target=\"_blank\" rel=\"noopener\"><img decoding=\"async\" class=\"rounded mx-auto d-block\" style=\"width: auto;height: 300px\" src=\"https:\/\/www.oaxaca.gob.mx\/alianzasparaeldesarrollo\/wp-content\/uploads\/sites\/51\/2021\/09\/Portadas-portal_027.jpg\" alt=\"...\" \/><\/a><\/h4>\n<h4 style=\"text-align: center\"><strong>Instalaci\u00f3n de GE<\/strong><\/h4>\n<h4 style=\"text-align: center\">\n<a href=\"https:\/\/www.oaxaca.gob.mx\/alianzasparaeldesarrollo\/instalacion-de-ge\/\" target=\"_blank\" rel=\"noopener\"><img decoding=\"async\" class=\"rounded mx-auto d-block\" style=\"width: auto;height: 300px\" src=\"https:\/\/www.oaxaca.gob.mx\/alianzasparaeldesarrollo\/wp-content\/uploads\/sites\/51\/2021\/09\/Portadas-portal_028.jpg\" alt=\"...\" \/><\/a><\/h4>\n<h4 style=\"text-align: center\"><strong>Misi\u00f3n ROM<\/strong><\/h4>\n<h4 style=\"text-align: center\">\n<a href=\"https:\/\/www.oaxaca.gob.mx\/alianzasparaeldesarrollo\/mision-rom\/\" target=\"_blank\" rel=\"noopener\"><img decoding=\"async\" class=\"rounded mx-auto d-block\" style=\"width: auto;height: 300px\" src=\"https:\/\/www.oaxaca.gob.mx\/alianzasparaeldesarrollo\/wp-content\/uploads\/sites\/51\/2021\/09\/Portadas-portal_029.jpg\" alt=\"...\" \/><\/a><\/h4>\n<h4 style=\"text-align: center\"><strong>Reuni\u00f3n OXFAM-COPLADE<\/strong><\/h4>\n<h4 style=\"text-align: center\">\n<a href=\"https:\/\/www.oaxaca.gob.mx\/alianzasparaeldesarrollo\/reunion-oxfam-coplade\/\" target=\"_blank\" rel=\"noopener\"><img decoding=\"async\" class=\"rounded mx-auto d-block\" style=\"width: auto;height: 300px\" src=\"https:\/\/www.oaxaca.gob.mx\/alianzasparaeldesarrollo\/wp-content\/uploads\/sites\/51\/2021\/09\/Portadas-portal_0210.jpg\" alt=\"...\" \/><\/a><\/h4>\n","protected":false},"excerpt":{"rendered":"<p>Instalaciones y Sesiones de CDM Acciones De Contingencia COVID 19 Acto Protocolario Julio 2019 Auditor\u00eda Capacitaci\u00f3n Grupo Evaluador Entrega Carteles IPD Firma De Convenios IPD Instalaci\u00f3n de GE Misi\u00f3n ROM Reuni\u00f3n OXFAM-COPLADE<\/p>\n","protected":false},"author":30,"featured_media":0,"parent":0,"menu_order":0,"comment_status":"closed","ping_status":"closed","template":"","meta":{"episode_type":"","audio_file":"","podmotor_file_id":"","podmotor_episode_id":"","cover_image":"","cover_image_id":"","duration":"","filesize":"","filesize_raw":"","date_recorded":"","explicit":"","block":"","itunes_episode_number":"","itunes_title":"","itunes_season_number":"","itunes_episode_type":"","footnotes":""},"categories":[],"tags":[],"class_list":["post-1361","page","type-page","status-publish","hentry"],"publishpress_future_action":{"enabled":false,"date":"2026-04-11 07:27:40","action":"change-status","newStatus":"draft","terms":[],"taxonomy":"category","extraData":[]},"publishpress_future_workflow_manual_trigger":{"enabledWorkflows":[]},"_links":{"self":[{"href":"https:\/\/www.oaxaca.gob.mx\/alianzasparaeldesarrollo\/wp-json\/wp\/v2\/pages\/1361","targetHints":{"allow":["GET"]}}],"collection":[{"href":"https:\/\/www.oaxaca.gob.mx\/alianzasparaeldesarrollo\/wp-json\/wp\/v2\/pages"}],"about":[{"href":"https:\/\/www.oaxaca.gob.mx\/alianzasparaeldesarrollo\/wp-json\/wp\/v2\/types\/page"}],"author":[{"embeddable":true,"href":"https:\/\/www.oaxaca.gob.mx\/alianzasparaeldesarrollo\/wp-json\/wp\/v2\/users\/30"}],"replies":[{"embeddable":true,"href":"https:\/\/www.oaxaca.gob.mx\/alianzasparaeldesarrollo\/wp-json\/wp\/v2\/comments?post=1361"}],"version-history":[{"count":12,"href":"https:\/\/www.oaxaca.gob.mx\/alianzasparaeldesarrollo\/wp-json\/wp\/v2\/pages\/1361\/revisions"}],"predecessor-version":[{"id":1506,"href":"https:\/\/www.oaxaca.gob.mx\/alianzasparaeldesarrollo\/wp-json\/wp\/v2\/pages\/1361\/revisions\/1506"}],"wp:attachment":[{"href":"https:\/\/www.oaxaca.gob.mx\/alianzasparaeldesarrollo\/wp-json\/wp\/v2\/media?parent=1361"}],"wp:term":[{"taxonomy":"category","embeddable":true,"href":"https:\/\/www.oaxaca.gob.mx\/alianzasparaeldesarrollo\/wp-json\/wp\/v2\/categories?post=1361"},{"taxonomy":"post_tag","embeddable":true,"href":"https:\/\/www.oaxaca.gob.mx\/alianzasparaeldesarrollo\/wp-json\/wp\/v2\/tags?post=1361"}],"curies":[{"name":"wp","href":"https:\/\/api.w.org\/{rel}","templated":true}]}}