{"id":573,"date":"2017-05-23T12:10:15","date_gmt":"2017-05-23T18:10:15","guid":{"rendered":"https:\/\/www.oaxaca.gob.mx\/ageo\/?page_id=573"},"modified":"2024-02-08T10:35:58","modified_gmt":"2024-02-08T16:35:58","slug":"mision-y-vision","status":"publish","type":"page","link":"https:\/\/www.oaxaca.gob.mx\/ageo\/mision-y-vision\/","title":{"rendered":"Misi\u00f3n, Visi\u00f3n y Objetivo"},"content":{"rendered":"<div class=\"row\" style=\"text-align: center\">\n<div class=\"row\" style=\"text-align: center\">\n<h4 style=\"text-align: justify\">El Archivo General del Estado de Oaxaca es un organismo p\u00fablico descentralizado, con autonom\u00eda t\u00e9cnica, administrativa, operativa y de gesti\u00f3n, que tiene por objeto promover la organizaci\u00f3n de archivos, preservar, incrementar y difundir el patrimonio documental del Estado de Oaxaca, con el fin de salvaguardar la memoria estatal de corto, mediano y largo plazo, as\u00ed como contribuir a la transparencia y rendici\u00f3n de cuentas conforme a las disposiciones previstas en la Constituci\u00f3n Federal, la Constituci\u00f3n pol\u00edtica de Estado y la legislaci\u00f3n federal y estatal, y dem\u00e1s disposiciones normativas aplicables en la materia.<\/h4>\n<\/p><\/div>\n<div class=\"row\" style=\"text-align: center\">\n<div class=\"col-sm-4\" style=\"text-align: center\"><span class=\"su-lightbox text_align: center\" data-mfp-src=\"https:\/\/www.oaxaca.gob.mx\/ageo\/wp-content\/uploads\/sites\/62\/2023\/12\/MISION-240201.jpg\" data-mfp-type=\"image\" data-mobile=\"yes\"><img decoding=\"async\" src=\"https:\/\/www.oaxaca.gob.mx\/ageo\/wp-content\/uploads\/sites\/62\/2023\/12\/MISION-240201.jpg\" width=\"100%\" \/><\/span><\/div>\n<div class=\"col-sm-4\" style=\"text-align: center\"><span class=\"su-lightbox text_align: center\" data-mfp-src=\"https:\/\/www.oaxaca.gob.mx\/ageo\/wp-content\/uploads\/sites\/62\/2023\/12\/VISION-240201.jpg\" data-mfp-type=\"image\" data-mobile=\"yes\"><img decoding=\"async\" src=\"https:\/\/www.oaxaca.gob.mx\/ageo\/wp-content\/uploads\/sites\/62\/2023\/12\/VISION-240201.jpg\" width=\"100%\" \/><\/span><\/div>\n<div class=\"col-sm-4\" style=\"text-align: center\"><span class=\"su-lightbox text_align: center\" data-mfp-src=\"https:\/\/www.oaxaca.gob.mx\/ageo\/wp-content\/uploads\/sites\/62\/2023\/12\/OBJETIVO-240201.jpg\" data-mfp-type=\"image\" data-mobile=\"yes\"><img decoding=\"async\" src=\"https:\/\/www.oaxaca.gob.mx\/ageo\/wp-content\/uploads\/sites\/62\/2023\/12\/OBJETIVO-240201.jpg\" width=\"100%\" \/><\/span><\/div>\n<\/p><\/div>\n<\/div>\n","protected":false},"excerpt":{"rendered":"<p>El Archivo General del Estado de Oaxaca es un organismo p\u00fablico descentralizado, con autonom\u00eda t\u00e9cnica, administrativa, operativa y de gesti\u00f3n, que tiene por objeto promover la organizaci\u00f3n de archivos, preservar, incrementar y difundir el patrimonio documental del Estado de Oaxaca, con el fin de salvaguardar la memoria estatal de corto, mediano y largo plazo, as\u00ed [&hellip;]<\/p>\n","protected":false},"author":1,"featured_media":0,"parent":0,"menu_order":0,"comment_status":"closed","ping_status":"closed","template":"","meta":{"episode_type":"","audio_file":"","podmotor_file_id":"","podmotor_episode_id":"","cover_image":"","cover_image_id":"","duration":"","filesize":"","filesize_raw":"","date_recorded":"","explicit":"","block":"","itunes_episode_number":"","itunes_title":"","itunes_season_number":"","itunes_episode_type":"","footnotes":""},"categories":[],"tags":[],"class_list":["post-573","page","type-page","status-publish","hentry"],"acf":[],"publishpress_future_action":{"enabled":false,"date":"2026-05-12 06:32:41","action":"change-status","newStatus":"draft","terms":[],"taxonomy":"category","extraData":[]},"publishpress_future_workflow_manual_trigger":{"enabledWorkflows":[]},"_links":{"self":[{"href":"https:\/\/www.oaxaca.gob.mx\/ageo\/wp-json\/wp\/v2\/pages\/573","targetHints":{"allow":["GET"]}}],"collection":[{"href":"https:\/\/www.oaxaca.gob.mx\/ageo\/wp-json\/wp\/v2\/pages"}],"about":[{"href":"https:\/\/www.oaxaca.gob.mx\/ageo\/wp-json\/wp\/v2\/types\/page"}],"author":[{"embeddable":true,"href":"https:\/\/www.oaxaca.gob.mx\/ageo\/wp-json\/wp\/v2\/users\/1"}],"replies":[{"embeddable":true,"href":"https:\/\/www.oaxaca.gob.mx\/ageo\/wp-json\/wp\/v2\/comments?post=573"}],"version-history":[{"count":2,"href":"https:\/\/www.oaxaca.gob.mx\/ageo\/wp-json\/wp\/v2\/pages\/573\/revisions"}],"predecessor-version":[{"id":9751,"href":"https:\/\/www.oaxaca.gob.mx\/ageo\/wp-json\/wp\/v2\/pages\/573\/revisions\/9751"}],"wp:attachment":[{"href":"https:\/\/www.oaxaca.gob.mx\/ageo\/wp-json\/wp\/v2\/media?parent=573"}],"wp:term":[{"taxonomy":"category","embeddable":true,"href":"https:\/\/www.oaxaca.gob.mx\/ageo\/wp-json\/wp\/v2\/categories?post=573"},{"taxonomy":"post_tag","embeddable":true,"href":"https:\/\/www.oaxaca.gob.mx\/ageo\/wp-json\/wp\/v2\/tags?post=573"}],"curies":[{"name":"wp","href":"https:\/\/api.w.org\/{rel}","templated":true}]}}