{"id":407,"date":"2016-02-05T17:23:09","date_gmt":"2016-02-05T17:23:09","guid":{"rendered":"https:\/\/www.oaxaca.gob.mx\/administracion\/?page_id=407"},"modified":"2016-02-05T17:23:09","modified_gmt":"2016-02-05T17:23:09","slug":"funciones-direccion-administrativa","status":"publish","type":"page","link":"https:\/\/www.oaxaca.gob.mx\/administracion\/funciones-direccion-administrativa\/","title":{"rendered":"Funciones"},"content":{"rendered":"<p>Administrar y optimizar la aplicaci\u00f3n de los recursos humanos, materiales y financieros asignados a Secretar\u00eda de Administraci\u00f3n.Vigilar que se solicite y tramite el suministro de recursos materiales requeridos a trav\u00e9s del proyecto de compras consolidadas.<\/p>\n<p>Expedir constancias de no adeudo financiero y de bienes muebles al personal adscrito a la Secretar\u00eda que lo solicite.<\/p>\n<p>Realizar las gestiones correspondientes para llevar a cabo las actas de entrega-recepci\u00f3n de los servidores p\u00fablicos a los que la Ley les imponga esta obligaci\u00f3n.<\/p>\n<p>Revisar expedientes t\u00e9cnicos para su evaluaci\u00f3n por parte de la Secretaria de Finanzas, y obtener su autorizaci\u00f3n y aprobaci\u00f3n para seguimiento del proceso de adquisici\u00f3n.<\/p>\n<p>Aprobar la asignaci\u00f3n del combustible, para la plantilla vehicular de la Secretar\u00eda.<\/p>\n<p>Aprobar, controlar y ejecutar coordinadamente con las \u00e1reas responsables, la conservaci\u00f3n, remodelaci\u00f3n, mantenimiento y obra de los inmuebles a cargo de la Secretar\u00eda.<\/p>\n<p>Aprobar y dirigir el dise\u00f1o, desarrollo, transporte y despliegue de suministros y materiales para la realizaci\u00f3n de eventos y giras del Gobernador del Estado.<\/p>\n<p>Establecer las pol\u00edticas para el ingreso a las instalaciones de Ciudad Administrativa y Ciudad Judicial, as\u00ed como del uso de sus estacionamientos.<\/p>\n<p>Observar la eficiente administraci\u00f3n de los centros m\u00e9dicos de emergencia, instalados en Ciudad Administrativa y Ciudad Judicial.<\/p>\n<p>Controlar los servicios del Hangar del Gobierno del Estado y de la Casa Oficial.<\/p>\n","protected":false},"excerpt":{"rendered":"<p>Administrar y optimizar la aplicaci\u00f3n de los recursos humanos, materiales y financieros asignados a Secretar\u00eda de Administraci\u00f3n.Vigilar que se solicite y tramite el suministro de recursos materiales requeridos a trav\u00e9s del proyecto de compras consolidadas. Expedir constancias de no adeudo financiero y de bienes muebles al personal adscrito a la Secretar\u00eda que lo solicite. Realizar [&hellip;]<\/p>\n","protected":false},"author":1,"featured_media":0,"parent":0,"menu_order":0,"comment_status":"closed","ping_status":"closed","template":"","meta":{"episode_type":"","audio_file":"","podmotor_file_id":"","podmotor_episode_id":"","cover_image":"","cover_image_id":"","duration":"","filesize":"","filesize_raw":"","date_recorded":"","explicit":"","block":"","itunes_episode_number":"","itunes_title":"","itunes_season_number":"","itunes_episode_type":"","footnotes":""},"categories":[],"tags":[],"class_list":["post-407","page","type-page","status-publish","hentry"],"acf":[],"publishpress_future_action":{"enabled":false,"date":"2026-04-23 22:03:08","action":"change-status","newStatus":"draft","terms":[],"taxonomy":"category","extraData":[]},"publishpress_future_workflow_manual_trigger":{"enabledWorkflows":[]},"_links":{"self":[{"href":"https:\/\/www.oaxaca.gob.mx\/administracion\/wp-json\/wp\/v2\/pages\/407","targetHints":{"allow":["GET"]}}],"collection":[{"href":"https:\/\/www.oaxaca.gob.mx\/administracion\/wp-json\/wp\/v2\/pages"}],"about":[{"href":"https:\/\/www.oaxaca.gob.mx\/administracion\/wp-json\/wp\/v2\/types\/page"}],"author":[{"embeddable":true,"href":"https:\/\/www.oaxaca.gob.mx\/administracion\/wp-json\/wp\/v2\/users\/1"}],"replies":[{"embeddable":true,"href":"https:\/\/www.oaxaca.gob.mx\/administracion\/wp-json\/wp\/v2\/comments?post=407"}],"version-history":[{"count":0,"href":"https:\/\/www.oaxaca.gob.mx\/administracion\/wp-json\/wp\/v2\/pages\/407\/revisions"}],"wp:attachment":[{"href":"https:\/\/www.oaxaca.gob.mx\/administracion\/wp-json\/wp\/v2\/media?parent=407"}],"wp:term":[{"taxonomy":"category","embeddable":true,"href":"https:\/\/www.oaxaca.gob.mx\/administracion\/wp-json\/wp\/v2\/categories?post=407"},{"taxonomy":"post_tag","embeddable":true,"href":"https:\/\/www.oaxaca.gob.mx\/administracion\/wp-json\/wp\/v2\/tags?post=407"}],"curies":[{"name":"wp","href":"https:\/\/api.w.org\/{rel}","templated":true}]}}