{"id":36335,"date":"2025-02-06T10:06:49","date_gmt":"2025-02-06T16:06:49","guid":{"rendered":"https:\/\/www.oaxaca.gob.mx\/administracion\/?page_id=36335"},"modified":"2026-03-26T09:26:48","modified_gmt":"2026-03-26T15:26:48","slug":"administracion-documental","status":"publish","type":"page","link":"https:\/\/www.oaxaca.gob.mx\/administracion\/administracion-documental\/","title":{"rendered":"Administraci\u00f3n Documental"},"content":{"rendered":"<div class=\"su-tabs su-tabs-style-default su-tabs-mobile-stack\" data-active=\"5\" data-scroll-offset=\"0\" data-anchor-in-url=\"no\"><div class=\"su-tabs-nav\"><span class=\"\" data-url=\"\" data-target=\"blank\" tabindex=\"0\" role=\"button\">SIA<\/span><span class=\"\" data-url=\"\" data-target=\"blank\" tabindex=\"0\" role=\"button\">GI<\/span><span class=\"\" data-url=\"\" data-target=\"blank\" tabindex=\"0\" role=\"button\">PADA<\/span><span class=\"\" data-url=\"\" data-target=\"blank\" tabindex=\"0\" role=\"button\">Instrumentos de Control Archiv\u00edstico<\/span><span class=\"\" data-url=\"\" data-target=\"blank\" tabindex=\"0\" role=\"button\">Inventarios Documentales<\/span><span class=\"\" data-url=\"\" data-target=\"blank\" tabindex=\"0\" role=\"button\">Baja Documental<\/span><\/div><div class=\"su-tabs-panes\"><div class=\"su-tabs-pane su-u-clearfix su-u-trim\" data-title=\"SIA\">\n<p>EJERCICIO 2023<\/p>\n<p><a href=\"https:\/\/www.oaxaca.gob.mx\/administracion\/wp-content\/uploads\/sites\/66\/2026\/03\/reglas-operacion-GI.pdf\">A) ACTA SIA INSTALACI\u00d3N 2023.<\/a><\/p>\n<p><a href=\"https:\/\/www.oaxaca.gob.mx\/administracion\/wp-content\/uploads\/sites\/66\/2025\/02\/ACTA-SIA-INSTAL-2023.pdf\">A) ACTA SIA INSTALACI\u00d3N 2023.<\/a><\/p>\n<p><a href=\"https:\/\/www.oaxaca.gob.mx\/administracion\/wp-content\/uploads\/sites\/66\/2025\/02\/1a-ORD-SIA-2023.pdf\">B) Primera Sesi\u00f3n Ordinaria SIA 2023.<\/a><\/p>\n<p>EJERCICIO 2024<\/p>\n<p><a href=\"https:\/\/www.oaxaca.gob.mx\/administracion\/wp-content\/uploads\/sites\/66\/2025\/02\/1a-ORD-SIA-2024.pdf\">A) Primera Sesi\u00f3n Ordinaria SIA 2024.<\/a><\/p>\n<p>EJERCICIO 2025<\/p>\n<p><a href=\"https:\/\/www.oaxaca.gob.mx\/administracion\/wp-content\/uploads\/sites\/66\/2025\/06\/1a-ord-SIA-2025.pdf\">A) Primera Sesi\u00f3n Ordinaria SIA 2025.<\/a><br \/>\n<a href=\"https:\/\/www.oaxaca.gob.mx\/administracion\/wp-content\/uploads\/sites\/66\/2025\/06\/2a-ordinaria-SIA-2025.pdf\">B) Segunda Sesi\u00f3n Ordinaria SIA 2025.<\/a><br \/>\n<a href=\"https:\/\/www.oaxaca.gob.mx\/administracion\/wp-content\/uploads\/sites\/66\/2026\/02\/3a-ordinaria-SIA.pdf\">C) Tercera Sesi\u00f3n Ordinaria SIA 2025.<\/a><\/p>\n<p>EJERCICIO 2026<\/p>\n<p><a href=\"https:\/\/www.oaxaca.gob.mx\/administracion\/wp-content\/uploads\/sites\/66\/2026\/03\/1a-ORD-SIA-2026.pdf\">A) Primera Sesi\u00f3n Ordinaria SIA 2026.<\/a><\/p>\n<\/div>\n<div class=\"su-tabs-pane su-u-clearfix su-u-trim\" data-title=\"GI\">\nREGLAS DE OPERACI\u00d3N<\/p>\n<p><a href=\"https:\/\/www.oaxaca.gob.mx\/administracion\/wp-content\/uploads\/sites\/66\/2026\/03\/reglas-operacion-GI-1.pdf\">A)reglas operacion GI.<\/a><\/p>\n<p>EJERCICIO 2023<\/p>\n<p><a href=\"https:\/\/www.oaxaca.gob.mx\/administracion\/wp-content\/uploads\/sites\/66\/2025\/02\/1a-ORD-GI-2023.pdf\">A)Primera Sesi\u00f3n Ordinaria Grupo Interdiciplinario.<\/a><\/p>\n<p><a href=\"https:\/\/www.oaxaca.gob.mx\/administracion\/wp-content\/uploads\/sites\/66\/2025\/02\/ACTA-GI-INSTAL-2023.pdf\">B) Toma de Protesta, Instalaci\u00f3n y Formalizaci\u00f3n Grupo Interdiciplinario.<\/a><\/p>\n<p>EJERCICIO 2024<\/p>\n<p><a href=\"https:\/\/www.oaxaca.gob.mx\/administracion\/wp-content\/uploads\/sites\/66\/2025\/02\/1a-ORD-GI-2024.pdf\">A) Primera Sesi\u00f3n Ordinaria Sistema Institucional de Arcivos.<\/a><\/p>\n<p>EJERCICIO 2025<\/p>\n<p><a href=\"https:\/\/www.oaxaca.gob.mx\/administracion\/wp-content\/uploads\/sites\/66\/2025\/04\/1a-ORD-GI-2025.pdf\">A) 1a SESI\u00d3N ORDINARIA.<\/a><br \/>\n<a href=\"https:\/\/www.oaxaca.gob.mx\/administracion\/wp-content\/uploads\/sites\/66\/2025\/06\/2a-ordinaria-GI-2025.pdf\">B) 2da SESI\u00d3N ORDINARIA.<\/a><br \/>\n<a href=\"https:\/\/www.oaxaca.gob.mx\/administracion\/wp-content\/uploads\/sites\/66\/2026\/02\/3a-ordinaria-GI.pdf\">C) 3ra SESI\u00d3N ORDINARIA.<\/a><\/p>\n<p>EJERCICIO 2026<\/p>\n<p><a href=\"https:\/\/www.oaxaca.gob.mx\/administracion\/wp-content\/uploads\/sites\/66\/2026\/03\/1a-ORD-GI-2026.pdf\">A) Primera Sesi\u00f3n Ordinaria 2026.<\/a><\/p>\n<\/div>\n<div class=\"su-tabs-pane su-u-clearfix su-u-trim\" data-title=\"PADA\">\n<p>EJERCICIO 2024<\/p>\n<p><a href=\"https:\/\/www.oaxaca.gob.mx\/administracion\/wp-content\/uploads\/sites\/66\/2025\/02\/PADA-2024.pdf\">A) PADA 2024.<\/a><\/p>\n<p><a href=\"https:\/\/www.oaxaca.gob.mx\/administracion\/wp-content\/uploads\/sites\/66\/2025\/02\/INF-ANUAL-PADA-2024.pdf\">B) INFORME ANUAL PADA 2024.<\/a><\/p>\n<p>EJERCICIO 2025<\/p>\n<p><a href=\"https:\/\/www.oaxaca.gob.mx\/administracion\/wp-content\/uploads\/sites\/66\/2025\/02\/PADA-2025-1.pdf\">A) PADA 2025.<\/a><br \/>\n<a href=\"https:\/\/www.oaxaca.gob.mx\/administracion\/wp-content\/uploads\/sites\/66\/2026\/02\/Informe-anual-2025.pdf\">B) INFORME ANUAL PADA 2025.<\/a><\/p>\n<p>EJERCICIO 2026<\/p>\n<p><a href=\"https:\/\/www.oaxaca.gob.mx\/administracion\/wp-content\/uploads\/sites\/66\/2026\/03\/PADA-2026.pdf\">A) PADA 2026.<\/a><\/p>\n<\/div>\n<div class=\"su-tabs-pane su-u-clearfix su-u-trim\" data-title=\"Instrumentos de Control Archiv\u00edstico\">\n<p><a href=\"https:\/\/www.oaxaca.gob.mx\/administracion\/wp-content\/uploads\/sites\/66\/2025\/02\/Ley-de-Archivos-para-el-Estado-de-Oaxaca-240813.pdf\">A) Ley de Archivos para el Estado de Oaxaca.<\/a><\/p>\n<p><a href=\"https:\/\/www.oaxaca.gob.mx\/administracion\/wp-content\/uploads\/sites\/66\/2025\/02\/Ley-General-de-Archivos-240813.pdf\">B) Ley General de Archivos.<\/a><\/p>\n<p><a href=\"https:\/\/www.oaxaca.gob.mx\/administracion\/wp-content\/uploads\/sites\/66\/2025\/02\/Lineamientos-para-la-organizacion-conservacion-y-custodia-de-los-Archivos-de-la-Administracion-Publica-del-Estado-de-Oaxaca.pdf\">C)Lineamientos para la Organizaci\u00f3n conservaci\u00f3n y Custodia de los Archivos de la Administraci\u00f3n P\u00fablica.<\/a><\/p>\n<p>EJERCICIO 2022<\/p>\n<p><a href=\"https:\/\/www.oaxaca.gob.mx\/administracion\/wp-content\/uploads\/sites\/66\/2025\/02\/CADIDO-VIGENTE-2022-1.pdf\">A) CADIDO VIGENTE 2022.<\/a><\/p>\n<p><a href=\"https:\/\/www.oaxaca.gob.mx\/administracion\/wp-content\/uploads\/sites\/66\/2025\/02\/CGCA-VIGENTE-2022.pdf\">B) CGCA VIGENTE 2022.<\/a><\/p>\n<p>EJERCICIO 2023<\/p>\n<p><a href=\"https:\/\/www.oaxaca.gob.mx\/administracion\/wp-content\/uploads\/sites\/66\/2025\/02\/REFRENDO-RNA-2023.pdf\">A) REFRENDO RNA 2023.<\/a><\/p>\n<p>EJERCICIO 2024<\/p>\n<p><a href=\"https:\/\/www.oaxaca.gob.mx\/administracion\/wp-content\/uploads\/sites\/66\/2025\/02\/REFRENDO-RNA-2024.pdf\">A) REFRENDO RNA 2024.<\/a><\/p>\n<p>EJERCICIO 2025<\/p>\n<p><a href=\"https:\/\/www.oaxaca.gob.mx\/administracion\/wp-content\/uploads\/sites\/66\/2026\/02\/REFRENDO-RNA-2025.pdf\">A) REFRENDO RNA 2025.<\/a><\/p>\n<\/div>\n<div class=\"su-tabs-pane su-u-clearfix su-u-trim\" data-title=\"Inventarios Documentales\">\n<p><a href=\"https:\/\/www.oaxaca.gob.mx\/administracion\/wp-content\/uploads\/sites\/66\/2025\/10\/inventario-transf-1a.pdf\">A) INVENTARIO DE TRANSFERENCIA PRIMARIA.<\/a><br \/>\n<a href=\"https:\/\/www.oaxaca.gob.mx\/administracion\/wp-content\/uploads\/sites\/66\/2025\/04\/INVENTARIOS.pdf\">A) INVENTARIOS.<\/a><\/p>\n<\/div>\n<div class=\"su-tabs-pane su-u-clearfix su-u-trim\" data-title=\"Baja Documental\">\n<p><a href=\"https:\/\/www.oaxaca.gob.mx\/administracion\/wp-content\/uploads\/sites\/66\/2025\/04\/BAJA-030425.pdf\">A) BAJA.<\/a><br \/>\n<a href=\"https:\/\/www.oaxaca.gob.mx\/administracion\/wp-content\/uploads\/sites\/66\/2025\/04\/BAJA-170125.pdf\">A) BAJAA.<\/a><\/p>\n<\/div><\/div><\/div>\n","protected":false},"excerpt":{"rendered":"","protected":false},"author":1,"featured_media":0,"parent":0,"menu_order":0,"comment_status":"closed","ping_status":"closed","template":"","meta":{"episode_type":"","audio_file":"","podmotor_file_id":"","podmotor_episode_id":"","cover_image":"","cover_image_id":"","duration":"","filesize":"","filesize_raw":"","date_recorded":"","explicit":"","block":"","itunes_episode_number":"","itunes_title":"","itunes_season_number":"","itunes_episode_type":"","footnotes":""},"categories":[],"tags":[],"class_list":["post-36335","page","type-page","status-publish","hentry"],"acf":[],"publishpress_future_action":{"enabled":false,"date":"2026-05-10 08:17:39","action":"change-status","newStatus":"draft","terms":[],"taxonomy":"category","extraData":[]},"publishpress_future_workflow_manual_trigger":{"enabledWorkflows":[]},"_links":{"self":[{"href":"https:\/\/www.oaxaca.gob.mx\/administracion\/wp-json\/wp\/v2\/pages\/36335","targetHints":{"allow":["GET"]}}],"collection":[{"href":"https:\/\/www.oaxaca.gob.mx\/administracion\/wp-json\/wp\/v2\/pages"}],"about":[{"href":"https:\/\/www.oaxaca.gob.mx\/administracion\/wp-json\/wp\/v2\/types\/page"}],"author":[{"embeddable":true,"href":"https:\/\/www.oaxaca.gob.mx\/administracion\/wp-json\/wp\/v2\/users\/1"}],"replies":[{"embeddable":true,"href":"https:\/\/www.oaxaca.gob.mx\/administracion\/wp-json\/wp\/v2\/comments?post=36335"}],"version-history":[{"count":2,"href":"https:\/\/www.oaxaca.gob.mx\/administracion\/wp-json\/wp\/v2\/pages\/36335\/revisions"}],"predecessor-version":[{"id":39045,"href":"https:\/\/www.oaxaca.gob.mx\/administracion\/wp-json\/wp\/v2\/pages\/36335\/revisions\/39045"}],"wp:attachment":[{"href":"https:\/\/www.oaxaca.gob.mx\/administracion\/wp-json\/wp\/v2\/media?parent=36335"}],"wp:term":[{"taxonomy":"category","embeddable":true,"href":"https:\/\/www.oaxaca.gob.mx\/administracion\/wp-json\/wp\/v2\/categories?post=36335"},{"taxonomy":"post_tag","embeddable":true,"href":"https:\/\/www.oaxaca.gob.mx\/administracion\/wp-json\/wp\/v2\/tags?post=36335"}],"curies":[{"name":"wp","href":"https:\/\/api.w.org\/{rel}","templated":true}]}}