{"id":301,"date":"2016-02-05T15:45:37","date_gmt":"2016-02-05T15:45:37","guid":{"rendered":"https:\/\/www.oaxaca.gob.mx\/administracion\/?page_id=301"},"modified":"2024-06-11T09:35:32","modified_gmt":"2024-06-11T15:35:32","slug":"requisitos-para-la-inscripcion-y-renovacion-al-padron-de-proveedores","status":"publish","type":"page","link":"https:\/\/www.oaxaca.gob.mx\/administracion\/requisitos-para-la-inscripcion-y-renovacion-al-padron-de-proveedores\/","title":{"rendered":"Requisitos para la inscripci\u00f3n y renovaci\u00f3n al Padr\u00f3n de Proveedores"},"content":{"rendered":"<div class=\"row\">\n<div class=\"col-md-4\">\n\t\t<a href=\"https:\/\/www.oaxaca.gob.mx\/administracion\/wp-content\/uploads\/sites\/66\/2024\/06\/REQUISITOS-DE-PADRON-DE-PROVEEDORES.pdf\" target=\"_blank\" rel=\"noopener noreferrer\"><br \/>\n\t\t<img decoding=\"async\" class=\"mx-auto d-block img-fluid\" src=\"http:\/\/www.oaxaca.gob.mx\/administracion\/wp-content\/plugins\/GOLicitaciones\/img\/requisitos_inscripcion.png\" alt=\"Requisitos renovaci\u00f3n padr\u00f3n\" \/><\/a><\/p>\n<p class=\"text-center\">Requisitos para inscripci\u00f3n y\/o Renovaci\u00f3n al Padr\u00f3n de Proveedores de la Administraci\u00f3n P\u00fablica Estatal.<\/p>\n<p>\t\t&nbsp;\n\t<\/p><\/div>\n<div class=\"col-md-4\">\n\t\t<a href=\"https:\/\/www.oaxaca.gob.mx\/administracion\/wp-content\/uploads\/sites\/66\/2024\/06\/FORMATO-PADRON-DE-PROVEEDORES.pdf\" target=\"_blank\" rel=\"noopener noreferrer\"><br \/>\n\t\t\t<img decoding=\"async\" class=\"mx-auto d-block img-fluid\" src=\"http:\/\/www.oaxaca.gob.mx\/administracion\/wp-content\/plugins\/GOLicitaciones\/img\/formato_padron.png\" alt=\"Formato de padr\u00f3n de proveedores\" \/><br \/>\n\t\t<\/a><\/p>\n<p class=\"text-center\">Formato Padr\u00f3n de Proveedores.<\/p>\n<p>\t\t&nbsp;\n\t<\/p><\/div>\n<div class=\"col-md-4\">\n\t\t<a href=\"https:\/\/www.oaxaca.gob.mx\/administracion\/padron-de-proveedores-2019-2020\/\" target=\"_blank\" rel=\"noopener noreferrer\"><br \/>\n\t\t\t<img decoding=\"async\" class=\"mx-auto d-block img-fluid\" src=\"https:\/\/www.oaxaca.gob.mx\/administracion\/wp-content\/uploads\/sites\/66\/2021\/01\/formato_padron2-01-1.png\" alt=\"Listado de proveedores\" \/><br \/>\n\t\t<\/a><\/p>\n<p class=\"text-center\">Padr\u00f3n de Proveedores de la Administraci\u00f3n P\u00fablica Estatal.<\/p>\n<p>\t\t&nbsp;\n\t<\/p><\/div>\n<\/div>\n<div class=\"row\">\n<ul>\n<li style=\"color: #553276\">\n\t\t\t<a href=\"https:\/\/citasproveedores.oaxaca.gob.mx\/citas\" target=\"_blank\" rel=\"noopener noreferrer\">https:\/\/citasproveedores.oaxaca.gob.mx\/citas<\/a>\n\t\t<\/li>\n<\/ul>\n<\/div>\n","protected":false},"excerpt":{"rendered":"<p>Requisitos para inscripci\u00f3n y\/o Renovaci\u00f3n al Padr\u00f3n de Proveedores de la Administraci\u00f3n P\u00fablica Estatal. &nbsp; Formato Padr\u00f3n de Proveedores. &nbsp; Padr\u00f3n de Proveedores de la Administraci\u00f3n P\u00fablica Estatal. &nbsp; https:\/\/citasproveedores.oaxaca.gob.mx\/citas<\/p>\n","protected":false},"author":1,"featured_media":0,"parent":0,"menu_order":0,"comment_status":"closed","ping_status":"closed","template":"","meta":{"episode_type":"","audio_file":"","podmotor_file_id":"","podmotor_episode_id":"","cover_image":"","cover_image_id":"","duration":"","filesize":"","filesize_raw":"","date_recorded":"","explicit":"","block":"","itunes_episode_number":"","itunes_title":"","itunes_season_number":"","itunes_episode_type":"","footnotes":""},"categories":[],"tags":[],"class_list":["post-301","page","type-page","status-publish","hentry"],"acf":[],"publishpress_future_action":{"enabled":false,"date":"2026-05-05 11:13:00","action":"change-status","newStatus":"draft","terms":[],"taxonomy":"category","extraData":[]},"publishpress_future_workflow_manual_trigger":{"enabledWorkflows":[]},"_links":{"self":[{"href":"https:\/\/www.oaxaca.gob.mx\/administracion\/wp-json\/wp\/v2\/pages\/301","targetHints":{"allow":["GET"]}}],"collection":[{"href":"https:\/\/www.oaxaca.gob.mx\/administracion\/wp-json\/wp\/v2\/pages"}],"about":[{"href":"https:\/\/www.oaxaca.gob.mx\/administracion\/wp-json\/wp\/v2\/types\/page"}],"author":[{"embeddable":true,"href":"https:\/\/www.oaxaca.gob.mx\/administracion\/wp-json\/wp\/v2\/users\/1"}],"replies":[{"embeddable":true,"href":"https:\/\/www.oaxaca.gob.mx\/administracion\/wp-json\/wp\/v2\/comments?post=301"}],"version-history":[{"count":3,"href":"https:\/\/www.oaxaca.gob.mx\/administracion\/wp-json\/wp\/v2\/pages\/301\/revisions"}],"predecessor-version":[{"id":35441,"href":"https:\/\/www.oaxaca.gob.mx\/administracion\/wp-json\/wp\/v2\/pages\/301\/revisions\/35441"}],"wp:attachment":[{"href":"https:\/\/www.oaxaca.gob.mx\/administracion\/wp-json\/wp\/v2\/media?parent=301"}],"wp:term":[{"taxonomy":"category","embeddable":true,"href":"https:\/\/www.oaxaca.gob.mx\/administracion\/wp-json\/wp\/v2\/categories?post=301"},{"taxonomy":"post_tag","embeddable":true,"href":"https:\/\/www.oaxaca.gob.mx\/administracion\/wp-json\/wp\/v2\/tags?post=301"}],"curies":[{"name":"wp","href":"https:\/\/api.w.org\/{rel}","templated":true}]}}

Requisitos para la inscripción y renovación al Padrón de Proveedores

<div class="row">
<div class="col-md-4">
		<a href="https://www.oaxaca.gob.mx/administracion/wp-content/uploads/sites/66/2024/06/REQUISITOS-DE-PADRON-DE-PROVEEDORES.pdf" target="_blank" rel="noopener noreferrer"><br />
		<img decoding="async" class="mx-auto d-block img-fluid" src="http://www.oaxaca.gob.mx/administracion/wp-content/plugins/GOLicitaciones/img/requisitos_inscripcion.png" alt="Requisitos renovación padrón" /></a></p>
<p class="text-center">Requisitos para inscripción y/o Renovación al Padrón de Proveedores de la Administración Pública Estatal.</p>
<p>		&nbsp;
	</p></div>
<div class="col-md-4">
		<a href="https://www.oaxaca.gob.mx/administracion/wp-content/uploads/sites/66/2024/06/FORMATO-PADRON-DE-PROVEEDORES.pdf" target="_blank" rel="noopener noreferrer"><br />
			<img decoding="async" class="mx-auto d-block img-fluid" src="http://www.oaxaca.gob.mx/administracion/wp-content/plugins/GOLicitaciones/img/formato_padron.png" alt="Formato de padrón de proveedores" /><br />
		</a></p>
<p class="text-center">Formato Padrón de Proveedores.</p>
<p>		&nbsp;
	</p></div>
<div class="col-md-4">
		<a href="https://www.oaxaca.gob.mx/administracion/padron-de-proveedores-2019-2020/" target="_blank" rel="noopener noreferrer"><br />
			<img decoding="async" class="mx-auto d-block img-fluid" src="https://www.oaxaca.gob.mx/administracion/wp-content/uploads/sites/66/2021/01/formato_padron2-01-1.png" alt="Listado de proveedores" /><br />
		</a></p>
<p class="text-center">Padrón de Proveedores de la Administración Pública Estatal.</p>
<p>		&nbsp;
	</p></div>
</div>
<div class="row">
<ul>
<li style="color: #553276">
			<a href="https://citasproveedores.oaxaca.gob.mx/citas" target="_blank" rel="noopener noreferrer">https://citasproveedores.oaxaca.gob.mx/citas</a>
		</li>
</ul>
</div>

<p>Requisitos para inscripción y/o Renovación al Padrón de Proveedores de la Administración Pública Estatal. &nbsp; Formato Padrón de Proveedores. &nbsp; Padrón de Proveedores de la Administración Pública Estatal. &nbsp; https://citasproveedores.oaxaca.gob.mx/citas</p>
