{"id":23624,"date":"2019-09-17T15:20:12","date_gmt":"2019-09-17T20:20:12","guid":{"rendered":"https:\/\/www.oaxaca.gob.mx\/administracion\/?page_id=23624"},"modified":"2024-08-07T16:01:06","modified_gmt":"2024-08-07T22:01:06","slug":"unidad-de-genero","status":"publish","type":"page","link":"https:\/\/www.oaxaca.gob.mx\/administracion\/centro-mujer-tu-espacio","title":{"rendered":"Centro Mujer Tu Espacio"},"content":{"rendered":"<div class=\"row\">\n<div class=\"col-md-5\"><img loading=\"lazy\" decoding=\"async\" class=\"img-fluid alignnone wp-image-24132\" src=\"https:\/\/www.oaxaca.gob.mx\/administracion\/wp-content\/uploads\/sites\/66\/2024\/06\/LOGO-CMTE-01-1.png\" alt=\"\" width=\"349\" height=\"162\" \/><\/div>\n<div class=\"col-md-7 d-flex align-items-center pe-5\">\n<p style=\"text-align: justify;font-size: 14px\">Somos el \u00e1rea responsable de desarrollar y promover acciones para institucionalizar y transversalizar la perspectiva de g\u00e9nero al interior de la Secretar\u00eda de Administraci\u00f3n, a trav\u00e9s de acciones que visibilicen, sensibilicen, prevengan y erradiquen las desigualdades y violencias hacia las mujeres en todas las \u00e1reas de trabajo para contar con personal que incorpore esta perspectiva; y as\u00ed garantizar a las mujeres el pleno goce a una vida libre de violencia.<br \/>\n<br \/>&nbsp;<br \/>\n<strong>\u00abJuntas y juntos por una vida libre de violencia\u00bb<\/strong><br \/>&nbsp;<br \/>\n<strong>CONTACTO: <\/strong><br \/>&nbsp;<br \/>\n<strong>Encargada:<\/strong>&nbsp;Lic. Gabriela Rodr\u00edguez Toledo<br \/>&nbsp;<br \/>\n<strong>Ubicaci\u00f3n:<\/strong>&nbsp;Carretera Internacional Oaxaca-Istmo Km. 11.5,<br \/>Ciudad Administrativa Benem\u00e9rito de las Am\u00e9ricas, Edificio 1,<br \/>Piso 3, Tlalixtac de Cabrera, Oaxaca de Ju\u00e1rez. C.P. 68270.<br \/>&nbsp;<br \/>\n<strong>Tel.:<\/strong>&nbsp;951- 501- 5000 ext. 10938.<br \/>&nbsp;<br \/>\n<strong>Horario de atenci\u00f3n:<\/strong>&nbsp;9:00 a 16:00 horas.<br \/>&nbsp;<br \/>\n<strong>Correo Electr\u00f3nico:<\/strong>&nbsp;mujertuespacio.sa@oaxaca.gob.mx<br \/>&nbsp;<br \/>\n<strong>CEATI:<\/strong><br \/>\nL\u00ednea Jur\u00eddica: 951 207 26 66<br \/>\nL\u00ednea de Contenci\u00f3n Emocional: 951 427 75 02\n<\/p>\n<\/div>\n<\/div>\n","protected":false},"excerpt":{"rendered":"<p>Somos el \u00e1rea responsable de desarrollar y promover acciones para institucionalizar y transversalizar la perspectiva de g\u00e9nero al interior de la Secretar\u00eda de Administraci\u00f3n, a trav\u00e9s de acciones que visibilicen, sensibilicen, prevengan y erradiquen las desigualdades y violencias hacia las mujeres en todas las \u00e1reas de trabajo para contar con personal que incorpore esta perspectiva; [&hellip;]<\/p>\n","protected":false},"author":72,"featured_media":0,"parent":0,"menu_order":0,"comment_status":"closed","ping_status":"closed","template":"","meta":{"episode_type":"","audio_file":"","podmotor_file_id":"","podmotor_episode_id":"","cover_image":"","cover_image_id":"","duration":"","filesize":"","filesize_raw":"","date_recorded":"","explicit":"","block":"","itunes_episode_number":"","itunes_title":"","itunes_season_number":"","itunes_episode_type":"","footnotes":""},"categories":[],"tags":[],"class_list":["post-23624","page","type-page","status-publish","hentry"],"acf":[],"publishpress_future_action":{"enabled":false,"date":"2026-05-06 11:46:08","action":"change-status","newStatus":"draft","terms":[],"taxonomy":"category","extraData":[]},"publishpress_future_workflow_manual_trigger":{"enabledWorkflows":[]},"_links":{"self":[{"href":"https:\/\/www.oaxaca.gob.mx\/administracion\/wp-json\/wp\/v2\/pages\/23624","targetHints":{"allow":["GET"]}}],"collection":[{"href":"https:\/\/www.oaxaca.gob.mx\/administracion\/wp-json\/wp\/v2\/pages"}],"about":[{"href":"https:\/\/www.oaxaca.gob.mx\/administracion\/wp-json\/wp\/v2\/types\/page"}],"author":[{"embeddable":true,"href":"https:\/\/www.oaxaca.gob.mx\/administracion\/wp-json\/wp\/v2\/users\/72"}],"replies":[{"embeddable":true,"href":"https:\/\/www.oaxaca.gob.mx\/administracion\/wp-json\/wp\/v2\/comments?post=23624"}],"version-history":[{"count":4,"href":"https:\/\/www.oaxaca.gob.mx\/administracion\/wp-json\/wp\/v2\/pages\/23624\/revisions"}],"predecessor-version":[{"id":35801,"href":"https:\/\/www.oaxaca.gob.mx\/administracion\/wp-json\/wp\/v2\/pages\/23624\/revisions\/35801"}],"wp:attachment":[{"href":"https:\/\/www.oaxaca.gob.mx\/administracion\/wp-json\/wp\/v2\/media?parent=23624"}],"wp:term":[{"taxonomy":"category","embeddable":true,"href":"https:\/\/www.oaxaca.gob.mx\/administracion\/wp-json\/wp\/v2\/categories?post=23624"},{"taxonomy":"post_tag","embeddable":true,"href":"https:\/\/www.oaxaca.gob.mx\/administracion\/wp-json\/wp\/v2\/tags?post=23624"}],"curies":[{"name":"wp","href":"https:\/\/api.w.org\/{rel}","templated":true}]}}

<div class="row">
<div class="col-md-5"><img loading="lazy" decoding="async" class="img-fluid alignnone wp-image-24132" src="https://www.oaxaca.gob.mx/administracion/wp-content/uploads/sites/66/2024/06/LOGO-CMTE-01-1.png" alt="" width="349" height="162" /></div>
<div class="col-md-7 d-flex align-items-center pe-5">
<p style="text-align: justify;font-size: 14px">Somos el área responsable de desarrollar y promover acciones para institucionalizar y transversalizar la perspectiva de género al interior de la Secretaría de Administración, a través de acciones que visibilicen, sensibilicen, prevengan y erradiquen las desigualdades y violencias hacia las mujeres en todas las áreas de trabajo para contar con personal que incorpore esta perspectiva; y así garantizar a las mujeres el pleno goce a una vida libre de violencia.<br />
<br />&nbsp;<br />
<strong>«Juntas y juntos por una vida libre de violencia»</strong><br />&nbsp;<br />
<strong>CONTACTO: </strong><br />&nbsp;<br />
<strong>Encargada:</strong>&nbsp;Lic. Gabriela Rodríguez Toledo<br />&nbsp;<br />
<strong>Ubicación:</strong>&nbsp;Carretera Internacional Oaxaca-Istmo Km. 11.5,<br />Ciudad Administrativa Benemérito de las Américas, Edificio 1,<br />Piso 3, Tlalixtac de Cabrera, Oaxaca de Juárez. C.P. 68270.<br />&nbsp;<br />
<strong>Tel.:</strong>&nbsp;951- 501- 5000 ext. 10938.<br />&nbsp;<br />
<strong>Horario de atención:</strong>&nbsp;9:00 a 16:00 horas.<br />&nbsp;<br />
<strong>Correo Electrónico:</strong>&nbsp;mujertuespacio.sa@oaxaca.gob.mx<br />&nbsp;<br />
<strong>CEATI:</strong><br />
Línea Jurídica: 951 207 26 66<br />
Línea de Contención Emocional: 951 427 75 02
</p>
</div>
</div>

<p>Somos el área responsable de desarrollar y promover acciones para institucionalizar y transversalizar la perspectiva de género al interior de la Secretaría de Administración, a través de acciones que visibilicen, sensibilicen, prevengan y erradiquen las desigualdades y violencias hacia las mujeres en todas las áreas de trabajo para contar con personal que incorpore esta perspectiva; [&hellip;]</p>
