{"id":165,"date":"2016-02-03T20:08:37","date_gmt":"2016-02-03T20:08:37","guid":{"rendered":"https:\/\/www.oaxaca.gob.mx\/administracion\/?page_id=165"},"modified":"2016-02-03T20:08:37","modified_gmt":"2016-02-03T20:08:37","slug":"coordinacion-de-servicios-y-mantenimiento","status":"publish","type":"page","link":"https:\/\/www.oaxaca.gob.mx\/administracion\/coordinacion-de-servicios-y-mantenimiento\/","title":{"rendered":"Coordinaci\u00f3n de Servicios y Mantenimiento"},"content":{"rendered":"<div class=\"row\">\n<div class=\"col-md-3 menu-lateral\">\n<div class=\"nav flex-column nav-pills\" id=\"v-pills-tab\" role=\"tablist\" style=\"border: none\">\n        <a class=\"nav-link\" data-toggle=\"pill\" role=\"tab\" href=\"#menu-1\" aria-labelledby=\"Coordinaci\u00f3n de Servicios y Mantenimiento\"> Funciones<\/a>\n      <\/div>\n<\/p><\/div>\n<div class=\"col-md-9\" style=\"border: none;border-left: 1px solid #ddd\">\n<div class=\"tab-content\" id=\"tab-content-menu\">\n<div id=\"menu-1\" class=\"tab-pane fade\" role=\"tabpanel\">\n<p style=\"text-align: center\"><span style=\"color: #8d3b88\"><strong>Coordinaci\u00f3n de Servicios y Mantenimiento<\/strong><\/span><\/p>\n<p style=\"text-align: justify\">La Coordinaci\u00f3n de Servicios y Mantenimiento tiene a su cargo el mantenimiento de los bienes muebles e inmuebles que conforman el patrimonio del Poder Ejecutivo del Estado.<\/p>\n<p style=\"text-align: justify\">Esta Coordinaci\u00f3n tambi\u00e9n lleva el control de la facturaci\u00f3n y asignaci\u00f3n de las l\u00edneas telef\u00f3nicas celulares y convencionales, el agua y la luz de los diferentes inmuebles que albergan las 79 dependencias del Gobierno del Estado. As\u00ed como, el control del consumo de combustible del parque vehicular oficial.<\/p>\n<\/p><\/div>\n<\/p><\/div>\n<\/p><\/div>\n<\/p><\/div>\n","protected":false},"excerpt":{"rendered":"<p>Funciones Coordinaci\u00f3n de Servicios y Mantenimiento La Coordinaci\u00f3n de Servicios y Mantenimiento tiene a su cargo el mantenimiento de los bienes muebles e inmuebles que conforman el patrimonio del Poder Ejecutivo del Estado. Esta Coordinaci\u00f3n tambi\u00e9n lleva el control de la facturaci\u00f3n y asignaci\u00f3n de las l\u00edneas telef\u00f3nicas celulares y convencionales, el agua y la [&hellip;]<\/p>\n","protected":false},"author":1,"featured_media":0,"parent":0,"menu_order":0,"comment_status":"closed","ping_status":"closed","template":"","meta":{"episode_type":"","audio_file":"","podmotor_file_id":"","podmotor_episode_id":"","cover_image":"","cover_image_id":"","duration":"","filesize":"","filesize_raw":"","date_recorded":"","explicit":"","block":"","itunes_episode_number":"","itunes_title":"","itunes_season_number":"","itunes_episode_type":"","footnotes":""},"categories":[],"tags":[],"class_list":["post-165","page","type-page","status-publish","hentry"],"acf":[],"publishpress_future_action":{"enabled":false,"date":"2026-05-12 10:53:10","action":"change-status","newStatus":"draft","terms":[],"taxonomy":"category","extraData":[]},"publishpress_future_workflow_manual_trigger":{"enabledWorkflows":[]},"_links":{"self":[{"href":"https:\/\/www.oaxaca.gob.mx\/administracion\/wp-json\/wp\/v2\/pages\/165","targetHints":{"allow":["GET"]}}],"collection":[{"href":"https:\/\/www.oaxaca.gob.mx\/administracion\/wp-json\/wp\/v2\/pages"}],"about":[{"href":"https:\/\/www.oaxaca.gob.mx\/administracion\/wp-json\/wp\/v2\/types\/page"}],"author":[{"embeddable":true,"href":"https:\/\/www.oaxaca.gob.mx\/administracion\/wp-json\/wp\/v2\/users\/1"}],"replies":[{"embeddable":true,"href":"https:\/\/www.oaxaca.gob.mx\/administracion\/wp-json\/wp\/v2\/comments?post=165"}],"version-history":[{"count":0,"href":"https:\/\/www.oaxaca.gob.mx\/administracion\/wp-json\/wp\/v2\/pages\/165\/revisions"}],"wp:attachment":[{"href":"https:\/\/www.oaxaca.gob.mx\/administracion\/wp-json\/wp\/v2\/media?parent=165"}],"wp:term":[{"taxonomy":"category","embeddable":true,"href":"https:\/\/www.oaxaca.gob.mx\/administracion\/wp-json\/wp\/v2\/categories?post=165"},{"taxonomy":"post_tag","embeddable":true,"href":"https:\/\/www.oaxaca.gob.mx\/administracion\/wp-json\/wp\/v2\/tags?post=165"}],"curies":[{"name":"wp","href":"https:\/\/api.w.org\/{rel}","templated":true}]}}