{"id":162,"date":"2016-02-03T20:07:47","date_gmt":"2016-02-03T20:07:47","guid":{"rendered":"https:\/\/www.oaxaca.gob.mx\/administracion\/?page_id=162"},"modified":"2016-02-03T20:07:47","modified_gmt":"2016-02-03T20:07:47","slug":"coordinacion-de-espacios-publicos","status":"publish","type":"page","link":"https:\/\/www.oaxaca.gob.mx\/administracion\/coordinacion-de-espacios-publicos\/","title":{"rendered":"Coordinaci\u00f3n de Espacios P\u00fablicos"},"content":{"rendered":"<div class=\"row\">\n<div class=\"col-md-3 menu-lateral\">\n<div class=\"nav flex-column nav-pills\" id=\"v-pills-tab\" role=\"tablist\" style=\"border: none\"><a class=\"nav-link\" data-toggle=\"pill\" role=\"tab\" href=\"#menu-1\" aria-labelledby=\"Coordinaci\u00f3n de Espacios P\u00fablicos\"> Funciones<\/a><a class=\"nav-link\" data-toggle=\"pill\" role=\"tab\" href=\"#menu-2\" aria-labelledby=\"Misi\u00f3n y Visi\u00f3n\"> Misi\u00f3n y Visi\u00f3n<\/a><a class=\"nav-link\" data-toggle=\"pill\" role=\"tab\" href=\"#menu-3\" aria-labelledby=\"Objetivo General\"> Objetivo General<\/a><a class=\"nav-link\" data-toggle=\"pill\" role=\"tab\" href=\"#menu-4\" aria-labelledby=\"Contacto\"> Contacto<\/a><a class=\"collapsed dropdown-toggle\" href=\"#submenu1\" data-toggle=\"collapse\" data-target=\"#submenu1\" style=\"padding: .5rem 1rem\" rel=\"noopener noreferrer\"> Parques y Espacios P\u00fablicos<\/a><\/p>\n<div class=\"collapse\" id=\"submenu1\">\n<ul class=\"flex-column pl-2 nav\">\n<li class=\"nav-item\"><a class=\"nav-link py-2\" data-toggle=\"pill\" role=\"tab\" href=\"#menu-5\" aria-labelledby=\"Cat\u00e1logo de parques\"> Cat\u00e1logo de parques<\/a><\/li>\n<li class=\"nav-item\"><a class=\"nav-link py-2\" data-toggle=\"\" role=\"\" href=\"\/administracion\/calendario-de-actividades\/\" aria-labelledby=\"Calendario de Actividades\"> Calendario de Actividades<\/a><\/li>\n<li class=\"nav-item\"><a class=\"nav-link py-2\" data-toggle=\"pill\" role=\"tab\" href=\"#menu-6\" aria-labelledby=\"Tr\u00e1mites y Servicios\"> Tr\u00e1mites y Servicios<\/a><\/li>\n<li class=\"nav-item\"><a class=\"nav-link py-2\" data-toggle=\"pill\" role=\"tab\" href=\"#menu-7\" aria-labelledby=\"Recreact\u00edvate\"> Recreact\u00edvate<\/a><\/li>\n<\/ul><\/div>\n<\/p><\/div>\n<\/p><\/div>\n<div class=\"col-md-9\" style=\"border: none;border-left: 1px solid #ddd\">\n<div class=\"tab-content\" id=\"tab-content-menu\">\n<div id=\"menu-1\" class=\"tab-pane fade\" role=\"tabpanel\">\n<p style=\"text-align: center\"><span style=\"color: #8d3b88\"><strong>Funciones<\/strong><\/span><\/p>\n<p style=\"text-align: justify\">La Coordinaci\u00f3n de Espacios P\u00fablicos Recreativos es el \u00e1rea responsable de administrar y conservar los parques, unidades deportivas y dem\u00e1s \u00e1reas de esparcimiento que se encuentran bajo la responsabilidad de la Secretar\u00eda de Administraci\u00f3n; as\u00ed mismo, planea y ejecuta proyectos deportivos, culturales, recreativos y de vinculaci\u00f3n, entre diferentes instituciones p\u00fablicas y privadas, para la creaci\u00f3n de buenos h\u00e1bitos, actitudes y valores positivos encaminados a fomentar la sana convivencia.<\/p>\n<p style=\"text-align: justify\">Supervisa el estado f\u00edsico de los espacios p\u00fablicos recreativos, para realizar el mantenimiento adecuado, as\u00ed como elaborar programas de mantenimiento y conservaci\u00f3n, a fin de tenerlos en \u00f3ptimas condiciones para el esparcimiento familiar y social.<\/p>\n<\/p><\/div>\n<div id=\"menu-2\" class=\"tab-pane fade\" role=\"tabpanel\">\n<p style=\"text-align: center\"><span style=\"color: #8d3b88\"><strong>Misi\u00f3n<\/strong><\/span><\/p>\n<p style=\"text-align: justify\">Administrar los espacios p\u00fablicos recreativos, con el prop\u00f3sito de conservar y habilitar parques de esparcimiento social, por medio de proyectos y programas de mantenimiento y mediante mecanismos de prevenci\u00f3n de bienes y servicios, protegiendo la diversidad biol\u00f3gica y el patrimonio; garantizando a los visitantes espacios \u00f3ptimos para la recreaci\u00f3n e interacci\u00f3n familiar, mejorando la calidad de vida de la poblaci\u00f3n.<\/p>\n<p style=\"text-align: center\"><span style=\"color: #8d3b88\"><strong>Visi\u00f3n<\/strong><\/span><\/p>\n<p style=\"text-align: justify\">Ser una instituci\u00f3n gubernamental que brinde espacios recreativos de calidad a los visitantes, con compromiso social, fortaleciendo el mejoramiento y desarrollo integral de las familias oaxaque\u00f1as.<\/p>\n<\/p><\/div>\n<div id=\"menu-3\" class=\"tab-pane fade\" role=\"tabpanel\">\n<p style=\"text-align: center\"><span style=\"color: #8d3b88\"><strong>Objetivo General<\/strong><\/span><\/p>\n<p style=\"text-align: justify\">Proponer y desarrollar programas y proyectos de mantenimiento de espacios p\u00fablicos recreativos, preservando el entorno natural de los mismos, generando y propiciando h\u00e1bitos de integraci\u00f3n familiar en aspectos deportivos, cient\u00edficos, culturales y sociales.<\/p>\n<\/p><\/div>\n<div id=\"menu-4\" class=\"tab-pane fade\" role=\"tabpanel\">\n<p style=\"text-align: center\"><span style=\"color: #8d3b88\"><strong>Contacto<\/strong><\/span><\/p>\n<p style=\"text-align: justify\">Ciudad Administrativa, Edificio 2 \u201cRufino Tamayo\u201d, Nivel 2, Carretera Internacional Oaxaca-Istmo Km. 11.5 Tlalixtac de Cabrera, Oaxaca, C.P.68270. Tel. (951)50-1-50-00 ext. 10128, 10910, 10533 \u00f3 10130.<\/p>\n<\/p><\/div>\n<div id=\"menu-5\" class=\"tab-pane fade\" role=\"tabpanel\">\n<p style=\"text-align: center\"><span style=\"color: #8d3b88\"><strong>Cat\u00e1logo de parques<\/strong><\/span><\/p>\n<p style=\"text-align: justify\">\n<p>Parece que no tienes un complemento de PDF para este navegador. No te preocupes puedes <a style=\"text-decoration: underline\" href=\"\/administracion\/wp-content\/uploads\/sites\/66\/2018\/08\/cadernilloparques-21x20-eventos-fin.pdf\" target=\"_blank\" rel=\"noopener noreferrer\"> hacer clic aqu\u00ed <\/a> para descargar el archivo PDF.<\/p>\n<\/p><\/div>\n<div id=\"menu-6\" class=\"tab-pane fade\" role=\"tabpanel\">\n<p style=\"text-align: center\"><span style=\"color: #8d3b88\"><strong>Tr\u00e1mites y Servicios<\/strong><\/span><\/p>\n<\/p><\/div>\n<div id=\"menu-7\" class=\"tab-pane fade\" role=\"tabpanel\">\n<p style=\"text-align: center\"><span style=\"color: #8d3b88\"><strong>Recreact\u00edvate<\/strong><\/span><\/p>\n<p>Parece que no tienes un complemento de PDF para este navegador. No te preocupes puedes <a style=\"text-decoration: underline\" href=\"\/administracion\/wp-content\/uploads\/sites\/66\/2018\/12\/recreactivate-compressed.pdf\" target=\"_blank\" rel=\"noopener noreferrer\"> hacer clic aqu\u00ed <\/a> para descargar el archivo PDF.<\/p>\n<\/p><\/div>\n<\/p><\/div>\n<\/p><\/div>\n<\/p><\/div>\n","protected":false},"excerpt":{"rendered":"<p>Funciones Misi\u00f3n y Visi\u00f3n Objetivo General Contacto Parques y Espacios P\u00fablicos Cat\u00e1logo de parques Calendario de Actividades Tr\u00e1mites y Servicios Recreact\u00edvate Funciones La Coordinaci\u00f3n de Espacios P\u00fablicos Recreativos es el \u00e1rea responsable de administrar y conservar los parques, unidades deportivas y dem\u00e1s \u00e1reas de esparcimiento que se encuentran bajo la responsabilidad de la Secretar\u00eda de [&hellip;]<\/p>\n","protected":false},"author":1,"featured_media":0,"parent":0,"menu_order":0,"comment_status":"closed","ping_status":"closed","template":"","meta":{"episode_type":"","audio_file":"","podmotor_file_id":"","podmotor_episode_id":"","cover_image":"","cover_image_id":"","duration":"","filesize":"","filesize_raw":"","date_recorded":"","explicit":"","block":"","itunes_episode_number":"","itunes_title":"","itunes_season_number":"","itunes_episode_type":"","footnotes":""},"categories":[],"tags":[],"class_list":["post-162","page","type-page","status-publish","hentry"],"acf":[],"publishpress_future_action":{"enabled":false,"date":"2026-04-23 23:24:38","action":"change-status","newStatus":"draft","terms":[],"taxonomy":"category","extraData":[]},"publishpress_future_workflow_manual_trigger":{"enabledWorkflows":[]},"_links":{"self":[{"href":"https:\/\/www.oaxaca.gob.mx\/administracion\/wp-json\/wp\/v2\/pages\/162","targetHints":{"allow":["GET"]}}],"collection":[{"href":"https:\/\/www.oaxaca.gob.mx\/administracion\/wp-json\/wp\/v2\/pages"}],"about":[{"href":"https:\/\/www.oaxaca.gob.mx\/administracion\/wp-json\/wp\/v2\/types\/page"}],"author":[{"embeddable":true,"href":"https:\/\/www.oaxaca.gob.mx\/administracion\/wp-json\/wp\/v2\/users\/1"}],"replies":[{"embeddable":true,"href":"https:\/\/www.oaxaca.gob.mx\/administracion\/wp-json\/wp\/v2\/comments?post=162"}],"version-history":[{"count":0,"href":"https:\/\/www.oaxaca.gob.mx\/administracion\/wp-json\/wp\/v2\/pages\/162\/revisions"}],"wp:attachment":[{"href":"https:\/\/www.oaxaca.gob.mx\/administracion\/wp-json\/wp\/v2\/media?parent=162"}],"wp:term":[{"taxonomy":"category","embeddable":true,"href":"https:\/\/www.oaxaca.gob.mx\/administracion\/wp-json\/wp\/v2\/categories?post=162"},{"taxonomy":"post_tag","embeddable":true,"href":"https:\/\/www.oaxaca.gob.mx\/administracion\/wp-json\/wp\/v2\/tags?post=162"}],"curies":[{"name":"wp","href":"https:\/\/api.w.org\/{rel}","templated":true}]}}